{"id":11176,"date":"2025-11-17T21:45:53","date_gmt":"2025-11-17T21:45:53","guid":{"rendered":"https:\/\/www.zolattitude.com\/index.php\/product\/ginseng-root-herbal-tea-traditional-therapeutic-plant-asian-millennium-energy-vitality-wellness-ginseng-herbal-tea-50g\/"},"modified":"2025-11-17T21:46:00","modified_gmt":"2025-11-17T21:46:00","slug":"ginseng-root-herbal-tea-traditional-therapeutic-plant-asian-millennium-energy-vitality-wellness-ginseng-herbal-tea-50g","status":"publish","type":"product","link":"https:\/\/www.zolattitude.com\/index.php\/product\/ginseng-root-herbal-tea-traditional-therapeutic-plant-asian-millennium-energy-vitality-wellness-ginseng-herbal-tea-50g\/","title":{"rendered":"Ginseng Root | Herbal Tea: Traditional Therapeutic Plant Asian Millennium | Energy Vitality Wellness | Ginseng Herbal Tea | 50g"},"content":{"rendered":"<p>Price: <span style=\"color:#b12704\">\u20ac18.98<\/span><br \/><i><small>(as of Nov 17, 2025 21:45:53 UTC &#8211; <span class=\"wp_automatic_amazon_disclaimer\" title=\"Product prices and availability are accurate as of the date\/time indicated and are subject to change. Any price and availability information displayed on [relevant Amazon Site(s), as applicable] at the time of purchase will apply to the purchase of this product.\">Details<\/span>)<\/small><\/i><br \/><a href=\"https:\/\/amazon.fr\/dp\/B0CJRYYQP2?tag=onamzmoukoubl-21\"><img decoding=\"async\" src=\"https:\/\/valvepress.s3.amazonaws.com\/imgs\/buy_now.png\"><\/a><br \/>\n<\/p>\n<p>                                             Product Description   <\/p>\n<p>                                                 <img decoding=\"async\" alt=\"Ginseng\" src=\"https:\/\/images-na.ssl-images-amazon.com\/images\/G\/01\/x-locale\/common\/grey-pixel.gif\" class=\"a-lazy-loaded\" data-src=\"https:\/\/m.media-amazon.com\/images\/S\/aplus-media-library-service-media\/f38a501a-e706-4f1e-836c-fddd15a2a2bf.__CR0,244,1536,475_PT0_SX970_V1___.png\"><img decoding=\"async\" alt=\"Ginseng\" src=\"https:\/\/m.media-amazon.com\/images\/S\/aplus-media-library-service-media\/f38a501a-e706-4f1e-836c-fddd15a2a2bf.__CR0,244,1536,475_PT0_SX970_V1___.png\">  <\/p>\n<p>                                                                            <img decoding=\"async\" alt=\"Bienfait du ginseng\" src=\"https:\/\/images-na.ssl-images-amazon.com\/images\/G\/01\/x-locale\/common\/grey-pixel.gif\" class=\"a-spacing-base a-lazy-loaded\" data-src=\"https:\/\/m.media-amazon.com\/images\/S\/aplus-media-library-service-media\/189413aa-aad6-4eaf-bc8b-fa6dbdeb6a43.__CR0,4,1034,640_PT0_SX970_V1___.png\"><img decoding=\"async\" alt=\"Bienfait du ginseng\" src=\"https:\/\/m.media-amazon.com\/images\/S\/aplus-media-library-service-media\/189413aa-aad6-4eaf-bc8b-fa6dbdeb6a43.__CR0,4,1034,640_PT0_SX970_V1___.png\">                                                                    <\/p>\n<p>                                                                            <img decoding=\"async\" alt=\"aplus content image\" src=\"https:\/\/images-na.ssl-images-amazon.com\/images\/G\/01\/x-locale\/common\/grey-pixel.gif\" class=\"a-spacing-base a-lazy-loaded\" data-src=\"https:\/\/m.media-amazon.com\/images\/S\/aplus-media-library-service-media\/f2871fda-73b4-4db2-945b-e5034bb1c41c.__CR0,72,1500,928_PT0_SX970_V1___.png\"><img decoding=\"async\" alt=\"aplus content image\" src=\"https:\/\/m.media-amazon.com\/images\/S\/aplus-media-library-service-media\/f2871fda-73b4-4db2-945b-e5034bb1c41c.__CR0,72,1500,928_PT0_SX970_V1___.png\">                                                                    <\/p>\n<p>                                                 <img decoding=\"async\" alt=\"Booster d&amp;#39;entra\u00eenement naturel\" src=\"https:\/\/images-na.ssl-images-amazon.com\/images\/G\/01\/x-locale\/common\/grey-pixel.gif\" class=\"a-lazy-loaded\" data-src=\"https:\/\/m.media-amazon.com\/images\/S\/aplus-media-library-service-media\/8c300760-1f3d-4464-a1fa-451de3e92fef.__CR0,109,1800,557_PT0_SX970_V1___.jpg\"><img decoding=\"async\" alt=\"Booster d&amp;#39;entra\u00eenement naturel\" src=\"https:\/\/m.media-amazon.com\/images\/S\/aplus-media-library-service-media\/8c300760-1f3d-4464-a1fa-451de3e92fef.__CR0,109,1800,557_PT0_SX970_V1___.jpg\">  <\/p>\n<h3> Booster naturel <\/h3>\n<p> Plus de 20 \u00e9tudes ont examin\u00e9 les effets du ginseng sur le stress physique et mental. Il a \u00e9t\u00e9 prouv\u00e9 que le ginseng augmente la d\u00e9fense de l&#8217;organisme contre le stress en r\u00e9gulant le syst\u00e8me hormonal et en augmentant les performances physiques et mentales. <\/p>\n<p>                                                 <img decoding=\"async\" alt=\"Effet : Comment agit le ginseng ?\" src=\"https:\/\/images-na.ssl-images-amazon.com\/images\/G\/01\/x-locale\/common\/grey-pixel.gif\" class=\"a-lazy-loaded\" data-src=\"https:\/\/m.media-amazon.com\/images\/S\/aplus-media-library-service-media\/8650b1e8-0858-4af5-929c-d1a3121bc631.__CR0,0,1280,1280_PT0_SX300_V1___.jpg\"><img decoding=\"async\" alt=\"Effet : Comment agit le ginseng ?\" src=\"https:\/\/m.media-amazon.com\/images\/S\/aplus-media-library-service-media\/8650b1e8-0858-4af5-929c-d1a3121bc631.__CR0,0,1280,1280_PT0_SX300_V1___.jpg\">  <\/p>\n<h3 class=\"a-spacing-mini\"> Effet : Comment agit le ginseng ? <\/h3>\n<\/p>\n<p>Stimuler le syst\u00e8me immunitaireCombattre la fatigue mentale et physiqueAm\u00e9liorer les performances physiquesStimuler la m\u00e9moireCombattre la d\u00e9pressionAntioxydant et anti-inflammatoireSoulagement des sympt\u00f4mes de la m\u00e9nopauseStimulation des fonctions cognitivesAm\u00e9liorer la fonction sexuelle     <\/p>\n<p>                                                                            <img decoding=\"async\" alt=\"1\" src=\"https:\/\/images-na.ssl-images-amazon.com\/images\/G\/01\/x-locale\/common\/grey-pixel.gif\" class=\"a-spacing-base a-lazy-loaded\" data-src=\"https:\/\/m.media-amazon.com\/images\/S\/aplus-media-library-service-media\/67c38dcf-8062-45b7-822c-1cb68df79781.__CR0,0,1143,707_PT0_SX970_V1___.png\"><img decoding=\"async\" alt=\"1\" src=\"https:\/\/m.media-amazon.com\/images\/S\/aplus-media-library-service-media\/67c38dcf-8062-45b7-822c-1cb68df79781.__CR0,0,1143,707_PT0_SX970_V1___.png\">                                                                    <\/p>\n<p>                                                 <img decoding=\"async\" alt=\"pr\u00e9paration ginseng\" src=\"https:\/\/images-na.ssl-images-amazon.com\/images\/G\/01\/x-locale\/common\/grey-pixel.gif\" class=\"a-lazy-loaded\" data-src=\"https:\/\/m.media-amazon.com\/images\/S\/aplus-media-library-service-media\/6880de38-88c5-4edd-afc7-35f8186ad558.__CR32,0,1351,1351_PT0_SX300_V1___.png\"><img decoding=\"async\" alt=\"pr\u00e9paration ginseng\" src=\"https:\/\/m.media-amazon.com\/images\/S\/aplus-media-library-service-media\/6880de38-88c5-4edd-afc7-35f8186ad558.__CR32,0,1351,1351_PT0_SX300_V1___.png\">  <\/p>\n<p>Versez 250 ml d&#8217;eau froide et ajoutez 2 cuill\u00e8res de racines hach\u00e9es. Laissez les morceaux de racines reposer pendant 2 heures. R\u00e9chauffer la tisane      <\/p>\n<p> Les r\u00e9sidus de ginseng peuvent \u00eatre utilis\u00e9s pour 2 \u00e0 3 tisanes <\/p>\n<p> Package Dimensions                                            \u200f                                            :                                            \u200e                                            19.6 x 9.8 x 5.3 cm; 50 g   <br \/> Manufacturer                                            \u200f                                            :                                            \u200e                                            Sogranum   <br \/> ASIN                                            \u200f                                            :                                            \u200e                                            B0CJRYYQP2   <br \/> Manufacturer reference                                            \u200f                                            :                                            \u200e                                            Ginseng   <br \/>  Customer reviews:                                                                                     4.3             4.3 out of 5 stars                                    74 ratings                                             var dpAcrHasRegisteredArcLinkClickAction;                    P.when(&#8216;A&#8217;, &#8216;ready&#8217;).execute(function(A) {                        if (dpAcrHasRegisteredArcLinkClickAction !== true) {                            dpAcrHasRegisteredArcLinkClickAction = true;                            A.declarative(                                &#8216;acrLink-click-metrics&#8217;, &#8216;click&#8217;,                                { &#8220;allowLinkDefault&#8221;: true },                                function (event) {                                    if (window.ue) {                                        ue.count(&#8220;acrLinkClickCount&#8221;, (ue.count(&#8220;acrLinkClickCount&#8221;) || 0) + 1);                                    }                                }                            );                        }                    });                                             P.when(&#8216;A&#8217;, &#8216;cf&#8217;).execute(function(A) {                A.declarative(&#8216;acrStarsLink-click-metrics&#8217;, &#8216;click&#8217;, { &#8220;allowLinkDefault&#8221; : true },  function(event){                    if(window.ue) {                        ue.count(&#8220;acrStarsLinkWithPopoverClickCount&#8221;, (ue.count(&#8220;acrStarsLinkWithPopoverClickCount&#8221;) || 0) + 1);                    }                });            });                          <br \/>More than 20 studies have already examined the effects of ginseng on physical and mental stress. Herbal extracts have been shown time and again to strengthen the body&#8217;s stress defense by regulating the nerve hormone system<br \/>More vitality and firmer skin: the benefits will be visible and noticeable from the first week<br \/>Improvement: hot flashes, weight gain, psychological well-being, fatigue<br \/>1 g of ginseng root corresponds to 2 ginseng gels or 1 tablespoon of ginseng powder<br \/>White ginseng contains about twice as much ginsenosides as red ginseng. For this reason, red ginseng is usually grown for two years before being processed.<\/p>\n\n","protected":false},"excerpt":{"rendered":"<p> Product Description Booster naturel Plus de 20 \u00e9tudes ont examin\u00e9 les effets du ginseng sur le stress physique et mental. Il a \u00e9t\u00e9 prouv\u00e9 que le ginseng augmente la d\u00e9fense de l&#8217;organisme contre le stress en r\u00e9gulant le syst\u00e8me hormonal et en augmentant les performances physiques et mentales. Effet : [&hellip;]<\/p>\n","protected":false},"featured_media":11177,"comment_status":"open","ping_status":"closed","template":"","meta":{"_gspb_post_css":"","om_disable_all_campaigns":false,"_monsterinsights_skip_tracking":false,"_monsterinsights_sitenote_active":false,"_monsterinsights_sitenote_note":"","_monsterinsights_sitenote_category":0},"store":[],"product_brand":[],"product_cat":[147],"product_tag":[2718,3308,289,355,561,3309,224,359,562,3307,3306,793,250],"class_list":{"0":"post-11176","1":"product","2":"type-product","3":"status-publish","4":"has-post-thumbnail","6":"product_cat-racines-adaptogenes","7":"product_tag-50g","8":"product_tag-asian","9":"product_tag-energy","10":"product_tag-ginseng","11":"product_tag-herbal","12":"product_tag-millennium","13":"product_tag-plant","14":"product_tag-root","15":"product_tag-tea","16":"product_tag-therapeutic","17":"product_tag-traditional","18":"product_tag-vitality","19":"product_tag-wellness","21":"first","22":"instock","23":"shipping-taxable","24":"product-type-external"},"aioseo_notices":[],"jetpack_sharing_enabled":true,"_links":{"self":[{"href":"https:\/\/www.zolattitude.com\/index.php\/wp-json\/wp\/v2\/product\/11176","targetHints":{"allow":["GET"]}}],"collection":[{"href":"https:\/\/www.zolattitude.com\/index.php\/wp-json\/wp\/v2\/product"}],"about":[{"href":"https:\/\/www.zolattitude.com\/index.php\/wp-json\/wp\/v2\/types\/product"}],"replies":[{"embeddable":true,"href":"https:\/\/www.zolattitude.com\/index.php\/wp-json\/wp\/v2\/comments?post=11176"}],"wp:featuredmedia":[{"embeddable":true,"href":"https:\/\/www.zolattitude.com\/index.php\/wp-json\/wp\/v2\/media\/11177"}],"wp:attachment":[{"href":"https:\/\/www.zolattitude.com\/index.php\/wp-json\/wp\/v2\/media?parent=11176"}],"wp:term":[{"taxonomy":"store","embeddable":true,"href":"https:\/\/www.zolattitude.com\/index.php\/wp-json\/wp\/v2\/store?post=11176"},{"taxonomy":"product_brand","embeddable":true,"href":"https:\/\/www.zolattitude.com\/index.php\/wp-json\/wp\/v2\/product_brand?post=11176"},{"taxonomy":"product_cat","embeddable":true,"href":"https:\/\/www.zolattitude.com\/index.php\/wp-json\/wp\/v2\/product_cat?post=11176"},{"taxonomy":"product_tag","embeddable":true,"href":"https:\/\/www.zolattitude.com\/index.php\/wp-json\/wp\/v2\/product_tag?post=11176"}],"curies":[{"name":"wp","href":"https:\/\/api.w.org\/{rel}","templated":true}]}}