{"id":15101,"date":"2025-12-21T21:03:23","date_gmt":"2025-12-21T21:03:23","guid":{"rendered":"https:\/\/www.zolattitude.com\/index.php\/product\/lashile-beauty-good-hair-vitamins-hair-growth-fortification-food-supplements-made-in-france-biotin-zinc-vitamin-b8-c-b6-1-month-cure-60-gummies\/"},"modified":"2025-12-21T21:03:31","modified_gmt":"2025-12-21T21:03:31","slug":"lashile-beauty-good-hair-vitamins-hair-growth-fortification-food-supplements-made-in-france-biotin-zinc-vitamin-b8-c-b6-1-month-cure-60-gummies","status":"publish","type":"product","link":"https:\/\/www.zolattitude.com\/index.php\/product\/lashile-beauty-good-hair-vitamins-hair-growth-fortification-food-supplements-made-in-france-biotin-zinc-vitamin-b8-c-b6-1-month-cure-60-gummies\/","title":{"rendered":"Lashil\u00e9 Beauty &#8211; Good Hair Vitamins &#8211; Hair Growth &#038; Fortification &#8211; Food Supplements &#8211; Made in France &#8211; Biotin Zinc, Vitamin B8, C, B6 &#8211; 1 Month Cure &#8211; 60 Gummies"},"content":{"rendered":"<p>Price: <span style=\"color:#b12704\">\u20ac8.30<\/span><br \/><i><small>(as of Dec 21, 2025 21:03:23 UTC &#8211; <span class=\"wp_automatic_amazon_disclaimer\" title=\"Product prices and availability are accurate as of the date\/time indicated and are subject to change. Any price and availability information displayed on [relevant Amazon Site(s), as applicable] at the time of purchase will apply to the purchase of this product.\">Details<\/span>)<\/small><\/i><br \/><a href=\"https:\/\/amazon.fr\/dp\/B0BV77JKFT?tag=onamzmoukoubl-21\"><img decoding=\"async\" src=\"https:\/\/valvepress.s3.amazonaws.com\/imgs\/buy_now.png\"><\/a><br \/>\n<\/p>\n<p>                                             From the brand   <\/p>\n<p>                                             <img decoding=\"async\" alt=\"\" src=\"https:\/\/images-na.ssl-images-amazon.com\/images\/G\/01\/x-locale\/common\/grey-pixel.gif\" class=\"a-lazy-loaded\" data-src=\"https:\/\/m.media-amazon.com\/images\/S\/aplus-media-library-service-media\/aabb7c5e-2e45-49a7-9792-f250152be186.__CR0,14,1464,625_PT0_SX1464_V1___.jpg\"><img decoding=\"async\" alt=\"\" src=\"https:\/\/m.media-amazon.com\/images\/S\/aplus-media-library-service-media\/aabb7c5e-2e45-49a7-9792-f250152be186.__CR0,14,1464,625_PT0_SX1464_V1___.jpg\">  <\/p>\n<h3> PIONNIER DES GUMMIES EN FRANCE <\/h3>\n<p> Lashil\u00e9 Beauty est un laboratoire fran\u00e7ais de Nutricosm\u00e9tique qui r\u00e9volutionne la prise quotidienne de compl\u00e9ments alimentaires. <\/p>\n<p>                                             <img decoding=\"async\" alt=\"\" src=\"https:\/\/images-na.ssl-images-amazon.com\/images\/G\/01\/x-locale\/common\/grey-pixel.gif\" class=\"a-lazy-loaded\" data-src=\"https:\/\/m.media-amazon.com\/images\/S\/aplus-media-library-service-brand-media\/71d5b07bf0ead84d6327c239846fbafd.w3000.h600.__CR848,0,1303,600_PT0_SX315_V1___.png\"><img decoding=\"async\" alt=\"\" src=\"https:\/\/m.media-amazon.com\/images\/S\/aplus-media-library-service-brand-media\/71d5b07bf0ead84d6327c239846fbafd.w3000.h600.__CR848,0,1303,600_PT0_SX315_V1___.png\">  <\/p>\n<p> Nos produits uniques, fabriqu\u00e9s en France, sont pr\u00e9sent\u00e9s sous la forme de Gummies , de petites gommes \u00e9toil\u00e9es au d\u00e9licieux go\u00fbt fruit\u00e9, qui se consomment agr\u00e9ablement et sans contrainte. <\/p>\n<p> Concentr\u00e9s en vitamines, min\u00e9raux, oligo-\u00e9l\u00e9ments et principes actifs, les gummies Lashil\u00e9 Beauty agissent avec efficacit\u00e9 pour sublimer votre beaut\u00e9 naturelle (cheveux, peau, corps\u2026) et prendre soin de votre bien-\u00eatre (sommeil, d\u00e9tox, libido\u2026) au quotidien. <\/p>\n<h3> Nouveaut\u00e9 <\/h3>\n<h3> GAMME CHEVEUX <\/h3>\n<p class=\"apm-brand-story-stores-link\">\n<h3> GAMME PEAU  <\/h3>\n<p class=\"apm-brand-story-stores-link\">\n<p>                                                         Pourquoi nos produits sont si uniques?                                       <\/p>\n<p> Pour nos gummies nous utilisons les meilleurs actifs pour une efficacit\u00e9 garantie. Nos cures fruit\u00e9es et gourmandes ne sont pas seulement agr\u00e9able \u00e0 prendre, elles sont juste incroyable. <\/p>\n<p>                                                         La qualit\u00e9 de nos formules passent avant tout !                                        <\/p>\n<p> Nous testons l\u2019efficacit\u00e9 de nos gummies avec des \u00e9tudes cliniques r\u00e9alis\u00e9es par des m\u00e9decins-dermatologue pour vous garantir la plus belle des satisfactions.  <\/p>\n<p>                                                         Une utilisation sans contrainte et 100% plaisir!                                        <\/p>\n<p> Seulement 2 petites \u00e9toiles par jour et par cure, \u00e0 d\u00e9guster \u00e0 n\u2019importe quelle heure de la journ\u00e9e. <\/p>\n<h3> GAMME MINCEUR  <\/h3>\n<p class=\"apm-brand-story-stores-link\">\n<h3> GAMME BIEN \u00caTRE  <\/h3>\n<p class=\"apm-brand-story-stores-link\">\n<p> Product Dimensions                                            \u200f                                            :                                            \u200e                                            8 x 4 x 8 cm; 190 g   <br \/> Manufacturer                                            \u200f                                            :                                            \u200e                                            Lashil\u00e9 beauty   <br \/> ASIN                                            \u200f                                            :                                            \u200e                                            B0BV77JKFT   <br \/> Manufacturer reference                                            \u200f                                            :                                            \u200e                                            1   <br \/>  Customer reviews:                                                                                            4.4               4.4 out of 5 stars                                  (4,061)                                              var dpAcrHasRegisteredArcLinkClickAction;                    P.when(&#8216;A&#8217;, &#8216;ready&#8217;).execute(function(A) {                        if (dpAcrHasRegisteredArcLinkClickAction !== true) {                            dpAcrHasRegisteredArcLinkClickAction = true;                            A.declarative(                                &#8216;acrLink-click-metrics&#8217;, &#8216;click&#8217;,                                { &#8220;allowLinkDefault&#8221;: true },                                function (event) {                                    if (window.ue) {                                        ue.count(&#8220;acrLinkClickCount&#8221;, (ue.count(&#8220;acrLinkClickCount&#8221;) || 0) + 1);                                    }                                }                            );                        }                    });                                             P.when(&#8216;A&#8217;, &#8216;cf&#8217;).execute(function(A) {                A.declarative(&#8216;acrStarsLink-click-metrics&#8217;, &#8216;click&#8217;, { &#8220;allowLinkDefault&#8221; : true },  function(event){                    if(window.ue) {                        ue.count(&#8220;acrStarsLinkWithPopoverClickCount&#8221;, (ue.count(&#8220;acrStarsLinkWithPopoverClickCount&#8221;) || 0) + 1);                    }                });            });                          <br \/>LASHIL\u00c9 BEAUTY FRENCH BEAUTY EXPERTISE: At Lashil\u00e9 Beauty we have transformed the experience of dietary supplements into a simple and delicious ritual. Thanks to our French expertise in nutricometics, we develop unique formulas that work deeply to support your well-being and sublimate your natural beauty, from the inside.<br \/>GUMMIES GROWS &#038; HAIR FORTIFICATION: Good Hair is a food supplement in the form of delicious gummies, specially designed to promote the growth, beauty and fortification of your hair. A formula suitable for all hair types, with a delicious tutti-frutti taste you&#8217;ll love!<br \/>OPTIMALE CONCENTRATION: A unique formula without sugars, clean: vegan, gluten-free, without artificial flavors or colours, and made in France with quality ingredients such as Biotin (Vitamin B8), Vitamins B6, B9 (Folic Acid), B12, C, D, A, E, as well as Zinc, Horsetail and Blueberry Leaf.<br \/>CLINICALLY PROVEN EFFICIENCY: A significant improvement in hair length observed by 97% of users, with 90% noting stronger hair and 100% seeing a better overall appearance. (Clinical Study: CEC-21-SN021)<br \/>Directions for use: Take 2 Good Hair gummies a day at any time of the day. For optimal and lasting results, a 3-6 month program is recommended.<\/p>\n\n","protected":false},"excerpt":{"rendered":"<p> From the brand PIONNIER DES GUMMIES EN FRANCE Lashil\u00e9 Beauty est un laboratoire fran\u00e7ais de Nutricosm\u00e9tique qui r\u00e9volutionne la prise quotidienne de compl\u00e9ments alimentaires. Nos produits uniques, fabriqu\u00e9s en France, sont pr\u00e9sent\u00e9s sous la forme de Gummies , de petites gommes \u00e9toil\u00e9es au d\u00e9licieux go\u00fbt fruit\u00e9, qui se consomment agr\u00e9ablement [&hellip;]<\/p>\n","protected":false},"featured_media":15102,"comment_status":"open","ping_status":"closed","template":"","meta":{"_gspb_post_css":"","om_disable_all_campaigns":false,"_monsterinsights_skip_tracking":false,"_monsterinsights_sitenote_active":false,"_monsterinsights_sitenote_note":"","_monsterinsights_sitenote_category":0},"store":[],"product_brand":[],"product_cat":[137],"product_tag":[174,170,196,199,3083,201,624,194,918,175,4240,191,275,178,274,172],"class_list":{"0":"post-15101","1":"product","2":"type-product","3":"status-publish","4":"has-post-thumbnail","6":"product_cat-collagene-biotine","7":"product_tag-beauty","8":"product_tag-biotin","9":"product_tag-cure","10":"product_tag-food","11":"product_tag-fortification","12":"product_tag-france","13":"product_tag-good","14":"product_tag-growth","15":"product_tag-gummies","16":"product_tag-hair","17":"product_tag-lashile","18":"product_tag-month","19":"product_tag-supplements","20":"product_tag-vitamin","21":"product_tag-vitamins","22":"product_tag-zinc","24":"first","25":"instock","26":"shipping-taxable","27":"product-type-external"},"aioseo_notices":[],"jetpack_sharing_enabled":true,"_links":{"self":[{"href":"https:\/\/www.zolattitude.com\/index.php\/wp-json\/wp\/v2\/product\/15101","targetHints":{"allow":["GET"]}}],"collection":[{"href":"https:\/\/www.zolattitude.com\/index.php\/wp-json\/wp\/v2\/product"}],"about":[{"href":"https:\/\/www.zolattitude.com\/index.php\/wp-json\/wp\/v2\/types\/product"}],"replies":[{"embeddable":true,"href":"https:\/\/www.zolattitude.com\/index.php\/wp-json\/wp\/v2\/comments?post=15101"}],"wp:featuredmedia":[{"embeddable":true,"href":"https:\/\/www.zolattitude.com\/index.php\/wp-json\/wp\/v2\/media\/15102"}],"wp:attachment":[{"href":"https:\/\/www.zolattitude.com\/index.php\/wp-json\/wp\/v2\/media?parent=15101"}],"wp:term":[{"taxonomy":"store","embeddable":true,"href":"https:\/\/www.zolattitude.com\/index.php\/wp-json\/wp\/v2\/store?post=15101"},{"taxonomy":"product_brand","embeddable":true,"href":"https:\/\/www.zolattitude.com\/index.php\/wp-json\/wp\/v2\/product_brand?post=15101"},{"taxonomy":"product_cat","embeddable":true,"href":"https:\/\/www.zolattitude.com\/index.php\/wp-json\/wp\/v2\/product_cat?post=15101"},{"taxonomy":"product_tag","embeddable":true,"href":"https:\/\/www.zolattitude.com\/index.php\/wp-json\/wp\/v2\/product_tag?post=15101"}],"curies":[{"name":"wp","href":"https:\/\/api.w.org\/{rel}","templated":true}]}}