{"id":16740,"date":"2026-01-04T22:05:26","date_gmt":"2026-01-04T22:05:26","guid":{"rendered":"https:\/\/www.zolattitude.com\/index.php\/product\/renpho-white-noise-machine-portable-white-noise-sleep-device-white-noise-machine-with-29-sounds-memory-function-adjustable-timer-relaxation-for-adult-baby\/"},"modified":"2026-01-04T22:05:36","modified_gmt":"2026-01-04T22:05:36","slug":"renpho-white-noise-machine-portable-white-noise-sleep-device-white-noise-machine-with-29-sounds-memory-function-adjustable-timer-relaxation-for-adult-baby","status":"publish","type":"product","link":"https:\/\/www.zolattitude.com\/index.php\/product\/renpho-white-noise-machine-portable-white-noise-sleep-device-white-noise-machine-with-29-sounds-memory-function-adjustable-timer-relaxation-for-adult-baby\/","title":{"rendered":"RENPHO White Noise Machine, Portable White Noise Sleep Device, White Noise Machine with 29 Sounds, Memory Function, Adjustable Timer, Relaxation for Adult, Baby"},"content":{"rendered":"<p>Price: <span style=\"color:#b12704\"><del>\u20ac45.21<\/del> - \u20ac43.02<\/span><br \/><i><small>(as of Jan 04, 2026 22:05:26 UTC &#8211; <span class=\"wp_automatic_amazon_disclaimer\" title=\"Product prices and availability are accurate as of the date\/time indicated and are subject to change. Any price and availability information displayed on [relevant Amazon Site(s), as applicable] at the time of purchase will apply to the purchase of this product.\">Details<\/span>)<\/small><\/i><br \/><a href=\"https:\/\/amazon.fr\/dp\/B085KZJ3J4?tag=onamzmoukoubl-21\"><img decoding=\"async\" src=\"https:\/\/valvepress.s3.amazonaws.com\/imgs\/buy_now.png\"><\/a><br \/>\n<\/p>\n<p>                                             From the brand   <\/p>\n<p>                                             <img decoding=\"async\" alt=\"Le texte se lit comme suit : \u00ab Le bien-\u00eatre connect\u00e9 commence par vous \u00bb. Fond brun fonc\u00e9 avec un \u00e9clairage minimal et des \u00e9l\u00e9ments de design subtils.\" src=\"https:\/\/images-na.ssl-images-amazon.com\/images\/G\/01\/x-locale\/common\/grey-pixel.gif\" class=\"a-lazy-loaded\" data-src=\"https:\/\/m.media-amazon.com\/images\/S\/aplus-media-library-service-media\/249a745d-a002-483b-b9fd-89b6f9849c30.__CR0,0,1464,625_PT0_SX1464_V1___.jpg\"><img decoding=\"async\" alt=\"Le texte se lit comme suit : \u00ab Le bien-\u00eatre connect\u00e9 commence par vous \u00bb. Fond brun fonc\u00e9 avec un \u00e9clairage minimal et des \u00e9l\u00e9ments de design subtils.\" src=\"https:\/\/m.media-amazon.com\/images\/S\/aplus-media-library-service-media\/249a745d-a002-483b-b9fd-89b6f9849c30.__CR0,0,1464,625_PT0_SX1464_V1___.jpg\">  <\/p>\n<h3> Produit TOP \u00e0 recommander ! <\/h3>\n<p class=\"apm-brand-story-stores-link\">\n<h3> D\u00e9bloquez une vie confortable <\/h3>\n<p class=\"apm-brand-story-stores-link\">\n<p> Batteries                                            \u200f                                            :                                            \u200e                                            1 Lithium Ion batteries required.   <br \/> Package Dimensions                                            \u200f                                            :                                            \u200e                                            13.8 x 12.4 x 7.7 cm; 490 g   <br \/> Manufacturer                                            \u200f                                            :                                            \u200e                                            RENPHO   <br \/> ASIN                                            \u200f                                            :                                            \u200e                                            B085KZJ3J4   <br \/> Item model number                                            \u200f                                            :                                            \u200e                                            RP-WNM009   <br \/> Country of origin                                            \u200f                                            :                                            \u200e                                            China   <br \/>  Customer reviews:                                                                                            4.3               4.3 out of 5 stars                                  (2,182)                                              var dpAcrHasRegisteredArcLinkClickAction;                    P.when(&#8216;A&#8217;, &#8216;ready&#8217;).execute(function(A) {                        if (dpAcrHasRegisteredArcLinkClickAction !== true) {                            dpAcrHasRegisteredArcLinkClickAction = true;                            A.declarative(                                &#8216;acrLink-click-metrics&#8217;, &#8216;click&#8217;,                                { &#8220;allowLinkDefault&#8221;: true },                                function (event) {                                    if (window.ue) {                                        ue.count(&#8220;acrLinkClickCount&#8221;, (ue.count(&#8220;acrLinkClickCount&#8221;) || 0) + 1);                                    }                                }                            );                        }                    });                                             P.when(&#8216;A&#8217;, &#8216;cf&#8217;).execute(function(A) {                A.declarative(&#8216;acrStarsLink-click-metrics&#8217;, &#8216;click&#8217;, { &#8220;allowLinkDefault&#8221; : true },  function(event){                    if(window.ue) {                        ue.count(&#8220;acrStarsLinkWithPopoverClickCount&#8221;, (ue.count(&#8220;acrStarsLinkWithPopoverClickCount&#8221;) || 0) + 1);                    }                });            });                          <br \/>Rechargeable battery: The white noise machine is rechargeable: 2.5 hours of charging for more than 9 hours of use. Ideal replacement for the old version, it is safe to use. Perfect for adults, family and kids at bedtime<br \/>8 Night Lights: Help your baby fall asleep with soft light and soothing sound. The night light provides safety when moving to the big room. Eight lighting modes and high fidelity sound soothe emotions and reduce crying<br \/>Timer and Memory: This white noise machine promotes sleep. Continuous timer or shutdown after 30, 60 or 90 minutes. It remembers light, sound and volume settings. Ideal for adults and babies<br \/>29 Sleep Sounds: This white noise machine features 7 white noises, 7 fan sounds and 15 relaxing natural sounds (birds, waves, rain, etc.). Enjoy high quality sound to fall asleep faster and wake up fresh in the morning<br \/>Hides noise and protects your privacy: The white noise machine effectively masks noise to improve your comfort. Use the audio input for natural sounds. Ideal for working, private speaking or relaxing in the office<\/p>\n\n","protected":false},"excerpt":{"rendered":"<p> From the brand Produit TOP \u00e0 recommander ! D\u00e9bloquez une vie confortable Batteries \u200f : \u200e 1 Lithium Ion batteries required. Package Dimensions \u200f : \u200e 13.8 x 12.4 x 7.7 cm; 490 g Manufacturer \u200f : \u200e RENPHO ASIN \u200f : \u200e B085KZJ3J4 Item model number \u200f : \u200e [&hellip;]<\/p>\n","protected":false},"featured_media":16741,"comment_status":"open","ping_status":"closed","template":"","meta":{"_gspb_post_css":"","om_disable_all_campaigns":false,"_monsterinsights_skip_tracking":false,"_monsterinsights_sitenote_active":false,"_monsterinsights_sitenote_note":"","_monsterinsights_sitenote_category":0},"store":[],"product_brand":[],"product_cat":[151],"product_tag":[4512,271,2846,4622,909,4621,424,4620,2316,288,4619,405,4623,4624,1432],"class_list":{"0":"post-16740","1":"product","2":"type-product","3":"status-publish","4":"has-post-thumbnail","6":"product_cat-sommeil-relaxation","7":"product_tag-adjustable","8":"product_tag-adult","9":"product_tag-baby","10":"product_tag-device","11":"product_tag-function","12":"product_tag-machine","13":"product_tag-memory","14":"product_tag-noise","15":"product_tag-portable","16":"product_tag-relaxation","17":"product_tag-renpho","18":"product_tag-sleep","19":"product_tag-sounds","20":"product_tag-timer","21":"product_tag-white","23":"first","24":"instock","25":"sale","26":"shipping-taxable","27":"product-type-external"},"aioseo_notices":[],"jetpack_sharing_enabled":true,"_links":{"self":[{"href":"https:\/\/www.zolattitude.com\/index.php\/wp-json\/wp\/v2\/product\/16740","targetHints":{"allow":["GET"]}}],"collection":[{"href":"https:\/\/www.zolattitude.com\/index.php\/wp-json\/wp\/v2\/product"}],"about":[{"href":"https:\/\/www.zolattitude.com\/index.php\/wp-json\/wp\/v2\/types\/product"}],"replies":[{"embeddable":true,"href":"https:\/\/www.zolattitude.com\/index.php\/wp-json\/wp\/v2\/comments?post=16740"}],"wp:featuredmedia":[{"embeddable":true,"href":"https:\/\/www.zolattitude.com\/index.php\/wp-json\/wp\/v2\/media\/16741"}],"wp:attachment":[{"href":"https:\/\/www.zolattitude.com\/index.php\/wp-json\/wp\/v2\/media?parent=16740"}],"wp:term":[{"taxonomy":"store","embeddable":true,"href":"https:\/\/www.zolattitude.com\/index.php\/wp-json\/wp\/v2\/store?post=16740"},{"taxonomy":"product_brand","embeddable":true,"href":"https:\/\/www.zolattitude.com\/index.php\/wp-json\/wp\/v2\/product_brand?post=16740"},{"taxonomy":"product_cat","embeddable":true,"href":"https:\/\/www.zolattitude.com\/index.php\/wp-json\/wp\/v2\/product_cat?post=16740"},{"taxonomy":"product_tag","embeddable":true,"href":"https:\/\/www.zolattitude.com\/index.php\/wp-json\/wp\/v2\/product_tag?post=16740"}],"curies":[{"name":"wp","href":"https:\/\/api.w.org\/{rel}","templated":true}]}}