{"id":16811,"date":"2026-01-05T20:00:48","date_gmt":"2026-01-05T20:00:48","guid":{"rendered":"https:\/\/www.zolattitude.com\/index.php\/product\/k-bello-natural-vegan-keratin-hair-densifying-powder-baldness-alopecia-hair-loss-white-roots-hair-fibres-for-men-and-women-refill-50g-dark-brown\/"},"modified":"2026-01-05T20:00:54","modified_gmt":"2026-01-05T20:00:54","slug":"k-bello-natural-vegan-keratin-hair-densifying-powder-baldness-alopecia-hair-loss-white-roots-hair-fibres-for-men-and-women-refill-50g-dark-brown","status":"publish","type":"product","link":"https:\/\/www.zolattitude.com\/index.php\/product\/k-bello-natural-vegan-keratin-hair-densifying-powder-baldness-alopecia-hair-loss-white-roots-hair-fibres-for-men-and-women-refill-50g-dark-brown\/","title":{"rendered":"K-Bello Natural &#038; Vegan Keratin Hair Densifying Powder &#8211; Baldness, Alopecia, Hair Loss &#038; White Roots &#8211; Hair Fibres for Men and Women (Refill 50g, Dark Brown)"},"content":{"rendered":"<p>Price: <span style=\"color:#b12704\">\u20ac13.99<\/span><br \/><i><small>(as of Jan 05, 2026 20:00:48 UTC &#8211; <span class=\"wp_automatic_amazon_disclaimer\" title=\"Product prices and availability are accurate as of the date\/time indicated and are subject to change. Any price and availability information displayed on [relevant Amazon Site(s), as applicable] at the time of purchase will apply to the purchase of this product.\">Details<\/span>)<\/small><\/i><br \/><a href=\"https:\/\/amazon.fr\/dp\/B08Y45PC4T?tag=onamzmoukoubl-21\"><img decoding=\"async\" src=\"https:\/\/valvepress.s3.amazonaws.com\/imgs\/buy_now.png\"><\/a><br \/>\n<\/p>\n<p>                                             Product Description   <\/p>\n<p>                                                 <img decoding=\"async\" alt=\"un homme et une femme s'embrassant\" src=\"https:\/\/images-na.ssl-images-amazon.com\/images\/G\/01\/x-locale\/common\/grey-pixel.gif\" class=\"a-lazy-loaded\" data-src=\"https:\/\/m.media-amazon.com\/images\/S\/aplus-media-library-service-media\/743aa382-2cca-457b-bea0-5230813e636e.__CR0,0,970,300_PT0_SX970_V1___.png\"><img decoding=\"async\" alt=\"un homme et une femme s'embrassant\" src=\"https:\/\/m.media-amazon.com\/images\/S\/aplus-media-library-service-media\/743aa382-2cca-457b-bea0-5230813e636e.__CR0,0,970,300_PT0_SX970_V1___.png\">  <\/p>\n<p>                                                 <img decoding=\"async\" alt=\"une image d'un nuage avec le texte \u00ab Les avantages d'un nuage \u00bb\" src=\"https:\/\/images-na.ssl-images-amazon.com\/images\/G\/01\/x-locale\/common\/grey-pixel.gif\" class=\"a-lazy-loaded\" data-src=\"https:\/\/m.media-amazon.com\/images\/S\/aplus-media-library-service-media\/385e15f3-151a-4033-abfe-d8564ead42ae.__CR0,0,970,300_PT0_SX970_V1___.png\"><img decoding=\"async\" alt=\"une image d'un nuage avec le texte \u00ab Les avantages d'un nuage \u00bb\" src=\"https:\/\/m.media-amazon.com\/images\/S\/aplus-media-library-service-media\/385e15f3-151a-4033-abfe-d8564ead42ae.__CR0,0,970,300_PT0_SX970_V1___.png\">  <\/p>\n<p>                                                 <img decoding=\"async\" alt=\"Un tas de caf\u00e9 noir finement moulu ou de poudre de cacao sur une surface blanche. Quelques particules \u00e9parses sont visibles autour du tertre principal.\" src=\"https:\/\/images-na.ssl-images-amazon.com\/images\/G\/01\/x-locale\/common\/grey-pixel.gif\" class=\"a-spacing-mini a-lazy-loaded\" data-src=\"https:\/\/m.media-amazon.com\/images\/S\/aplus-media-library-service-media\/34a80983-e3c4-4d82-b2f5-7ea0fd7f9126.__CR92,0,1289,1289_PT0_SX300_V1___.png\"><img decoding=\"async\" alt=\"Un tas de caf\u00e9 noir finement moulu ou de poudre de cacao sur une surface blanche. Quelques particules \u00e9parses sont visibles autour du tertre principal.\" src=\"https:\/\/m.media-amazon.com\/images\/S\/aplus-media-library-service-media\/34a80983-e3c4-4d82-b2f5-7ea0fd7f9126.__CR92,0,1289,1289_PT0_SX300_V1___.png\">  <\/p>\n<h3 class=\"a-spacing-mini\"> La poudre densifiante compos\u00e9e de 99,6% de k\u00e9ratine \u00e0 base de plantes <\/h3>\n<p> La poudre de cheveux K-Bello est l\u2019alliance d\u2019une exp\u00e9rience en mati\u00e8re de cosm\u00e9tique et d\u2019une recherche pour les soins capillaires. La k\u00e9ratine est le composant principal de nos cheveux. Cette prot\u00e9ine 100% naturelle respecte donc notre cuir chevelu. <\/p>\n<p> Gr\u00e2ce \u00e0 ses fibres de k\u00e9ratine Naturel &amp; V\u00e9gan, la poudre K-Bello se m\u00e9lange parfaitement \u00e0 vos cheveux afin de donner du volume et de la densit\u00e9 pour un r\u00e9sultat naturel tout au long de la journ\u00e9e. <\/p>\n<p class=\"apm-text-center\">\n                                                     <img decoding=\"async\" alt=\"un homme qui se peigne les cheveux avec un\" src=\"https:\/\/images-na.ssl-images-amazon.com\/images\/G\/01\/x-locale\/common\/grey-pixel.gif\" class=\"a-spacing-mini a-lazy-loaded\" data-src=\"https:\/\/m.media-amazon.com\/images\/S\/aplus-media-library-service-media\/334e4430-5f7c-4792-b386-f4c002a10ec6.__CR0,0,300,300_PT0_SX300_V1___.png\"><\/p>\n<p><img decoding=\"async\" alt=\"un homme qui se peigne les cheveux avec un\" src=\"https:\/\/m.media-amazon.com\/images\/S\/aplus-media-library-service-media\/334e4430-5f7c-4792-b386-f4c002a10ec6.__CR0,0,300,300_PT0_SX300_V1___.png\"><br \/>\n                                                    Des cheveux plus \u00e9pais en quelques secondes.                                       <\/p>\n<p> Il suffit de saupoudrer un peu de fibres de k\u00e9ratine sur des cheveux clairsem\u00e9s, propres et secs. Les fibres tiendront plusieurs jours jusqu\u2019au prochain shampoing. La poudre densifiante K-Bello est id\u00e9ale pour une utilisation \u00e0 la maison ou en d\u00e9placement. Pour un meilleur rendu, ne pas h\u00e9siter \u00e0 utiliser un produit fixant. <\/p>\n<p class=\"apm-text-center\">\n                                                     <img decoding=\"async\" alt=\"Des cheveux bruns longs et fluides en mouvement sur un fond clair, d\u00e9montrant l'effet du produit capillaire sur le mouvement et la brillance.\" src=\"https:\/\/images-na.ssl-images-amazon.com\/images\/G\/01\/x-locale\/common\/grey-pixel.gif\" class=\"a-spacing-mini a-lazy-loaded\" data-src=\"https:\/\/m.media-amazon.com\/images\/S\/aplus-media-library-service-media\/15f9bc48-4824-40f6-b0ab-8764a67c8580.__CR0,0,300,300_PT0_SX300_V1___.png\"><\/p>\n<p><img decoding=\"async\" alt=\"Des cheveux bruns longs et fluides en mouvement sur un fond clair, d\u00e9montrant l'effet du produit capillaire sur le mouvement et la brillance.\" src=\"https:\/\/m.media-amazon.com\/images\/S\/aplus-media-library-service-media\/15f9bc48-4824-40f6-b0ab-8764a67c8580.__CR0,0,300,300_PT0_SX300_V1___.png\"><br \/>\n                                                    Convient aux cuirs chevelus sensibles.                                       <\/p>\n<p> Certaines marques sont fabriqu\u00e9es en laine (poils de mouton) et nous savons tous combien la laine peut \u00eatre irritante, surtout en \u00e9t\u00e9. Nos fibres de k\u00e9ratine K-Bello sont V\u00e9gan et donc organique, ce qui convient parfaitement aux cuirs chevelus les plus sensibles. Des dermatologues et sp\u00e9cialistes du cuir chevelu nous recommandent d\u2019ailleurs \u00e0 leurs patients qui souffrent d&#8217;alop\u00e9cie. <\/p>\n<p class=\"apm-text-center\">\n                                                     <img decoding=\"async\" alt=\"la meilleure couleur de cheveux pour votre type de peau\" src=\"https:\/\/images-na.ssl-images-amazon.com\/images\/G\/01\/x-locale\/common\/grey-pixel.gif\" class=\"a-spacing-mini a-lazy-loaded\" data-src=\"https:\/\/m.media-amazon.com\/images\/S\/aplus-media-library-service-media\/6835b941-fb15-45d1-9293-e1096d0aafd1.__CR0,0,300,300_PT0_SX300_V1___.png\"><\/p>\n<p><img decoding=\"async\" alt=\"la meilleure couleur de cheveux pour votre type de peau\" src=\"https:\/\/m.media-amazon.com\/images\/S\/aplus-media-library-service-media\/6835b941-fb15-45d1-9293-e1096d0aafd1.__CR0,0,300,300_PT0_SX300_V1___.png\"><br \/>\n                                                    Pour tout type de cheveux.                                       <\/p>\n<p> Vous souffrez d\u2019une alop\u00e9cie ou d\u2019un manque de cheveux ? Les fibres de k\u00e9ratine K-Bello vous aident \u00e0 masquer les cheveux clairsem\u00e9s de mani\u00e8re efficace et convient \u00e0 tout type de cheveux, qu\u2019ils soient lisses, boucl\u00e9s, cr\u00e9pus etc&#8230; Quelle que soit votre situation, nous vous aiderons \u00e0 retrouver votre estime de soi. <\/p>\n<p>                                                 <img decoding=\"async\" alt=\"une photo d'un homme avec une barbe et une t\u00eate de chien.\" src=\"https:\/\/images-na.ssl-images-amazon.com\/images\/G\/01\/x-locale\/common\/grey-pixel.gif\" class=\"a-lazy-loaded\" data-src=\"https:\/\/m.media-amazon.com\/images\/S\/aplus-media-library-service-media\/1d4b065c-7629-4c2b-a9d9-d75982ef90ec.__CR0,0,4850,1500_PT0_SX970_V1___.png\"><img decoding=\"async\" alt=\"une photo d'un homme avec une barbe et une t\u00eate de chien.\" src=\"https:\/\/m.media-amazon.com\/images\/S\/aplus-media-library-service-media\/1d4b065c-7629-4c2b-a9d9-d75982ef90ec.__CR0,0,4850,1500_PT0_SX970_V1___.png\">  <\/p>\n<p> Product Dimensions                                            \u200f                                            :                                            \u200e                                            18 x 14 x 0.6 cm; 60 g   <br \/> Manufacturer                                            \u200f                                            :                                            \u200e                                            K-Bello   <br \/> ASIN                                            \u200f                                            :                                            \u200e                                            B08Y45PC4T   <br \/> Manufacturer reference                                            \u200f                                            :                                            \u200e                                            KBELLO3050FBM   <br \/> Country of origin                                            \u200f                                            :                                            \u200e                                            Denmark   <br \/>  Customer reviews:                                                                                            4.2               4.2 out of 5 stars                                  (749)                                              var dpAcrHasRegisteredArcLinkClickAction;                    P.when(&#8216;A&#8217;, &#8216;ready&#8217;).execute(function(A) {                        if (dpAcrHasRegisteredArcLinkClickAction !== true) {                            dpAcrHasRegisteredArcLinkClickAction = true;                            A.declarative(                                &#8216;acrLink-click-metrics&#8217;, &#8216;click&#8217;,                                { &#8220;allowLinkDefault&#8221;: true },                                function (event) {                                    if (window.ue) {                                        ue.count(&#8220;acrLinkClickCount&#8221;, (ue.count(&#8220;acrLinkClickCount&#8221;) || 0) + 1);                                    }                                }                            );                        }                    });                                             P.when(&#8216;A&#8217;, &#8216;cf&#8217;).execute(function(A) {                A.declarative(&#8216;acrStarsLink-click-metrics&#8217;, &#8216;click&#8217;, { &#8220;allowLinkDefault&#8221; : true },  function(event){                    if(window.ue) {                        ue.count(&#8220;acrStarsLinkWithPopoverClickCount&#8221;, (ue.count(&#8220;acrStarsLinkWithPopoverClickCount&#8221;) || 0) + 1);                    }                });            });                          <br \/>1-\u2726 HAIR DENSIFYING POWDER \u2726 Sprinkle and camouflage your thinning areas in 30 seconds! What if baldness or alopecia was just a bad memory? K-Bello densifying powder is the combination of experience in cosmetics and research for hair care. A stunning result for more assurance!<br \/>2-\u2726 NATURAL &#038; VEGAN HAIR FIBERS \u2726 The hair powder is composed of keratin, a 100% natural protein. The KBELLO densifying powder is therefore part of total respect for your scalp.<br \/>3-\u2726 IMMEDIATE EFFECTS \u2726 Thanks to the keratin microfibers charged with static electricity, KBELLO will instantly volumise your hair and give it density with a &#8220;provided&#8221; effect. Thinning areas, as a result of hair loss, are immediately filled.<br \/>4-\u2726 CHOICE OF COLORS \u2726 9 colors created to perfectly match all hair shades: Black, Dark Brown, Medium Brown, Light Brown, Auburn, Grey, Dark Blonde, Light Blonde, White. If there is any hesitation between two colors, choose the darker one.<br \/>5-\u2726 DIFFERENT FORMATS \u2726 K-Bello is available in a 30g bottle as well as an economical 50g refill format. Enjoy the best quality at a lower cost!<\/p>\n\n","protected":false},"excerpt":{"rendered":"<p> Product Description La poudre densifiante compos\u00e9e de 99,6% de k\u00e9ratine \u00e0 base de plantes La poudre de cheveux K-Bello est l\u2019alliance d\u2019une exp\u00e9rience en mati\u00e8re de cosm\u00e9tique et d\u2019une recherche pour les soins capillaires. La k\u00e9ratine est le composant principal de nos cheveux. Cette prot\u00e9ine 100% naturelle respecte donc notre [&hellip;]<\/p>\n","protected":false},"featured_media":16812,"comment_status":"open","ping_status":"closed","template":"","meta":{"_gspb_post_css":"","om_disable_all_campaigns":false,"_monsterinsights_skip_tracking":false,"_monsterinsights_sitenote_active":false,"_monsterinsights_sitenote_note":"","_monsterinsights_sitenote_category":0},"store":[],"product_brand":[],"product_cat":[139],"product_tag":[2718,4643,4642,4645,4644,4641,547,175,4640,171,498,1122,260,214,4492,1637,261,1432,1123],"class_list":{"0":"post-16811","1":"product","2":"type-product","3":"status-publish","4":"has-post-thumbnail","6":"product_cat-keratine-vitamine-e","7":"product_tag-50g","8":"product_tag-alopecia","9":"product_tag-baldness","10":"product_tag-brown","11":"product_tag-dark","12":"product_tag-densifying","13":"product_tag-fibres","14":"product_tag-hair","15":"product_tag-kbello","16":"product_tag-keratin","17":"product_tag-loss","18":"product_tag-men","19":"product_tag-natural","20":"product_tag-powder","21":"product_tag-refill","22":"product_tag-roots","23":"product_tag-vegan","24":"product_tag-white","25":"product_tag-women","27":"first","28":"instock","29":"shipping-taxable","30":"product-type-external"},"aioseo_notices":[],"jetpack_sharing_enabled":true,"_links":{"self":[{"href":"https:\/\/www.zolattitude.com\/index.php\/wp-json\/wp\/v2\/product\/16811","targetHints":{"allow":["GET"]}}],"collection":[{"href":"https:\/\/www.zolattitude.com\/index.php\/wp-json\/wp\/v2\/product"}],"about":[{"href":"https:\/\/www.zolattitude.com\/index.php\/wp-json\/wp\/v2\/types\/product"}],"replies":[{"embeddable":true,"href":"https:\/\/www.zolattitude.com\/index.php\/wp-json\/wp\/v2\/comments?post=16811"}],"wp:featuredmedia":[{"embeddable":true,"href":"https:\/\/www.zolattitude.com\/index.php\/wp-json\/wp\/v2\/media\/16812"}],"wp:attachment":[{"href":"https:\/\/www.zolattitude.com\/index.php\/wp-json\/wp\/v2\/media?parent=16811"}],"wp:term":[{"taxonomy":"store","embeddable":true,"href":"https:\/\/www.zolattitude.com\/index.php\/wp-json\/wp\/v2\/store?post=16811"},{"taxonomy":"product_brand","embeddable":true,"href":"https:\/\/www.zolattitude.com\/index.php\/wp-json\/wp\/v2\/product_brand?post=16811"},{"taxonomy":"product_cat","embeddable":true,"href":"https:\/\/www.zolattitude.com\/index.php\/wp-json\/wp\/v2\/product_cat?post=16811"},{"taxonomy":"product_tag","embeddable":true,"href":"https:\/\/www.zolattitude.com\/index.php\/wp-json\/wp\/v2\/product_tag?post=16811"}],"curies":[{"name":"wp","href":"https:\/\/api.w.org\/{rel}","templated":true}]}}

<p>Price: <span style="color:#b12704">€13.99</span><br /><i><small>(as of Jan 05, 2026 20:00:48 UTC &#8211; <span class="wp_automatic_amazon_disclaimer" title="Product prices and availability are accurate as of the date/time indicated and are subject to change. Any price and availability information displayed on [relevant Amazon Site(s), as applicable] at the time of purchase will apply to the purchase of this product.">Details</span>)</small></i><br /><a href="https://amazon.fr/dp/B08Y45PC4T?tag=onamzmoukoubl-21"><img decoding="async" src="https://valvepress.s3.amazonaws.com/imgs/buy_now.png"></a><br />
</p>
<p>                                             Product Description   </p>
<p>                                                 <img decoding="async" alt="un homme et une femme s'embrassant" src="https://images-na.ssl-images-amazon.com/images/G/01/x-locale/common/grey-pixel.gif" class="a-lazy-loaded" data-src="https://m.media-amazon.com/images/S/aplus-media-library-service-media/743aa382-2cca-457b-bea0-5230813e636e.__CR0,0,970,300_PT0_SX970_V1___.png"><img decoding="async" alt="un homme et une femme s'embrassant" src="https://m.media-amazon.com/images/S/aplus-media-library-service-media/743aa382-2cca-457b-bea0-5230813e636e.__CR0,0,970,300_PT0_SX970_V1___.png">  </p>
<p>                                                 <img decoding="async" alt="une image d'un nuage avec le texte « Les avantages d'un nuage »" src="https://images-na.ssl-images-amazon.com/images/G/01/x-locale/common/grey-pixel.gif" class="a-lazy-loaded" data-src="https://m.media-amazon.com/images/S/aplus-media-library-service-media/385e15f3-151a-4033-abfe-d8564ead42ae.__CR0,0,970,300_PT0_SX970_V1___.png"><img decoding="async" alt="une image d'un nuage avec le texte « Les avantages d'un nuage »" src="https://m.media-amazon.com/images/S/aplus-media-library-service-media/385e15f3-151a-4033-abfe-d8564ead42ae.__CR0,0,970,300_PT0_SX970_V1___.png">  </p>
<p>                                                 <img decoding="async" alt="Un tas de café noir finement moulu ou de poudre de cacao sur une surface blanche. Quelques particules éparses sont visibles autour du tertre principal." src="https://images-na.ssl-images-amazon.com/images/G/01/x-locale/common/grey-pixel.gif" class="a-spacing-mini a-lazy-loaded" data-src="https://m.media-amazon.com/images/S/aplus-media-library-service-media/34a80983-e3c4-4d82-b2f5-7ea0fd7f9126.__CR92,0,1289,1289_PT0_SX300_V1___.png"><img decoding="async" alt="Un tas de café noir finement moulu ou de poudre de cacao sur une surface blanche. Quelques particules éparses sont visibles autour du tertre principal." src="https://m.media-amazon.com/images/S/aplus-media-library-service-media/34a80983-e3c4-4d82-b2f5-7ea0fd7f9126.__CR92,0,1289,1289_PT0_SX300_V1___.png">  </p>
<h3 class="a-spacing-mini"> La poudre densifiante composée de 99,6% de kératine à base de plantes </h3>
<p> La poudre de cheveux K-Bello est l’alliance d’une expérience en matière de cosmétique et d’une recherche pour les soins capillaires. La kératine est le composant principal de nos cheveux. Cette protéine 100% naturelle respecte donc notre cuir chevelu. </p>
<p> Grâce à ses fibres de kératine Naturel &amp; Végan, la poudre K-Bello se mélange parfaitement à vos cheveux afin de donner du volume et de la densité pour un résultat naturel tout au long de la journée. </p>
<p class="apm-text-center">
                                                     <img decoding="async" alt="un homme qui se peigne les cheveux avec un" src="https://images-na.ssl-images-amazon.com/images/G/01/x-locale/common/grey-pixel.gif" class="a-spacing-mini a-lazy-loaded" data-src="https://m.media-amazon.com/images/S/aplus-media-library-service-media/334e4430-5f7c-4792-b386-f4c002a10ec6.__CR0,0,300,300_PT0_SX300_V1___.png"></p>
<p><img decoding="async" alt="un homme qui se peigne les cheveux avec un" src="https://m.media-amazon.com/images/S/aplus-media-library-service-media/334e4430-5f7c-4792-b386-f4c002a10ec6.__CR0,0,300,300_PT0_SX300_V1___.png"><br />
                                                    Des cheveux plus épais en quelques secondes.                                       </p>
<p> Il suffit de saupoudrer un peu de fibres de kératine sur des cheveux clairsemés, propres et secs. Les fibres tiendront plusieurs jours jusqu’au prochain shampoing. La poudre densifiante K-Bello est idéale pour une utilisation à la maison ou en déplacement. Pour un meilleur rendu, ne pas hésiter à utiliser un produit fixant. </p>
<p class="apm-text-center">
                                                     <img decoding="async" alt="Des cheveux bruns longs et fluides en mouvement sur un fond clair, démontrant l'effet du produit capillaire sur le mouvement et la brillance." src="https://images-na.ssl-images-amazon.com/images/G/01/x-locale/common/grey-pixel.gif" class="a-spacing-mini a-lazy-loaded" data-src="https://m.media-amazon.com/images/S/aplus-media-library-service-media/15f9bc48-4824-40f6-b0ab-8764a67c8580.__CR0,0,300,300_PT0_SX300_V1___.png"></p>
<p><img decoding="async" alt="Des cheveux bruns longs et fluides en mouvement sur un fond clair, démontrant l'effet du produit capillaire sur le mouvement et la brillance." src="https://m.media-amazon.com/images/S/aplus-media-library-service-media/15f9bc48-4824-40f6-b0ab-8764a67c8580.__CR0,0,300,300_PT0_SX300_V1___.png"><br />
                                                    Convient aux cuirs chevelus sensibles.                                       </p>
<p> Certaines marques sont fabriquées en laine (poils de mouton) et nous savons tous combien la laine peut être irritante, surtout en été. Nos fibres de kératine K-Bello sont Végan et donc organique, ce qui convient parfaitement aux cuirs chevelus les plus sensibles. Des dermatologues et spécialistes du cuir chevelu nous recommandent d’ailleurs à leurs patients qui souffrent d&#8217;alopécie. </p>
<p class="apm-text-center">
                                                     <img decoding="async" alt="la meilleure couleur de cheveux pour votre type de peau" src="https://images-na.ssl-images-amazon.com/images/G/01/x-locale/common/grey-pixel.gif" class="a-spacing-mini a-lazy-loaded" data-src="https://m.media-amazon.com/images/S/aplus-media-library-service-media/6835b941-fb15-45d1-9293-e1096d0aafd1.__CR0,0,300,300_PT0_SX300_V1___.png"></p>
<p><img decoding="async" alt="la meilleure couleur de cheveux pour votre type de peau" src="https://m.media-amazon.com/images/S/aplus-media-library-service-media/6835b941-fb15-45d1-9293-e1096d0aafd1.__CR0,0,300,300_PT0_SX300_V1___.png"><br />
                                                    Pour tout type de cheveux.                                       </p>
<p> Vous souffrez d’une alopécie ou d’un manque de cheveux ? Les fibres de kératine K-Bello vous aident à masquer les cheveux clairsemés de manière efficace et convient à tout type de cheveux, qu’ils soient lisses, bouclés, crépus etc&#8230; Quelle que soit votre situation, nous vous aiderons à retrouver votre estime de soi. </p>
<p>                                                 <img decoding="async" alt="une photo d'un homme avec une barbe et une tête de chien." src="https://images-na.ssl-images-amazon.com/images/G/01/x-locale/common/grey-pixel.gif" class="a-lazy-loaded" data-src="https://m.media-amazon.com/images/S/aplus-media-library-service-media/1d4b065c-7629-4c2b-a9d9-d75982ef90ec.__CR0,0,4850,1500_PT0_SX970_V1___.png"><img decoding="async" alt="une photo d'un homme avec une barbe et une tête de chien." src="https://m.media-amazon.com/images/S/aplus-media-library-service-media/1d4b065c-7629-4c2b-a9d9-d75982ef90ec.__CR0,0,4850,1500_PT0_SX970_V1___.png">  </p>
<p> Product Dimensions                                            ‏                                            :                                            ‎                                            18 x 14 x 0.6 cm; 60 g   <br /> Manufacturer                                            ‏                                            :                                            ‎                                            K-Bello   <br /> ASIN                                            ‏                                            :                                            ‎                                            B08Y45PC4T   <br /> Manufacturer reference                                            ‏                                            :                                            ‎                                            KBELLO3050FBM   <br /> Country of origin                                            ‏                                            :                                            ‎                                            Denmark   <br />  Customer reviews:                                                                                            4.2               4.2 out of 5 stars                                  (749)                                              var dpAcrHasRegisteredArcLinkClickAction;                    P.when(&#8216;A&#8217;, &#8216;ready&#8217;).execute(function(A) {                        if (dpAcrHasRegisteredArcLinkClickAction !== true) {                            dpAcrHasRegisteredArcLinkClickAction = true;                            A.declarative(                                &#8216;acrLink-click-metrics&#8217;, &#8216;click&#8217;,                                { &#8220;allowLinkDefault&#8221;: true },                                function (event) {                                    if (window.ue) {                                        ue.count(&#8220;acrLinkClickCount&#8221;, (ue.count(&#8220;acrLinkClickCount&#8221;) || 0) + 1);                                    }                                }                            );                        }                    });                                             P.when(&#8216;A&#8217;, &#8216;cf&#8217;).execute(function(A) {                A.declarative(&#8216;acrStarsLink-click-metrics&#8217;, &#8216;click&#8217;, { &#8220;allowLinkDefault&#8221; : true },  function(event){                    if(window.ue) {                        ue.count(&#8220;acrStarsLinkWithPopoverClickCount&#8221;, (ue.count(&#8220;acrStarsLinkWithPopoverClickCount&#8221;) || 0) + 1);                    }                });            });                          <br />1-✦ HAIR DENSIFYING POWDER ✦ Sprinkle and camouflage your thinning areas in 30 seconds! What if baldness or alopecia was just a bad memory? K-Bello densifying powder is the combination of experience in cosmetics and research for hair care. A stunning result for more assurance!<br />2-✦ NATURAL &#038; VEGAN HAIR FIBERS ✦ The hair powder is composed of keratin, a 100% natural protein. The KBELLO densifying powder is therefore part of total respect for your scalp.<br />3-✦ IMMEDIATE EFFECTS ✦ Thanks to the keratin microfibers charged with static electricity, KBELLO will instantly volumise your hair and give it density with a &#8220;provided&#8221; effect. Thinning areas, as a result of hair loss, are immediately filled.<br />4-✦ CHOICE OF COLORS ✦ 9 colors created to perfectly match all hair shades: Black, Dark Brown, Medium Brown, Light Brown, Auburn, Grey, Dark Blonde, Light Blonde, White. If there is any hesitation between two colors, choose the darker one.<br />5-✦ DIFFERENT FORMATS ✦ K-Bello is available in a 30g bottle as well as an economical 50g refill format. Enjoy the best quality at a lower cost!</p>

<p> Product Description La poudre densifiante composée de 99,6% de kératine à base de plantes La poudre de cheveux K-Bello est l’alliance d’une expérience en matière de cosmétique et d’une recherche pour les soins capillaires. La kératine est le composant principal de nos cheveux. Cette protéine 100% naturelle respecte donc notre [&hellip;]</p>
