{"id":20425,"date":"2026-02-06T23:32:19","date_gmt":"2026-02-06T23:32:19","guid":{"rendered":"https:\/\/www.zolattitude.com\/index.php\/product\/organic-lemon-balm-extract-for-calm-wellness-relaxation-and-sleep-natural-and-vegetable-food-supplement-anti-stress-extraction-and-made-in-france-60-capsules-of-organic-lemon-balm\/"},"modified":"2026-02-06T23:32:22","modified_gmt":"2026-02-06T23:32:22","slug":"organic-lemon-balm-extract-for-calm-wellness-relaxation-and-sleep-natural-and-vegetable-food-supplement-anti-stress-extraction-and-made-in-france-60-capsules-of-organic-lemon-balm","status":"publish","type":"product","link":"https:\/\/www.zolattitude.com\/index.php\/product\/organic-lemon-balm-extract-for-calm-wellness-relaxation-and-sleep-natural-and-vegetable-food-supplement-anti-stress-extraction-and-made-in-france-60-capsules-of-organic-lemon-balm\/","title":{"rendered":"Organic Lemon Balm Extract for Calm, Wellness, Relaxation and Sleep &#8211; Natural and Vegetable Food Supplement &#8211; Anti Stress &#8211; Extraction and Made in France &#8211; 60 Capsules of Organic Lemon Balm"},"content":{"rendered":"<p>Price: <span style=\"color:#b12704\"><del>\u20ac12.36<\/del> - \u20ac9.99<\/span><br \/><i><small>(as of Feb 06, 2026 23:32:20 UTC &#8211; <span class=\"wp_automatic_amazon_disclaimer\" title=\"Product prices and availability are accurate as of the date\/time indicated and are subject to change. Any price and availability information displayed on [relevant Amazon Site(s), as applicable] at the time of purchase will apply to the purchase of this product.\">Details<\/span>)<\/small><\/i><br \/><a href=\"https:\/\/amazon.fr\/dp\/B07VHLCMR1?tag=onamzmoukoubl-21\"><img decoding=\"async\" src=\"https:\/\/valvepress.s3.amazonaws.com\/imgs\/buy_now.png\"><\/a><br \/>\n<\/p>\n<p>                                             Product Description   <\/p>\n<p>                                                  <img decoding=\"async\" alt=\"m\u00e9lisse\" src=\"https:\/\/images-na.ssl-images-amazon.com\/images\/G\/01\/x-locale\/common\/grey-pixel.gif\" class=\"a-lazy-loaded\" data-src=\"https:\/\/m.media-amazon.com\/images\/S\/aplus-media-library-service-media\/53a27432-784c-468d-bd0e-246d1a8c8ee4.__CR0,1115,6240,1930_PT0_SX970_V1___.jpg\"><img decoding=\"async\" alt=\"m\u00e9lisse\" src=\"https:\/\/m.media-amazon.com\/images\/S\/aplus-media-library-service-media\/53a27432-784c-468d-bd0e-246d1a8c8ee4.__CR0,1115,6240,1930_PT0_SX970_V1___.jpg\">  <\/p>\n<h3> Extraits de M\u00e9lisse <\/h3>\n<p> BIO V\u00e9g\u00e9tal <\/p>\n<p>                                                  <img decoding=\"async\" alt=\"m\u00e9lisse\" src=\"https:\/\/images-na.ssl-images-amazon.com\/images\/G\/01\/x-locale\/common\/grey-pixel.gif\" class=\"a-lazy-loaded\" data-src=\"https:\/\/m.media-amazon.com\/images\/S\/aplus-media-library-service-media\/924045f8-8592-429d-94d5-ece2d7019921.__CR0,0,2365,2365_PT0_SX300_V1___.jpg\"><img decoding=\"async\" alt=\"m\u00e9lisse\" src=\"https:\/\/m.media-amazon.com\/images\/S\/aplus-media-library-service-media\/924045f8-8592-429d-94d5-ece2d7019921.__CR0,0,2365,2365_PT0_SX300_V1___.jpg\">  <\/p>\n<h3 class=\"a-spacing-mini\"> Retrouvez le sommeil et d\u00e9tendez-vous  avec ce complexe de m\u00e9lisse bio <\/h3>\n<p> Cette formule exclusive compos\u00e9e de m\u00e9lisse est issue des utilisations traditionnelles de la phytoth\u00e9rapie. Id\u00e9al pour lutter contre le stress et vous aider \u00e0 mieux dormir, ce compl\u00e9ment alimentaire est 100 % naturel et issu de l&#8217;agriculture biologique. <\/p>\n<\/p>\n<p>Naturel et adapt\u00e9 aux r\u00e9gimes v\u00e9gans et v\u00e9g\u00e9tariensPilulier de 60 g\u00e9lulesPosologie : 2 g\u00e9lules par jourFabriqu\u00e9 en France     <\/p>\n<p class=\"apm-text-center\">\n                                                      <img decoding=\"async\" alt=\"m\u00e9lisse\" src=\"https:\/\/images-na.ssl-images-amazon.com\/images\/G\/01\/x-locale\/common\/grey-pixel.gif\" class=\"a-lazy-loaded\" data-src=\"https:\/\/m.media-amazon.com\/images\/S\/aplus-media-library-service-media\/53a27432-784c-468d-bd0e-246d1a8c8ee4.__CR1040,0,4160,4160_PT0_SX220_V1___.jpg\"><\/p>\n<p><img decoding=\"async\" alt=\"m\u00e9lisse\" src=\"https:\/\/m.media-amazon.com\/images\/S\/aplus-media-library-service-media\/53a27432-784c-468d-bd0e-246d1a8c8ee4.__CR1040,0,4160,4160_PT0_SX220_V1___.jpg\"><br \/>\n                                                    M\u00e9lisse Bio                                     <\/p>\n<p class=\"a-size-small\"> Compos\u00e9 d&#8217;extrait aqueux de feuille de m\u00e9lisse bio et de poudre de feuille de m\u00e9lisse bio. <\/p>\n<p class=\"a-size-small\"> La m\u00e9lisse est une plante vivace des r\u00e9gions temp\u00e9r\u00e9es. Originaire du bassin m\u00e9diterran\u00e9en, son utilisation date de la Gr\u00e8ce antique. <\/p>\n<p class=\"apm-text-center\">\n                                                      <img decoding=\"async\" alt=\"sommeil\" src=\"https:\/\/images-na.ssl-images-amazon.com\/images\/G\/01\/x-locale\/common\/grey-pixel.gif\" class=\"a-lazy-loaded\" data-src=\"https:\/\/m.media-amazon.com\/images\/S\/aplus-media-library-service-media\/194ff2a2-3df9-40d4-809f-306fc8392a27.__CR910,0,3656,3656_PT0_SX220_V1___.jpg\"><\/p>\n<p><img decoding=\"async\" alt=\"sommeil\" src=\"https:\/\/m.media-amazon.com\/images\/S\/aplus-media-library-service-media\/194ff2a2-3df9-40d4-809f-306fc8392a27.__CR910,0,3656,3656_PT0_SX220_V1___.jpg\"><br \/>\n                                                    Pour le sommeil                                     <\/p>\n<p class=\"a-size-small\"> Utilis\u00e9e pour ses vertus calmantes, une cure de m\u00e9lisse vous aidera \u00e0 trouver le sommeil plus facilement gr\u00e2ce \u00e0 son effet relaxant. La m\u00e9lisse est r\u00e9put\u00e9e pour faciliter la d\u00e9tente de tout l&#8217;organisme : muscles et syst\u00e8me nerveux. <\/p>\n<p class=\"apm-text-center\">\n                                                      <img decoding=\"async\" alt=\"sommeil\" src=\"https:\/\/images-na.ssl-images-amazon.com\/images\/G\/01\/x-locale\/common\/grey-pixel.gif\" class=\"a-lazy-loaded\" data-src=\"https:\/\/m.media-amazon.com\/images\/S\/aplus-media-library-service-media\/804d8fde-116f-41ea-9345-b556dcecc3b0.__CR730,790,3951,3951_PT0_SX220_V1___.jpg\"><\/p>\n<p><img decoding=\"async\" alt=\"sommeil\" src=\"https:\/\/m.media-amazon.com\/images\/S\/aplus-media-library-service-media\/804d8fde-116f-41ea-9345-b556dcecc3b0.__CR730,790,3951,3951_PT0_SX220_V1___.jpg\"><br \/>\n                                                    la relaxation et le bien-\u00eatre                                     <\/p>\n<p class=\"a-size-small\"> La m\u00e9lisse est connue pour \u00eatre efficace contre l&#8217;angoisse et l&#8217;anxi\u00e9t\u00e9 gr\u00e2ce \u00e0 son effet protecteur sur l&#8217;organisme et son action de soulagement de la tension nerveuse, du c\u0153ur et du syst\u00e8me digestif. La d\u00e9tente que procure la m\u00e9lisse cr\u00e9e une sensation de bien-\u00eatre. <\/p>\n<p class=\"apm-text-center\">\n                                                      <img decoding=\"async\" alt=\"bio\" src=\"https:\/\/images-na.ssl-images-amazon.com\/images\/G\/01\/x-locale\/common\/grey-pixel.gif\" class=\"a-lazy-loaded\" data-src=\"https:\/\/m.media-amazon.com\/images\/S\/aplus-media-library-service-media\/cb955798-3983-40d1-80af-caa182723c71.__CR0,0,600,600_PT0_SX220_V1___.jpg\"><\/p>\n<p><img decoding=\"async\" alt=\"bio\" src=\"https:\/\/m.media-amazon.com\/images\/S\/aplus-media-library-service-media\/cb955798-3983-40d1-80af-caa182723c71.__CR0,0,600,600_PT0_SX220_V1___.jpg\"><br \/>\n                                                    Issu de l&#8217;agriculture biologique                                     <\/p>\n<p class=\"a-size-small\"> Tous les compl\u00e9ments alimentaires BIO du laboratoire PHYTO-SUD sont garantis sans pesticide, sans irradiation, sans OGM. Chaque extrait sec est titr\u00e9 et standardis\u00e9. <\/p>\n<p>                         Add To Basket  <\/p>\n<p>                         Add To Basket  <\/p>\n<p>                         Add To Basket  <\/p>\n<p>                         Add To Basket  <\/p>\n<p>                         Add To Basket  <\/p>\n<p>                         Add To Basket  <\/p>\n<p>                             Customer Reviews  <\/p>\n<p>                    4.2 out of 5 stars  196  <\/p>\n<p>                    4.2 out of 5 stars  42  <\/p>\n<p>                    3.5 out of 5 stars  29  <\/p>\n<p>                    3.7 out of 5 stars  18  <\/p>\n<p>                    3.9 out of 5 stars  49  <\/p>\n<p>                    3.6 out of 5 stars  15  <\/p>\n<p>                             Price  <\/p>\n<p>                                    \u20ac9.76\u20ac9.76                  \u20ac9.99\u20ac9.99                  \u20ac10.62\u20ac10.62                  \u20ac11.31\u20ac11.31                  \u20ac11.91\u20ac11.91                  \u20ac10.70\u20ac10.70        <\/p>\n<p>                             Conseill\u00e9 pour<br \/>\n                                Inconforts Digestifs                Stress et probl\u00e8mes de sommeil               Elimination               Peau               Stress et probl\u00e8mes de sommeil                Energie et Vitalit\u00e9        <\/p>\n<p>                             Quantit\u00e9<br \/>\n                                60 g\u00e9lules                60 g\u00e9lules               60 g\u00e9lules               60 g\u00e9lules               60 g\u00e9lules               60 g\u00e9lules        <\/p>\n<p>                             Bio  <\/p>\n<p>                                              \u2713<\/p>\n<p>                                              \u2713<\/p>\n<p>                                              \u2713<\/p>\n<p>                                              \u2713<\/p>\n<p>                                              \u2713<\/p>\n<p>                                              \u2713<\/p>\n<p>                             Posologie<br \/>\n                                2 g\u00e9lules par jour               2 g\u00e9lules par jour               2 g\u00e9lules par jour               2 g\u00e9lules par jour               2 g\u00e9lules par jour                2 g\u00e9lules par jour        <\/p>\n<p>                             Principes actifs<br \/>\n                                Poudre de fenouil bio et Poudre de menthe poivr\u00e9e bio                Extrait aqueux de feuille de m\u00e9lisse bio, Poudre de m\u00e9lisse bio                Extrait aqueux de feuille de bouleau bio, Poudre de feuille de cassis bio                Extrait de racine de bardane bio, Poudre de calendula bio                Extrait aqueux de passsiflore bio, Poudre de passiflore bio                Poudre de jus concentr\u00e9 d&#8217;ac\u00e9rola bio, Extrait aqueux de Guarana bio, amidon de riz bio        <\/p>\n<p>                             G\u00e9lules<br \/>\n                                G\u00e9lules v\u00e9g\u00e9tales               G\u00e9lules v\u00e9g\u00e9tales               G\u00e9lules v\u00e9g\u00e9tales               G\u00e9lules v\u00e9g\u00e9tales               G\u00e9lules v\u00e9g\u00e9tales               G\u00e9lules v\u00e9g\u00e9tales        <\/p>\n<p>                             Extraction et Production fran\u00e7aise   <\/p>\n<p>                                              \u2713<\/p>\n<p>                                              \u2713<\/p>\n<p>                                              \u2713<\/p>\n<p>                                              \u2713<\/p>\n<p>                                              \u2713<\/p>\n<p>                                              \u2713<\/p>\n<p>                             Vegan  <\/p>\n<p>                                              \u2713<\/p>\n<p>                                              \u2713<\/p>\n<p>                                              \u2713<\/p>\n<p>                                              \u2713<\/p>\n<p>                                              \u2713<\/p>\n<p>                                              \u2713<\/p>\n<p>                                                  <img decoding=\"async\" alt=\"logos\" src=\"https:\/\/images-na.ssl-images-amazon.com\/images\/G\/01\/x-locale\/common\/grey-pixel.gif\" class=\"a-lazy-loaded\" data-src=\"https:\/\/m.media-amazon.com\/images\/S\/aplus-media-library-service-media\/e39a4750-fdde-44ce-b78b-011a1ce0eb7e.__CR61,50,495,495_PT0_SX300_V1___.jpg\"><img decoding=\"async\" alt=\"logos\" src=\"https:\/\/m.media-amazon.com\/images\/S\/aplus-media-library-service-media\/e39a4750-fdde-44ce-b78b-011a1ce0eb7e.__CR61,50,495,495_PT0_SX300_V1___.jpg\">  <\/p>\n<h3 class=\"a-spacing-mini\"> Marque et Production Fran\u00e7aises <\/h3>\n<p> Le laboratoire Phyto-sud offre un savoir-faire de 20 ans d&#8217;existence et de plus de 40 ans d&#8217;exp\u00e9rience de ses dirigeants dans le d\u00e9veloppement et la fabrication de compl\u00e9ments alimentaires. <\/p>\n<p> La qualit\u00e9 de l\u2019extraction des mati\u00e8res premi\u00e8res, la formulation et la fabrication de nos produits est assur\u00e9e par les soci\u00e9t\u00e9s s\u0153urs de notre entreprise. Phyto-sud vous offre une large gamme de compl\u00e9ments alimentaires, \u00e9labor\u00e9s avec soin pour r\u00e9pondre \u00e0 vos besoins de forme, de beaut\u00e9 et de bien-\u00eatre. Chaque mati\u00e8re premi\u00e8re qui entre dans la formulation de nos produits est rigoureusement s\u00e9lectionn\u00e9e et contr\u00f4l\u00e9e. Chaque lot de mati\u00e8res premi\u00e8res est analys\u00e9 avant acceptation. <\/p>\n<p> Tous les produits sont garantis sans irradiation et sans OGM. <\/p>\n<p> La gamme Bio V\u00e9g\u00e9tal se compose initialement d\u2019extraits fluides biologiques ultra-concentr\u00e9s. Elle f\u00fbt par la suite \u00e9largie par une gamme de compl\u00e9ments alimentaires phyto sous forme de g\u00e9lules \u00e9labor\u00e9s \u00e0 partir d\u2019extraits secs de plantes bio. <\/p>\n<p> Product Dimensions                                            \u200f                                            :                                            \u200e                                            2.79 x 2.79 x 8.38 cm; 0.5 g   <br \/> Manufacturer                                            \u200f                                            :                                            \u200e                                            LABORATOIRE PHYTOSUD   <br \/> ASIN                                            \u200f                                            :                                            \u200e                                            B07VHLCMR1   <br \/> Item model number                                            \u200f                                            :                                            \u200e                                            0033   <br \/> Country of origin                                            \u200f                                            :                                            \u200e                                            France   <br \/>  Customer reviews:                                                                                            4.2               4.2 out of 5 stars                                  (42)                                              var dpAcrHasRegisteredArcLinkClickAction;                    P.when(&#8216;A&#8217;, &#8216;ready&#8217;).execute(function(A) {                        if (dpAcrHasRegisteredArcLinkClickAction !== true) {                            dpAcrHasRegisteredArcLinkClickAction = true;                            A.declarative(                                &#8216;acrLink-click-metrics&#8217;, &#8216;click&#8217;,                                { &#8220;allowLinkDefault&#8221;: true },                                function (event) {                                    if (window.ue) {                                        ue.count(&#8220;acrLinkClickCount&#8221;, (ue.count(&#8220;acrLinkClickCount&#8221;) || 0) + 1);                                    }                                }                            );                        }                    });                                             P.when(&#8216;A&#8217;, &#8216;cf&#8217;).execute(function(A) {                A.declarative(&#8216;acrStarsLink-click-metrics&#8217;, &#8216;click&#8217;, { &#8220;allowLinkDefault&#8221; : true },  function(event){                    if(window.ue) {                        ue.count(&#8220;acrStarsLinkWithPopoverClickCount&#8221;, (ue.count(&#8220;acrStarsLinkWithPopoverClickCount&#8221;) || 0) + 1);                    }                });            });                          <br \/>ORGANIC MELISSE: Phytosud offers a food supplement composed of organic lemon balm extract, made from organic lemon balm leaves. The addition of organic lemon balm powder makes it possible to offer a very pure nutritional supplement and to provide the totum of the plant. Avicenna, the great Arab doctor of the 11th century, said of lemon balm that she had the power to &#8220;rejoice and comfort the heart.&#8221;<br \/>Organic melissa gelules &#8211; natural vegan for optimal relaxation: the extract promotes calm, well-being, good mood and contributes to the fight against stress and the onset of sleep. It helps maintain a healthy sleep, promotes relaxation, and contributes to a calm and effective rest<br \/>Concentrated extract\/simple dosage: organic lemon balm extract hyper concentrated and titrated in rosmarinic acid. Ultra-concentrated formula => 2 capsules per day is sufficient. Nutritional information for 2 capsules per day recommended: organic lemon balm leaf extract: 500 mg. Smooth: 2000 0 mg Of which rosmarinic acid: 25.00 mg Organic lemon balm leaf powder: 200 mg<br \/>\ufe0f QUALITY AND LABEL: Vegetable capsules compatible with vegetarians and vegans \/ Made in France \/ certified organic product by Ecocert FR-BIO-01. Do not exceed the recommended daily dose. The supplement should not be a substitute for a varied\/healthy diet.<br \/>PHYTOSUD EXPERIENCE AND KNOW HOW TO HOW: Phytosud offers you 20 years of know-how and more than 40 years of experience of its leaders in the development and manufacture of food supplements. The production of our food supplements is ensured by our sister company which allows us a perfect traceability of our food supplements<\/p>\n\n","protected":false},"excerpt":{"rendered":"<p> Product Description Extraits de M\u00e9lisse BIO V\u00e9g\u00e9tal Retrouvez le sommeil et d\u00e9tendez-vous avec ce complexe de m\u00e9lisse bio Cette formule exclusive compos\u00e9e de m\u00e9lisse est issue des utilisations traditionnelles de la phytoth\u00e9rapie. Id\u00e9al pour lutter contre le stress et vous aider \u00e0 mieux dormir, ce compl\u00e9ment alimentaire est 100 % [&hellip;]<\/p>\n","protected":false},"featured_media":20426,"comment_status":"open","ping_status":"closed","template":"","meta":{"_gspb_post_css":"","om_disable_all_campaigns":false,"_monsterinsights_skip_tracking":false,"_monsterinsights_sitenote_active":false,"_monsterinsights_sitenote_note":"","_monsterinsights_sitenote_category":0},"store":[],"product_brand":[],"product_cat":[150],"product_tag":[423,408,923,198,422,3378,199,201,407,260,238,288,405,278,200,197,250],"class_list":{"0":"post-20425","1":"product","2":"type-product","3":"status-publish","4":"has-post-thumbnail","6":"product_cat-anti-stress-adaptogenes","7":"product_tag-anti","8":"product_tag-balm","9":"product_tag-calm","10":"product_tag-capsules","11":"product_tag-extract","12":"product_tag-extraction","13":"product_tag-food","14":"product_tag-france","15":"product_tag-lemon","16":"product_tag-natural","17":"product_tag-organic","18":"product_tag-relaxation","19":"product_tag-sleep","20":"product_tag-stress","21":"product_tag-supplement","22":"product_tag-vegetable","23":"product_tag-wellness","25":"first","26":"instock","27":"sale","28":"shipping-taxable","29":"product-type-external"},"aioseo_notices":[],"jetpack_sharing_enabled":true,"_links":{"self":[{"href":"https:\/\/www.zolattitude.com\/index.php\/wp-json\/wp\/v2\/product\/20425","targetHints":{"allow":["GET"]}}],"collection":[{"href":"https:\/\/www.zolattitude.com\/index.php\/wp-json\/wp\/v2\/product"}],"about":[{"href":"https:\/\/www.zolattitude.com\/index.php\/wp-json\/wp\/v2\/types\/product"}],"replies":[{"embeddable":true,"href":"https:\/\/www.zolattitude.com\/index.php\/wp-json\/wp\/v2\/comments?post=20425"}],"wp:featuredmedia":[{"embeddable":true,"href":"https:\/\/www.zolattitude.com\/index.php\/wp-json\/wp\/v2\/media\/20426"}],"wp:attachment":[{"href":"https:\/\/www.zolattitude.com\/index.php\/wp-json\/wp\/v2\/media?parent=20425"}],"wp:term":[{"taxonomy":"store","embeddable":true,"href":"https:\/\/www.zolattitude.com\/index.php\/wp-json\/wp\/v2\/store?post=20425"},{"taxonomy":"product_brand","embeddable":true,"href":"https:\/\/www.zolattitude.com\/index.php\/wp-json\/wp\/v2\/product_brand?post=20425"},{"taxonomy":"product_cat","embeddable":true,"href":"https:\/\/www.zolattitude.com\/index.php\/wp-json\/wp\/v2\/product_cat?post=20425"},{"taxonomy":"product_tag","embeddable":true,"href":"https:\/\/www.zolattitude.com\/index.php\/wp-json\/wp\/v2\/product_tag?post=20425"}],"curies":[{"name":"wp","href":"https:\/\/api.w.org\/{rel}","templated":true}]}}