{"id":20659,"date":"2026-02-08T23:34:29","date_gmt":"2026-02-08T23:34:29","guid":{"rendered":"https:\/\/www.zolattitude.com\/index.php\/product\/millepertuis-extrait-titre-hautement-concentre-en-hypericine-500mg-100-naturel-anti-deprime-bonne-humeur-anti-stress-sommeil-90-gelules-vegan-nutrimea-fabrique-en-france\/"},"modified":"2026-02-08T23:34:40","modified_gmt":"2026-02-08T23:34:40","slug":"millepertuis-extrait-titre-hautement-concentre-en-hypericine-500mg-100-naturel-anti-deprime-bonne-humeur-anti-stress-sommeil-90-gelules-vegan-nutrimea-fabrique-en-france","status":"publish","type":"product","link":"https:\/\/www.zolattitude.com\/index.php\/product\/millepertuis-extrait-titre-hautement-concentre-en-hypericine-500mg-100-naturel-anti-deprime-bonne-humeur-anti-stress-sommeil-90-gelules-vegan-nutrimea-fabrique-en-france\/","title":{"rendered":"MILLEPERTUIS &#8211; Extrait Titr\u00e9 Hautement Concentr\u00e9 en Hypericine &#8211; 500mg &#8211; 100% Naturel &#8211; Anti-D\u00e9prime, Bonne Humeur, Anti-Stress &#038; Sommeil &#8211; 90 G\u00e9lules Vegan &#8211; Nutrimea &#8211; Fabriqu\u00e9 en France"},"content":{"rendered":"<p>Price: <span style=\"color:#b12704\"><del>\u20ac17.90<\/del> - \u20ac14.61<\/span><br \/><i><small>(as of Feb 08, 2026 23:34:30 UTC &#8211; <span class=\"wp_automatic_amazon_disclaimer\" title=\"Product prices and availability are accurate as of the date\/time indicated and are subject to change. Any price and availability information displayed on [relevant Amazon Site(s), as applicable] at the time of purchase will apply to the purchase of this product.\">Details<\/span>)<\/small><\/i><br \/><a href=\"https:\/\/amazon.fr\/dp\/B0CJ3GKCQS?tag=onamzmoukoubl-21\"><img decoding=\"async\" src=\"https:\/\/valvepress.s3.amazonaws.com\/imgs\/buy_now.png\"><\/a><br \/>\n<\/p>\n<p>                                             Product Description   <\/p>\n<p>                                                  <img decoding=\"async\" alt=\"Nutrimea logo\" src=\"https:\/\/images-na.ssl-images-amazon.com\/images\/G\/01\/x-locale\/common\/grey-pixel.gif\" class=\"a-lazy-loaded\" data-src=\"https:\/\/m.media-amazon.com\/images\/S\/aplus-media-library-service-media\/a5400fe4-b4b8-46c9-aa72-ee6efdecd433.__CR0,0,970,300_PT0_SX970_V1___.jpg\"><img decoding=\"async\" alt=\"Nutrimea logo\" src=\"https:\/\/m.media-amazon.com\/images\/S\/aplus-media-library-service-media\/a5400fe4-b4b8-46c9-aa72-ee6efdecd433.__CR0,0,970,300_PT0_SX970_V1___.jpg\">  <\/p>\n<p>                                                                             <img decoding=\"async\" alt=\"Flacon de compl\u00e9ment alimentaire Nutrimea Millepertuis vert fonc\u00e9 aux accents dor\u00e9s, plac\u00e9 sur une surface claire\" src=\"https:\/\/images-na.ssl-images-amazon.com\/images\/G\/01\/x-locale\/common\/grey-pixel.gif\" class=\"a-spacing-base a-lazy-loaded\" data-src=\"https:\/\/m.media-amazon.com\/images\/S\/aplus-media-library-service-media\/6de8ecf9-9602-4d36-8951-4790898ce65d.__CR0,0,970,600_PT0_SX970_V1___.jpg\"><img decoding=\"async\" alt=\"Flacon de compl\u00e9ment alimentaire Nutrimea Millepertuis vert fonc\u00e9 aux accents dor\u00e9s, plac\u00e9 sur une surface claire\" src=\"https:\/\/m.media-amazon.com\/images\/S\/aplus-media-library-service-media\/6de8ecf9-9602-4d36-8951-4790898ce65d.__CR0,0,970,600_PT0_SX970_V1___.jpg\">                                                                    <\/p>\n<p>                                                  <img decoding=\"async\" alt=\"Surface en bois avec capsules et feuilles vertes. Le texte fran\u00e7ais d\u00e9crit une formule unique \u00e0 base d&amp;#39;extrait de millepertuis pour l&amp;#39;\u00e9quilibre \u00e9motionnel\" src=\"https:\/\/images-na.ssl-images-amazon.com\/images\/G\/01\/x-locale\/common\/grey-pixel.gif\" class=\"a-lazy-loaded\" data-src=\"https:\/\/m.media-amazon.com\/images\/S\/aplus-media-library-service-media\/513d8443-96ec-4d48-8b81-cb3ee7fae1ea.__CR0,0,970,300_PT0_SX970_V1___.jpg\"><img decoding=\"async\" alt=\"Surface en bois avec capsules et feuilles vertes. Le texte fran\u00e7ais d\u00e9crit une formule unique \u00e0 base d&amp;#39;extrait de millepertuis pour l&amp;#39;\u00e9quilibre \u00e9motionnel\" src=\"https:\/\/m.media-amazon.com\/images\/S\/aplus-media-library-service-media\/513d8443-96ec-4d48-8b81-cb3ee7fae1ea.__CR0,0,970,300_PT0_SX970_V1___.jpg\">  <\/p>\n<p>                                                                             <img decoding=\"async\" alt=\"un flacon de m\u00e9dicament naturel\" src=\"https:\/\/images-na.ssl-images-amazon.com\/images\/G\/01\/x-locale\/common\/grey-pixel.gif\" class=\"a-spacing-base a-lazy-loaded\" data-src=\"https:\/\/m.media-amazon.com\/images\/S\/aplus-media-library-service-media\/b4159217-0835-4691-9cab-008c5037e6c9.__CR0,0,970,600_PT0_SX970_V1___.jpg\"><img decoding=\"async\" alt=\"un flacon de m\u00e9dicament naturel\" src=\"https:\/\/m.media-amazon.com\/images\/S\/aplus-media-library-service-media\/b4159217-0835-4691-9cab-008c5037e6c9.__CR0,0,970,600_PT0_SX970_V1___.jpg\">                                                                    <\/p>\n<p> Package Dimensions                                            \u200f                                            :                                            \u200e                                            10.2 x 5 x 5 cm; 60 g   <br \/> Manufacturer                                            \u200f                                            :                                            \u200e                                            Plastimea   <br \/> ASIN                                            \u200f                                            :                                            \u200e                                            B0CJ3GKCQS   <br \/> Country of origin                                            \u200f                                            :                                            \u200e                                            France   <br \/>  Customer reviews:                                                                                            4.4               4.4 out of 5 stars                                  (566)                                              var dpAcrHasRegisteredArcLinkClickAction;                    P.when(&#8216;A&#8217;, &#8216;ready&#8217;).execute(function(A) {                        if (dpAcrHasRegisteredArcLinkClickAction !== true) {                            dpAcrHasRegisteredArcLinkClickAction = true;                            A.declarative(                                &#8216;acrLink-click-metrics&#8217;, &#8216;click&#8217;,                                { &#8220;allowLinkDefault&#8221;: true },                                function (event) {                                    if (window.ue) {                                        ue.count(&#8220;acrLinkClickCount&#8221;, (ue.count(&#8220;acrLinkClickCount&#8221;) || 0) + 1);                                    }                                }                            );                        }                    });                                             P.when(&#8216;A&#8217;, &#8216;cf&#8217;).execute(function(A) {                A.declarative(&#8216;acrStarsLink-click-metrics&#8217;, &#8216;click&#8217;, { &#8220;allowLinkDefault&#8221; : true },  function(event){                    if(window.ue) {                        ue.count(&#8220;acrStarsLinkWithPopoverClickCount&#8221;, (ue.count(&#8220;acrStarsLinkWithPopoverClickCount&#8221;) || 0) + 1);                    }                });            });                          <br \/>\u25cf\u25cf LE MILLEPERTUIS, LA PLANTE DE L&#8217;HUMEUR \u25cf\u25cf Le millepertuis est la plante par excellence utilis\u00e9e pour soulager la d\u00e9prime saisonni\u00e8re. Gr\u00e2ce \u00e0 sa teneur en hyp\u00e9ricine, elle est toujours utilis\u00e9e pour son action sur la d\u00e9tente et le sommeil. Son action va m\u00eame au-del\u00e0 : en am\u00e9liorant l\u2019\u00e9quilibre \u00e9motionnel et mental, elle agit en parall\u00e8le sur le bien-\u00eatre physique. Une plante tout-en-un pour maintenir un bon moral.<br \/>\u25cf\u25cf FORMULE 100% NATURELLE \u25cf\u25cf Nous avons choisi de concentrer la formule avec un actif dos\u00e9 : notre extrait de millepertuis est dix fois plus concentr\u00e9 que de la poudre. En seulement deux g\u00e9lules par jour, notre produit apporte 466 mg d&#8217;extrait, ce qui est sup\u00e9rieur \u00e0 la moyenne du march\u00e9.<br \/>\u25cf\u25cf ID\u00c9ALE EN CAS DE COUP DE BLUES \u25cf\u25cf Le millepertuis est la plante \u00e0 consommer si vous avez une humeur changeante ou le moral en berne. De nombreuses \u00e9tudes notamment cliniques ont montr\u00e9 l\u2019efficacit\u00e9 du millepertuis sur les sympt\u00f4mes de la d\u00e9prime, tout en ayant moins d\u2019effets secondaires que les m\u00e9dicaments. Cette plante pr\u00e9sente donc de nombreux de b\u00e9n\u00e9fices tout en \u00e9tant mieux tol\u00e9r\u00e9e.<br \/>\u25cf\u25cf UN ANTI-STRESS DE QUALIT\u00c9 \u25cf\u25cf V\u00e9ritable alli\u00e9 contre le surmenage et la surcharge de travail, le millepertuis est reconnu pour \u00eatre un anti-stress efficace d\u2019origine naturelle. Gr\u00e2ce \u00e0 ses bienfaits sur la d\u00e9tente et la relaxation, il permet aussi d\u2019am\u00e9liorer la qualit\u00e9 du sommeil.<br \/>\u25cf\u25cf EXPERTISE FRAN\u00c7AISE \u25cf\u25cf Tous les produits Nutrimea sont con\u00e7us en France par notre d\u00e9partement R&#038;D. Pour vous proposer les meilleurs compl\u00e9ments alimentaires, Nutrimea s&#8217;appuie aussi sur un comit\u00e9 de 5 experts reconnus dans les domaines de la m\u00e9decine, de la recherche, de la tra\u00e7abilit\u00e9. Nos produits sont fabriqu\u00e9s en France et certifi\u00e9s ISO 22000, HACCP et BPF.<\/p>\n\n","protected":false},"excerpt":{"rendered":"<p> Product Description Package Dimensions \u200f : \u200e 10.2 x 5 x 5 cm; 60 g Manufacturer \u200f : \u200e Plastimea ASIN \u200f : \u200e B0CJ3GKCQS Country of origin \u200f : \u200e France Customer reviews: 4.4 4.4 out of 5 stars (566) var dpAcrHasRegisteredArcLinkClickAction; P.when(&#8216;A&#8217;, &#8216;ready&#8217;).execute(function(A) { if (dpAcrHasRegisteredArcLinkClickAction !== true) [&hellip;]<\/p>\n","protected":false},"featured_media":20660,"comment_status":"open","ping_status":"closed","template":"","meta":{"_gspb_post_css":"","om_disable_all_campaigns":false,"_monsterinsights_skip_tracking":false,"_monsterinsights_sitenote_active":false,"_monsterinsights_sitenote_note":"","_monsterinsights_sitenote_category":0},"store":[],"product_brand":[],"product_cat":[150],"product_tag":[325,5427,379,5428,5425,2352,1079,201,2029,5424,5429,5426,5422,1084,510,4803,5423,261],"class_list":{"0":"post-20659","1":"product","2":"type-product","3":"status-publish","4":"has-post-thumbnail","6":"product_cat-anti-stress-adaptogenes","7":"product_tag-500mg","8":"product_tag-antideprime","9":"product_tag-antistress","10":"product_tag-bonne","11":"product_tag-concentre","12":"product_tag-extrait","13":"product_tag-fabrique","14":"product_tag-france","15":"product_tag-gelules","16":"product_tag-hautement","17":"product_tag-humeur","18":"product_tag-hypericine","19":"product_tag-millepertuis","20":"product_tag-naturel","21":"product_tag-nutrimea","22":"product_tag-sommeil","23":"product_tag-titre","24":"product_tag-vegan","26":"first","27":"instock","28":"sale","29":"shipping-taxable","30":"product-type-external"},"aioseo_notices":[],"jetpack_sharing_enabled":true,"_links":{"self":[{"href":"https:\/\/www.zolattitude.com\/index.php\/wp-json\/wp\/v2\/product\/20659","targetHints":{"allow":["GET"]}}],"collection":[{"href":"https:\/\/www.zolattitude.com\/index.php\/wp-json\/wp\/v2\/product"}],"about":[{"href":"https:\/\/www.zolattitude.com\/index.php\/wp-json\/wp\/v2\/types\/product"}],"replies":[{"embeddable":true,"href":"https:\/\/www.zolattitude.com\/index.php\/wp-json\/wp\/v2\/comments?post=20659"}],"wp:featuredmedia":[{"embeddable":true,"href":"https:\/\/www.zolattitude.com\/index.php\/wp-json\/wp\/v2\/media\/20660"}],"wp:attachment":[{"href":"https:\/\/www.zolattitude.com\/index.php\/wp-json\/wp\/v2\/media?parent=20659"}],"wp:term":[{"taxonomy":"store","embeddable":true,"href":"https:\/\/www.zolattitude.com\/index.php\/wp-json\/wp\/v2\/store?post=20659"},{"taxonomy":"product_brand","embeddable":true,"href":"https:\/\/www.zolattitude.com\/index.php\/wp-json\/wp\/v2\/product_brand?post=20659"},{"taxonomy":"product_cat","embeddable":true,"href":"https:\/\/www.zolattitude.com\/index.php\/wp-json\/wp\/v2\/product_cat?post=20659"},{"taxonomy":"product_tag","embeddable":true,"href":"https:\/\/www.zolattitude.com\/index.php\/wp-json\/wp\/v2\/product_tag?post=20659"}],"curies":[{"name":"wp","href":"https:\/\/api.w.org\/{rel}","templated":true}]}}