{"id":20792,"date":"2026-02-09T22:48:18","date_gmt":"2026-02-09T22:48:18","guid":{"rendered":"https:\/\/www.zolattitude.com\/index.php\/product\/melatonine-strong-liquid-1-9mg-90ml-for-36-nights-prevents-insomnia-fast-and-long-lasting-sleep-deep-sleep-jet-lag-easy-dosage-bodyathlon\/"},"modified":"2026-02-09T22:48:29","modified_gmt":"2026-02-09T22:48:29","slug":"melatonine-strong-liquid-1-9mg-90ml-for-36-nights-prevents-insomnia-fast-and-long-lasting-sleep-deep-sleep-jet-lag-easy-dosage-bodyathlon","status":"publish","type":"product","link":"https:\/\/www.zolattitude.com\/index.php\/product\/melatonine-strong-liquid-1-9mg-90ml-for-36-nights-prevents-insomnia-fast-and-long-lasting-sleep-deep-sleep-jet-lag-easy-dosage-bodyathlon\/","title":{"rendered":"Melatonine Strong Liquid 1.9mg- 90ml for 36 Nights &#8211; Prevents Insomnia &#8211; Fast and Long-Lasting Sleep &#8211; Deep Sleep &#8211; Jet Lag- Easy Dosage &#8211; Bodyathlon"},"content":{"rendered":"<p>Price: <span style=\"color:#b12704\">\u20ac12.90<\/span><br \/><i><small>(as of Feb 09, 2026 22:48:18 UTC &#8211; <span class=\"wp_automatic_amazon_disclaimer\" title=\"Product prices and availability are accurate as of the date\/time indicated and are subject to change. Any price and availability information displayed on [relevant Amazon Site(s), as applicable] at the time of purchase will apply to the purchase of this product.\">Details<\/span>)<\/small><\/i><br \/><a href=\"https:\/\/amazon.fr\/dp\/B08LNRLF33?tag=onamzmoukoubl-21\"><img decoding=\"async\" src=\"https:\/\/valvepress.s3.amazonaws.com\/imgs\/buy_now.png\"><\/a><br \/>\n<\/p>\n<p>                                             From the brand   <\/p>\n<p>                                              <img decoding=\"async\" alt=\"un fond blanc avec un motif noir et blanc.\" src=\"https:\/\/images-na.ssl-images-amazon.com\/images\/G\/01\/x-locale\/common\/grey-pixel.gif\" class=\"a-lazy-loaded\" data-src=\"https:\/\/m.media-amazon.com\/images\/S\/aplus-media-library-service-media\/5b0bd9e2-3c24-4777-9665-9dbea0cb833e.__CR0,0,1464,625_PT0_SX1464_V1___.jpg\"><img decoding=\"async\" alt=\"un fond blanc avec un motif noir et blanc.\" src=\"https:\/\/m.media-amazon.com\/images\/S\/aplus-media-library-service-media\/5b0bd9e2-3c24-4777-9665-9dbea0cb833e.__CR0,0,1464,625_PT0_SX1464_V1___.jpg\">  <\/p>\n<h3> SANT\u00c9 ET BIEN-\u00caTRE <\/h3>\n<p class=\"apm-brand-story-stores-link\">\n<h3> SPORT <\/h3>\n<p class=\"apm-brand-story-stores-link\">\n<p>                                              <img decoding=\"async\" alt=\"un sch\u00e9ma montrant les \u00e9tapes du produit\" src=\"https:\/\/images-na.ssl-images-amazon.com\/images\/G\/01\/x-locale\/common\/grey-pixel.gif\" class=\"a-lazy-loaded\" data-src=\"https:\/\/m.media-amazon.com\/images\/S\/aplus-media-library-service-media\/a7401c57-3e4e-45d1-8182-0ba4e8276106.__CR0,0,362,453_PT0_SX362_V1___.jpg\"><img decoding=\"async\" alt=\"un sch\u00e9ma montrant les \u00e9tapes du produit\" src=\"https:\/\/m.media-amazon.com\/images\/S\/aplus-media-library-service-media\/a7401c57-3e4e-45d1-8182-0ba4e8276106.__CR0,0,362,453_PT0_SX362_V1___.jpg\">  <\/p>\n<p>                                              <img decoding=\"async\" alt=\"une affiche pour la comp\u00e9tition de musculation\" src=\"https:\/\/images-na.ssl-images-amazon.com\/images\/G\/01\/x-locale\/common\/grey-pixel.gif\" class=\"a-lazy-loaded\" data-src=\"https:\/\/m.media-amazon.com\/images\/S\/aplus-media-library-service-media\/84b6de91-cfb4-4810-b5f6-0d689096bcb0.__CR0,0,362,453_PT0_SX362_V1___.jpg\"><img decoding=\"async\" alt=\"une affiche pour la comp\u00e9tition de musculation\" src=\"https:\/\/m.media-amazon.com\/images\/S\/aplus-media-library-service-media\/84b6de91-cfb4-4810-b5f6-0d689096bcb0.__CR0,0,362,453_PT0_SX362_V1___.jpg\">  <\/p>\n<h3> SANT\u00c9 ET BIEN-\u00caTRE <\/h3>\n<p class=\"apm-brand-story-stores-link\">\n<p> Product Dimensions                                            \u200f                                            :                                            \u200e                                            4.5 x 4.5 x 10 cm; 130 g   <br \/> Manufacturer                                            \u200f                                            :                                            \u200e                                            Sakai Laboratorios   <br \/> ASIN                                            \u200f                                            :                                            \u200e                                            B08LNRLF33   <br \/>  Customer reviews:                                                                                            3.9               3.9 out of 5 stars                                  (855)                                              var dpAcrHasRegisteredArcLinkClickAction;                    P.when(&#8216;A&#8217;, &#8216;ready&#8217;).execute(function(A) {                        if (dpAcrHasRegisteredArcLinkClickAction !== true) {                            dpAcrHasRegisteredArcLinkClickAction = true;                            A.declarative(                                &#8216;acrLink-click-metrics&#8217;, &#8216;click&#8217;,                                { &#8220;allowLinkDefault&#8221;: true },                                function (event) {                                    if (window.ue) {                                        ue.count(&#8220;acrLinkClickCount&#8221;, (ue.count(&#8220;acrLinkClickCount&#8221;) || 0) + 1);                                    }                                }                            );                        }                    });                                             P.when(&#8216;A&#8217;, &#8216;cf&#8217;).execute(function(A) {                A.declarative(&#8216;acrStarsLink-click-metrics&#8217;, &#8216;click&#8217;, { &#8220;allowLinkDefault&#8221; : true },  function(event){                    if(window.ue) {                        ue.count(&#8220;acrStarsLinkWithPopoverClickCount&#8221;, (ue.count(&#8220;acrStarsLinkWithPopoverClickCount&#8221;) || 0) + 1);                    }                });            });                          <br \/>FAST AND DEEP SLEEP. Bodyathlon Pure Melatonin Drops help you fall asleep quickly. In addition, melatonin promotes long and prolonged rest, avoiding poor-quality sleep phases that cause insomnia.<br \/>CUSTOMIZED DOSAGE. The liquid format of Bodyathlon melatonin promotes its absorption, which allows you to quickly find sleep by improving its quality. In addition, its easy dosage and pleasant lemon aroma make it an easy product to take.<br \/>SLEEP WELL, FEEL BETTER. Thanks to the regulation of sleep cycles, melatonin helps prevent fatigue and exhaustion. A good rest is essential to keep the body in good condition.<br \/>FOR COMPLETE WELLNESS. Melatonin is a powerful antioxidant that prevents premature aging of the body and mind. Sleeping well promotes a good mood, gives energy, protects the heart, prevents disorders such as stress or insomnia and promotes good metabolism and weight control.<br \/>QUALITY AS A GOAL. All our supplements have been made with ingredients carefully selected by our nutrition professionals. Our main goal is to offer you the best products to help you achieve your goals.<\/p>\n\n","protected":false},"excerpt":{"rendered":"<p> From the brand SANT\u00c9 ET BIEN-\u00caTRE SPORT SANT\u00c9 ET BIEN-\u00caTRE Product Dimensions \u200f : \u200e 4.5 x 4.5 x 10 cm; 130 g Manufacturer \u200f : \u200e Sakai Laboratorios ASIN \u200f : \u200e B08LNRLF33 Customer reviews: 3.9 3.9 out of 5 stars (855) var dpAcrHasRegisteredArcLinkClickAction; P.when(&#8216;A&#8217;, &#8216;ready&#8217;).execute(function(A) { if (dpAcrHasRegisteredArcLinkClickAction [&hellip;]<\/p>\n","protected":false},"featured_media":20793,"comment_status":"open","ping_status":"closed","template":"","meta":{"_gspb_post_css":"","om_disable_all_campaigns":false,"_monsterinsights_skip_tracking":false,"_monsterinsights_sitenote_active":false,"_monsterinsights_sitenote_note":"","_monsterinsights_sitenote_category":0},"store":[],"product_brand":[],"product_cat":[151],"product_tag":[914,5450,5453,2185,622,1357,915,2905,431,432,1000,5452,910,1494,5451,405,456],"class_list":{"0":"post-20792","1":"product","2":"type-product","3":"status-publish","4":"has-post-thumbnail","6":"product_cat-sommeil-relaxation","7":"product_tag-1-9mg","8":"product_tag-90ml","9":"product_tag-bodyathlon","10":"product_tag-deep","11":"product_tag-dosage","12":"product_tag-easy","13":"product_tag-fast","14":"product_tag-insomnia","15":"product_tag-jet","16":"product_tag-lag","17":"product_tag-liquid","18":"product_tag-longlasting","19":"product_tag-melatonine","20":"product_tag-nights","21":"product_tag-prevents","22":"product_tag-sleep","23":"product_tag-strong","25":"first","26":"instock","27":"shipping-taxable","28":"product-type-external"},"aioseo_notices":[],"jetpack_sharing_enabled":true,"_links":{"self":[{"href":"https:\/\/www.zolattitude.com\/index.php\/wp-json\/wp\/v2\/product\/20792","targetHints":{"allow":["GET"]}}],"collection":[{"href":"https:\/\/www.zolattitude.com\/index.php\/wp-json\/wp\/v2\/product"}],"about":[{"href":"https:\/\/www.zolattitude.com\/index.php\/wp-json\/wp\/v2\/types\/product"}],"replies":[{"embeddable":true,"href":"https:\/\/www.zolattitude.com\/index.php\/wp-json\/wp\/v2\/comments?post=20792"}],"wp:featuredmedia":[{"embeddable":true,"href":"https:\/\/www.zolattitude.com\/index.php\/wp-json\/wp\/v2\/media\/20793"}],"wp:attachment":[{"href":"https:\/\/www.zolattitude.com\/index.php\/wp-json\/wp\/v2\/media?parent=20792"}],"wp:term":[{"taxonomy":"store","embeddable":true,"href":"https:\/\/www.zolattitude.com\/index.php\/wp-json\/wp\/v2\/store?post=20792"},{"taxonomy":"product_brand","embeddable":true,"href":"https:\/\/www.zolattitude.com\/index.php\/wp-json\/wp\/v2\/product_brand?post=20792"},{"taxonomy":"product_cat","embeddable":true,"href":"https:\/\/www.zolattitude.com\/index.php\/wp-json\/wp\/v2\/product_cat?post=20792"},{"taxonomy":"product_tag","embeddable":true,"href":"https:\/\/www.zolattitude.com\/index.php\/wp-json\/wp\/v2\/product_tag?post=20792"}],"curies":[{"name":"wp","href":"https:\/\/api.w.org\/{rel}","templated":true}]}}