{"id":20870,"date":"2026-02-10T20:48:49","date_gmt":"2026-02-10T20:48:49","guid":{"rendered":"https:\/\/www.zolattitude.com\/index.php\/product\/valquer-professional-keratin-pure-for-total-repair-hair-damaged-hair-sulfate-free-silicone-free-salt-free-300ml\/"},"modified":"2026-02-10T20:48:58","modified_gmt":"2026-02-10T20:48:58","slug":"valquer-professional-keratin-pure-for-total-repair-hair-damaged-hair-sulfate-free-silicone-free-salt-free-300ml","status":"publish","type":"product","link":"https:\/\/www.zolattitude.com\/index.php\/product\/valquer-professional-keratin-pure-for-total-repair-hair-damaged-hair-sulfate-free-silicone-free-salt-free-300ml\/","title":{"rendered":"Valquer Professional Keratin Pure for Total Repair Hair Damaged Hair Sulfate Free Silicone Free Salt Free 300ml"},"content":{"rendered":"<p>Price: <span style=\"color:#b12704\">\u20ac12.15<\/span><br \/><i><small>(as of Feb 10, 2026 20:48:49 UTC &#8211; <span class=\"wp_automatic_amazon_disclaimer\" title=\"Product prices and availability are accurate as of the date\/time indicated and are subject to change. Any price and availability information displayed on [relevant Amazon Site(s), as applicable] at the time of purchase will apply to the purchase of this product.\">Details<\/span>)<\/small><\/i><br \/><a href=\"https:\/\/amazon.fr\/dp\/B07856X6JS?tag=onamzmoukoubl-21\"><img decoding=\"async\" src=\"https:\/\/valvepress.s3.amazonaws.com\/imgs\/buy_now.png\"><\/a><br \/>\n<\/p>\n<p>                                             From the brand   <\/p>\n<p>                                              <img decoding=\"async\" alt=\"\" src=\"https:\/\/images-na.ssl-images-amazon.com\/images\/G\/01\/x-locale\/common\/grey-pixel.gif\" class=\"a-lazy-loaded\" data-src=\"https:\/\/m.media-amazon.com\/images\/S\/aplus-media-library-service-media\/19cee3d9-e483-464e-a291-f5bd1be6a11a.__CR0,330,2000,854_PT0_SX1464_V1___.jpg\"><img decoding=\"async\" alt=\"\" src=\"https:\/\/m.media-amazon.com\/images\/S\/aplus-media-library-service-media\/19cee3d9-e483-464e-a291-f5bd1be6a11a.__CR0,330,2000,854_PT0_SX1464_V1___.jpg\">  <\/p>\n<p>                                              <img decoding=\"async\" alt=\"\" src=\"https:\/\/images-na.ssl-images-amazon.com\/images\/G\/01\/x-locale\/common\/grey-pixel.gif\" class=\"a-lazy-loaded\" data-src=\"https:\/\/m.media-amazon.com\/images\/S\/aplus-media-library-service-media\/7e7390e7-a44f-438b-ab06-78fad9f33606.__CR0,64,1049,483_PT0_SX315_V1___.jpg\"><img decoding=\"async\" alt=\"\" src=\"https:\/\/m.media-amazon.com\/images\/S\/aplus-media-library-service-media\/7e7390e7-a44f-438b-ab06-78fad9f33606.__CR0,64,1049,483_PT0_SX315_V1___.jpg\">  <\/p>\n<p> Valquer recherche, d\u00e9veloppe et fabrique des produits cosm\u00e9tiques depuis 1975. <\/p>\n<p> Nous sommes passionn\u00e9s par la production de cosm\u00e9tiques naturels et durables. <\/p>\n<p> Nous menons nos recherches avec enthousiasme: des cosm\u00e9tiques v\u00e9ganes innovants, tr\u00e8s efficaces; en veillant \u00e9galement \u00e0 ce qu\u2019ils soient aussi naturels et durables que possible: <\/p>\n<\/p>\n<p>Cosm\u00e9tiques solidesPriorit\u00e9 aux ingr\u00e9dients d\u2019origine naturelleSans sulfates     <\/p>\n<p>                                                         Pourquoi aimons-nous ce que nous faisons ?                                       <\/p>\n<p> Notre r\u00eave est de cr\u00e9er une entreprise s\u00fbre, o\u00f9 nous sommes tr\u00e8s heureux de d\u00e9velopper des produits cosm\u00e9tiques \u00e0 haute valeur ajout\u00e9e. <\/p>\n<p>                                                         Qu&#8217;est-ce qui rend nos produits uniques ?                                       <\/p>\n<p> Accr\u00e9ditation internationale maximale, \u00e0 la fois pour notre laboratoire, notre usine et nos produits cosm\u00e9tiques. <\/p>\n<p> Comment commencer ? <\/p>\n<p> Depuis 1975, Valquer cr\u00e9e des cosm\u00e9tiques de qualit\u00e9 li\u00e9s \u00e0 la beaut\u00e9 et \u00e0 la sant\u00e9 de la peau. <\/p>\n<p>                                                         Nous formulons du bonheur                                       <\/p>\n<p> Votre bien-\u00eatre, notre priorit\u00e9 absolue. <\/p>\n<p>                                              <img decoding=\"async\" alt=\"\" src=\"https:\/\/images-na.ssl-images-amazon.com\/images\/G\/01\/x-locale\/common\/grey-pixel.gif\" class=\"a-lazy-loaded\" data-src=\"https:\/\/m.media-amazon.com\/images\/S\/aplus-media-library-service-media\/ab94f5c5-6709-4b5c-9825-e65023d82fcd.__CR771,0,2307,2887_PT0_SX362_V1___.jpg\"><img decoding=\"async\" alt=\"\" src=\"https:\/\/m.media-amazon.com\/images\/S\/aplus-media-library-service-media\/ab94f5c5-6709-4b5c-9825-e65023d82fcd.__CR771,0,2307,2887_PT0_SX362_V1___.jpg\">  <\/p>\n<h3> D\u00e9couvrez notre VR. <\/h3>\n<p> Valquer VR Baume r\u00e9parateur sans rin\u00e7age 3 en 1. Apr\u00e8s-shampoing, s\u00e9rum et soin intensif r\u00e9unis en un seul geste. <\/p>\n<h3> Tout pour le soin capillaire ! <\/h3>\n<p class=\"apm-brand-story-stores-link\">\n<p>                                              <img decoding=\"async\" alt=\"\" src=\"https:\/\/images-na.ssl-images-amazon.com\/images\/G\/01\/x-locale\/common\/grey-pixel.gif\" class=\"a-lazy-loaded\" data-src=\"https:\/\/m.media-amazon.com\/images\/S\/aplus-media-library-service-media\/dec3ee03-a2e8-4c13-8ad0-b5c7775dc10e.__CR492,0,479,600_PT0_SX362_V1___.jpg\"><img decoding=\"async\" alt=\"\" src=\"https:\/\/m.media-amazon.com\/images\/S\/aplus-media-library-service-media\/dec3ee03-a2e8-4c13-8ad0-b5c7775dc10e.__CR492,0,479,600_PT0_SX362_V1___.jpg\">  <\/p>\n<h3> Valquer Bioplex <\/h3>\n<p> Visitez notre boutique Et d\u00e9couvrez le nouveau traitement capillaire BIOPLEX. Il reconstruit, renforce et prot\u00e8ge vos cheveux. <\/p>\n<h3> BIOPLEX disponible en boutique <\/h3>\n<p class=\"apm-brand-story-stores-link\">\n<p>                                              <img decoding=\"async\" alt=\"\" src=\"https:\/\/images-na.ssl-images-amazon.com\/images\/G\/01\/x-locale\/common\/grey-pixel.gif\" class=\"a-lazy-loaded\" data-src=\"https:\/\/m.media-amazon.com\/images\/S\/aplus-media-library-service-media\/33cab199-b9af-4a1d-9b38-00b055d838df.__CR193,0,1534,1920_PT0_SX362_V1___.jpg\"><img decoding=\"async\" alt=\"\" src=\"https:\/\/m.media-amazon.com\/images\/S\/aplus-media-library-service-media\/33cab199-b9af-4a1d-9b38-00b055d838df.__CR193,0,1534,1920_PT0_SX362_V1___.jpg\">  <\/p>\n<h3> Beaut\u00e9 Durable <\/h3>\n<p> Nous d\u00e9veloppons des produits respectueux de l\u2019environnement, en privil\u00e9giant des ingr\u00e9dients d\u2019origine naturelle. <\/p>\n<h3> Valquer Store Visitez-nous ! <\/h3>\n<p class=\"apm-brand-story-stores-link\">\n<p> Product Dimensions                                            \u200f                                            :                                            \u200e                                            5.1 x 5.1 x 20.5 cm; 1 kg   <br \/> Manufacturer                                            \u200f                                            :                                            \u200e                                            Laboratorios Valquer   <br \/> ASIN                                            \u200f                                            :                                            \u200e                                            B07856X6JS   <br \/> Item model number                                            \u200f                                            :                                            \u200e                                            33155   <br \/> Country of origin                                            \u200f                                            :                                            \u200e                                            Spain   <br \/>  Customer reviews:                                                                                            4.0               4.0 out of 5 stars                                  (448)                                              var dpAcrHasRegisteredArcLinkClickAction;                    P.when(&#8216;A&#8217;, &#8216;ready&#8217;).execute(function(A) {                        if (dpAcrHasRegisteredArcLinkClickAction !== true) {                            dpAcrHasRegisteredArcLinkClickAction = true;                            A.declarative(                                &#8216;acrLink-click-metrics&#8217;, &#8216;click&#8217;,                                { &#8220;allowLinkDefault&#8221;: true },                                function (event) {                                    if (window.ue) {                                        ue.count(&#8220;acrLinkClickCount&#8221;, (ue.count(&#8220;acrLinkClickCount&#8221;) || 0) + 1);                                    }                                }                            );                        }                    });                                             P.when(&#8216;A&#8217;, &#8216;cf&#8217;).execute(function(A) {                A.declarative(&#8216;acrStarsLink-click-metrics&#8217;, &#8216;click&#8217;, { &#8220;allowLinkDefault&#8221; : true },  function(event){                    if(window.ue) {                        ue.count(&#8220;acrStarsLinkWithPopoverClickCount&#8221;, (ue.count(&#8220;acrStarsLinkWithPopoverClickCount&#8221;) || 0) + 1);                    }                });            });                          <br \/>\u00e2\u0153&#8221;\u00ef\u00b8 Immediate restorative action based on the combination of Keratin and Pro-Vitamin B-5 that give life to your hair.<br \/>\u00e2\u0153&#8221;\u00ef\u00b8 Formulated with vegetable keratin Phytokeratin. so-called vegetable keratin. is an extract composed of free amino acids of plant origin (corn. wheat and soy). the proportion of which is similar to the amino acids of human keratin.<br \/>It contains panthenol. known as Pro-Vitamin B5. which produces a long-lasting moisturizing effect on the hair. provides shine. a revitalizing effect and repairs damaged hair.<br \/>\u2714Premium line for the hairdressing industry<br \/>\u00e2\u0153&#8221;\u00ef\u00b8 Innovative and pioneering hair cosmetics for the professional hairdressing chain and pharmacy. which meet the most demanding expectations of professionals and the final audience.<\/p>\n\n","protected":false},"excerpt":{"rendered":"<p> From the brand Valquer recherche, d\u00e9veloppe et fabrique des produits cosm\u00e9tiques depuis 1975. Nous sommes passionn\u00e9s par la production de cosm\u00e9tiques naturels et durables. Nous menons nos recherches avec enthousiasme: des cosm\u00e9tiques v\u00e9ganes innovants, tr\u00e8s efficaces; en veillant \u00e9galement \u00e0 ce qu\u2019ils soient aussi naturels et durables que possible: Cosm\u00e9tiques [&hellip;]<\/p>\n","protected":false},"featured_media":20871,"comment_status":"open","ping_status":"closed","template":"","meta":{"_gspb_post_css":"","om_disable_all_campaigns":false,"_monsterinsights_skip_tracking":false,"_monsterinsights_sitenote_active":false,"_monsterinsights_sitenote_note":"","_monsterinsights_sitenote_category":0},"store":[],"product_brand":[],"product_cat":[139],"product_tag":[230,1060,263,175,171,1202,213,1347,5464,3628,2373,5218,5463],"class_list":{"0":"post-20870","1":"product","2":"type-product","3":"status-publish","4":"has-post-thumbnail","6":"product_cat-keratine-vitamine-e","7":"product_tag-300ml","8":"product_tag-damaged","9":"product_tag-free","10":"product_tag-hair","11":"product_tag-keratin","12":"product_tag-professional","13":"product_tag-pure","14":"product_tag-repair","15":"product_tag-salt","16":"product_tag-silicone","17":"product_tag-sulfate","18":"product_tag-total","19":"product_tag-valquer","21":"first","22":"instock","23":"shipping-taxable","24":"product-type-external"},"aioseo_notices":[],"jetpack_sharing_enabled":true,"_links":{"self":[{"href":"https:\/\/www.zolattitude.com\/index.php\/wp-json\/wp\/v2\/product\/20870","targetHints":{"allow":["GET"]}}],"collection":[{"href":"https:\/\/www.zolattitude.com\/index.php\/wp-json\/wp\/v2\/product"}],"about":[{"href":"https:\/\/www.zolattitude.com\/index.php\/wp-json\/wp\/v2\/types\/product"}],"replies":[{"embeddable":true,"href":"https:\/\/www.zolattitude.com\/index.php\/wp-json\/wp\/v2\/comments?post=20870"}],"wp:featuredmedia":[{"embeddable":true,"href":"https:\/\/www.zolattitude.com\/index.php\/wp-json\/wp\/v2\/media\/20871"}],"wp:attachment":[{"href":"https:\/\/www.zolattitude.com\/index.php\/wp-json\/wp\/v2\/media?parent=20870"}],"wp:term":[{"taxonomy":"store","embeddable":true,"href":"https:\/\/www.zolattitude.com\/index.php\/wp-json\/wp\/v2\/store?post=20870"},{"taxonomy":"product_brand","embeddable":true,"href":"https:\/\/www.zolattitude.com\/index.php\/wp-json\/wp\/v2\/product_brand?post=20870"},{"taxonomy":"product_cat","embeddable":true,"href":"https:\/\/www.zolattitude.com\/index.php\/wp-json\/wp\/v2\/product_cat?post=20870"},{"taxonomy":"product_tag","embeddable":true,"href":"https:\/\/www.zolattitude.com\/index.php\/wp-json\/wp\/v2\/product_tag?post=20870"}],"curies":[{"name":"wp","href":"https:\/\/api.w.org\/{rel}","templated":true}]}}