{"id":21081,"date":"2026-02-12T00:12:53","date_gmt":"2026-02-12T00:12:53","guid":{"rendered":"https:\/\/www.zolattitude.com\/index.php\/product\/nitroperf-multivitamins-minerals-60-capsules-vitamins-a-b-c-d3-e-k2-zinc-iodine-selenium-and-magnesium-immune-nervous-muscular-support-skin-nails-bones-cartilages\/"},"modified":"2026-02-12T00:13:00","modified_gmt":"2026-02-12T00:13:00","slug":"nitroperf-multivitamins-minerals-60-capsules-vitamins-a-b-c-d3-e-k2-zinc-iodine-selenium-and-magnesium-immune-nervous-muscular-support-skin-nails-bones-cartilages","status":"publish","type":"product","link":"https:\/\/www.zolattitude.com\/index.php\/product\/nitroperf-multivitamins-minerals-60-capsules-vitamins-a-b-c-d3-e-k2-zinc-iodine-selenium-and-magnesium-immune-nervous-muscular-support-skin-nails-bones-cartilages\/","title":{"rendered":"NITROPERF &#8211; Multivitamins &#038; Minerals &#8211; 60 Capsules &#8211; Vitamins A B C D3 E K2, Zinc, Iodine, Selenium and Magnesium &#8211; Immune, Nervous &#038; Muscular Support &#8211; Skin, Nails, Bones &#038; Cartilages"},"content":{"rendered":"<p>Price: <span style=\"color:#b12704\">\u20ac15.90<\/span><br \/><i><small>(as of Feb 12, 2026 00:12:53 UTC &#8211; <span class=\"wp_automatic_amazon_disclaimer\" title=\"Product prices and availability are accurate as of the date\/time indicated and are subject to change. Any price and availability information displayed on [relevant Amazon Site(s), as applicable] at the time of purchase will apply to the purchase of this product.\">Details<\/span>)<\/small><\/i><br \/><a href=\"https:\/\/amazon.fr\/dp\/B0DVC7Q773?tag=onamzmoukoubl-21\"><img decoding=\"async\" src=\"https:\/\/valvepress.s3.amazonaws.com\/imgs\/buy_now.png\"><\/a><br \/>\n<\/p>\n<p>                                             From the brand   <\/p>\n<p>                                              <img decoding=\"async\" alt=\"\" src=\"https:\/\/images-na.ssl-images-amazon.com\/images\/G\/01\/x-locale\/common\/grey-pixel.gif\" class=\"a-lazy-loaded\" data-src=\"https:\/\/m.media-amazon.com\/images\/S\/aplus-media-library-service-media\/33958c5c-41ed-4151-aaf3-cb880969e5e3.__CR0,0,1464,625_PT0_SX1464_V1___.jpg\"><img decoding=\"async\" alt=\"\" src=\"https:\/\/m.media-amazon.com\/images\/S\/aplus-media-library-service-media\/33958c5c-41ed-4151-aaf3-cb880969e5e3.__CR0,0,1464,625_PT0_SX1464_V1___.jpg\">  <\/p>\n<h3> Clair. Pur. Performant. <\/h3>\n<p>                                                         Qu&#8217;est-ce qui rend nos produits uniques ?                                       <\/p>\n<p> Ingr\u00e9dients strictement essentiels : pas de colorants, ar\u00f4mes artificiels, \u00e9dulcorants superflus ou additifs inutiles.  <\/p>\n<p>                                                         Pourquoi nous aimons ce que nous faisons ?                                       <\/p>\n<p> Chez NitroPerf, nous faisons ce que nous aimons parce que nous croyons profond\u00e9ment en une performance simple, claire et honn\u00eate. <\/p>\n<p> Nous sommes passionn\u00e9s de sport, de science et de sant\u00e9. Ce qu\u2019on aime, c\u2019est aider les athl\u00e8tes \u00e0 aller plus loin, sans compromis sur la qualit\u00e9, la transparence ou l\u2019\u00e9thique. <\/p>\n<p> Package Dimensions                                            \u200f                                            :                                            \u200e                                            15 x 12 x 5 cm; 300 g   <br \/> Manufacturer                                            \u200f                                            :                                            \u200e                                            NitroPerf   <br \/> ASIN                                            \u200f                                            :                                            \u200e                                            B0DVC7Q773   <br \/> Item model number                                            \u200f                                            :                                            \u200e                                            MULTI   <br \/>  Customer reviews:                                                                                            5.0               5.0 out of 5 stars                                  (5)                                              var dpAcrHasRegisteredArcLinkClickAction;                    P.when(&#8216;A&#8217;, &#8216;ready&#8217;).execute(function(A) {                        if (dpAcrHasRegisteredArcLinkClickAction !== true) {                            dpAcrHasRegisteredArcLinkClickAction = true;                            A.declarative(                                &#8216;acrLink-click-metrics&#8217;, &#8216;click&#8217;,                                { &#8220;allowLinkDefault&#8221;: true },                                function (event) {                                    if (window.ue) {                                        ue.count(&#8220;acrLinkClickCount&#8221;, (ue.count(&#8220;acrLinkClickCount&#8221;) || 0) + 1);                                    }                                }                            );                        }                    });                                             P.when(&#8216;A&#8217;, &#8216;cf&#8217;).execute(function(A) {                A.declarative(&#8216;acrStarsLink-click-metrics&#8217;, &#8216;click&#8217;, { &#8220;allowLinkDefault&#8221; : true },  function(event){                    if(window.ue) {                        ue.count(&#8220;acrStarsLinkWithPopoverClickCount&#8221;, (ue.count(&#8220;acrStarsLinkWithPopoverClickCount&#8221;) || 0) + 1);                    }                });            });                          <br \/>[COMPLETE FORMULA FOR OPTIMAL HEALTH] Each capsule contains a balanced blend of vitamins A, B1, B2, B3, B5, B6, B9, B12, C, D3, E, K2 and essential minerals (zinc, iodine, selenium) to support your daily energy, well-being and vitality<br \/>[Immune &#038; Nervous System Support] Strengthen your natural defenses and promote optimal nervous system function through a powerful combination of essential vitamins and minerals<br \/>[Healthy Bones, Muscles &#038; Joints] With Vitamin D3 and Calcium, these multivitamins help maintain strong muscles, strong bones and healthy joints, ideal for an active lifestyle<br \/>[SKIN, NAILS &#038; HAIR BEAUTY] Enriched with Vitamin C and Collagen, this supplement helps preserve skin elasticity, strengthens nails and promotes healthy hair<br \/>[Convenient Size &#8211; 60 Capsules] With a recommended easy intake of two capsules a day, this compact and convenient size goes anywhere for an essential daily intake of vitamins and minerals<\/p>\n\n","protected":false},"excerpt":{"rendered":"<p> From the brand Clair. Pur. Performant. Qu&#8217;est-ce qui rend nos produits uniques ? Ingr\u00e9dients strictement essentiels : pas de colorants, ar\u00f4mes artificiels, \u00e9dulcorants superflus ou additifs inutiles. Pourquoi nous aimons ce que nous faisons ? Chez NitroPerf, nous faisons ce que nous aimons parce que nous croyons profond\u00e9ment en une [&hellip;]<\/p>\n","protected":false},"featured_media":21082,"comment_status":"open","ping_status":"closed","template":"","meta":{"_gspb_post_css":"","om_disable_all_campaigns":false,"_monsterinsights_skip_tracking":false,"_monsterinsights_sitenote_active":false,"_monsterinsights_sitenote_note":"","_monsterinsights_sitenote_category":0},"store":[],"product_brand":[],"product_cat":[142],"product_tag":[1240,198,3641,814,458,287,265,264,1955,177,290,5513,192,176,1238,274,172],"class_list":{"0":"post-21081","1":"product","2":"type-product","3":"status-publish","4":"has-post-thumbnail","6":"product_cat-multivitamines","7":"product_tag-bones","8":"product_tag-capsules","9":"product_tag-cartilages","10":"product_tag-immune","11":"product_tag-iodine","12":"product_tag-magnesium","13":"product_tag-minerals","14":"product_tag-multivitamins","15":"product_tag-muscular","16":"product_tag-nails","17":"product_tag-nervous","18":"product_tag-nitroperf","19":"product_tag-selenium","20":"product_tag-skin","21":"product_tag-support","22":"product_tag-vitamins","23":"product_tag-zinc","25":"first","26":"instock","27":"shipping-taxable","28":"product-type-external"},"aioseo_notices":[],"jetpack_sharing_enabled":true,"_links":{"self":[{"href":"https:\/\/www.zolattitude.com\/index.php\/wp-json\/wp\/v2\/product\/21081","targetHints":{"allow":["GET"]}}],"collection":[{"href":"https:\/\/www.zolattitude.com\/index.php\/wp-json\/wp\/v2\/product"}],"about":[{"href":"https:\/\/www.zolattitude.com\/index.php\/wp-json\/wp\/v2\/types\/product"}],"replies":[{"embeddable":true,"href":"https:\/\/www.zolattitude.com\/index.php\/wp-json\/wp\/v2\/comments?post=21081"}],"wp:featuredmedia":[{"embeddable":true,"href":"https:\/\/www.zolattitude.com\/index.php\/wp-json\/wp\/v2\/media\/21082"}],"wp:attachment":[{"href":"https:\/\/www.zolattitude.com\/index.php\/wp-json\/wp\/v2\/media?parent=21081"}],"wp:term":[{"taxonomy":"store","embeddable":true,"href":"https:\/\/www.zolattitude.com\/index.php\/wp-json\/wp\/v2\/store?post=21081"},{"taxonomy":"product_brand","embeddable":true,"href":"https:\/\/www.zolattitude.com\/index.php\/wp-json\/wp\/v2\/product_brand?post=21081"},{"taxonomy":"product_cat","embeddable":true,"href":"https:\/\/www.zolattitude.com\/index.php\/wp-json\/wp\/v2\/product_cat?post=21081"},{"taxonomy":"product_tag","embeddable":true,"href":"https:\/\/www.zolattitude.com\/index.php\/wp-json\/wp\/v2\/product_tag?post=21081"}],"curies":[{"name":"wp","href":"https:\/\/api.w.org\/{rel}","templated":true}]}}