{"id":21500,"date":"2026-02-15T22:46:19","date_gmt":"2026-02-15T22:46:19","guid":{"rendered":"https:\/\/www.zolattitude.com\/index.php\/product\/natura-force-probiotics-prebiotics-improves-the-intestinal-flora-made-in-france-90-capsules\/"},"modified":"2026-02-15T22:46:26","modified_gmt":"2026-02-15T22:46:26","slug":"natura-force-probiotics-prebiotics-improves-the-intestinal-flora-made-in-france-90-capsules","status":"publish","type":"product","link":"https:\/\/www.zolattitude.com\/index.php\/product\/natura-force-probiotics-prebiotics-improves-the-intestinal-flora-made-in-france-90-capsules\/","title":{"rendered":"NATURA FORCE &#8211; Probiotics &#8211; Prebiotics &#8211; Improves the Intestinal Flora &#8211; Made in France &#8211; 90 capsules"},"content":{"rendered":"<p>Price: <span style=\"color:#b12704\">\u20ac24.90<\/span><br \/><i><small>(as of Feb 15, 2026 22:46:19 UTC &#8211; <span class=\"wp_automatic_amazon_disclaimer\" title=\"Product prices and availability are accurate as of the date\/time indicated and are subject to change. Any price and availability information displayed on [relevant Amazon Site(s), as applicable] at the time of purchase will apply to the purchase of this product.\">Details<\/span>)<\/small><\/i><br \/><a href=\"https:\/\/amazon.fr\/dp\/B09YS63JX6?tag=onamzmoukoubl-21\"><img decoding=\"async\" src=\"https:\/\/valvepress.s3.amazonaws.com\/imgs\/buy_now.png\"><\/a><br \/>\n<\/p>\n<p>                                             From the brand   <\/p>\n<p>                                              <img decoding=\"async\" alt=\"\" src=\"https:\/\/images-na.ssl-images-amazon.com\/images\/G\/01\/x-locale\/common\/grey-pixel.gif\" class=\"a-lazy-loaded\" data-src=\"https:\/\/m.media-amazon.com\/images\/S\/aplus-media-library-service-media\/7cef3382-89d3-4071-a58f-e0238edab1eb.__CR0,643,2968,1267_PT0_SX1464_V1___.png\"><img decoding=\"async\" alt=\"\" src=\"https:\/\/m.media-amazon.com\/images\/S\/aplus-media-library-service-media\/7cef3382-89d3-4071-a58f-e0238edab1eb.__CR0,643,2968,1267_PT0_SX1464_V1___.png\">  <\/p>\n<h3> Natura Force <\/h3>\n<p> De la nature, puisez votre force <\/p>\n<p>                                              <img decoding=\"async\" alt=\"\" src=\"https:\/\/images-na.ssl-images-amazon.com\/images\/G\/01\/x-locale\/common\/grey-pixel.gif\" class=\"a-lazy-loaded\" data-src=\"https:\/\/m.media-amazon.com\/images\/S\/aplus-media-library-service-media\/b4fd22ad-c71e-43ac-a4dd-ef02c86f5a10.__CR0,0,315,145_PT0_SX315_V1___.jpg\"><img decoding=\"async\" alt=\"\" src=\"https:\/\/m.media-amazon.com\/images\/S\/aplus-media-library-service-media\/b4fd22ad-c71e-43ac-a4dd-ef02c86f5a10.__CR0,0,315,145_PT0_SX315_V1___.jpg\">  <\/p>\n<p> Natura Force, marque fran\u00e7aise de compl\u00e9ments alimentaires naturels et bio depuis 2015, favorise forme, sant\u00e9 et bien-\u00eatre. <\/p>\n<p> Nos produits naturels et issus de l\u2019agriculture biologique, sont fabriqu\u00e9s en France sans exception, selon les standards de qualit\u00e9 les plus \u00e9lev\u00e9s. <\/p>\n<p> Prenez soin de votre sant\u00e9 avec nos produits de nutrition et de supplementation. <\/p>\n<p> Puisez votre force de la nature gr\u00e2ce \u00e0 Natura Force ! <\/p>\n<p>                                                         O\u00f9 sont fabriqu\u00e9s nos produits ?                                       <\/p>\n<p> Si nous avons parcouru les quatre coins du monde afin de d\u00e9couvrir les tr\u00e9sors de la nature, 100% de nos produits sont fabriqu\u00e9s en France. Nous choisissons avec soin les mati\u00e8res premi\u00e8res et privil\u00e9gions des modes de production respectueux  <\/p>\n<p>                                                         Quelle qualit\u00e9 pour nos produits ?                                       <\/p>\n<p> Natura Force propose des produits contenant des ingr\u00e9dients brevet\u00e9s, hautement titr\u00e9s en principes actifs et tous fabriqu\u00e9s en France, sans exception <\/p>\n<p>                                                         Quelles sont nos valeurs ?                                       <\/p>\n<p> Qualit\u00e9, efficacit\u00e9 et naturalit\u00e9 sont les valeurs qui nous d\u00e9finissent toujours <\/p>\n<h3> Tous nos produits sont ici ! <\/h3>\n<p class=\"apm-brand-story-stores-link\">\n<p> Product Dimensions                                            \u200f                                            :                                            \u200e                                            5.5 x 5.5 x 9 cm; 70 g   <br \/> Manufacturer                                            \u200f                                            :                                            \u200e                                            Natura Force   <br \/> ASIN                                            \u200f                                            :                                            \u200e                                            B09YS63JX6   <br \/> Manufacturer reference                                            \u200f                                            :                                            \u200e                                            1693693   <br \/> Country of origin                                            \u200f                                            :                                            \u200e                                            France   <br \/>  Customer reviews:                                                                                            4.1               4.1 out of 5 stars                                  (20)                                              var dpAcrHasRegisteredArcLinkClickAction;                    P.when(&#8216;A&#8217;, &#8216;ready&#8217;).execute(function(A) {                        if (dpAcrHasRegisteredArcLinkClickAction !== true) {                            dpAcrHasRegisteredArcLinkClickAction = true;                            A.declarative(                                &#8216;acrLink-click-metrics&#8217;, &#8216;click&#8217;,                                { &#8220;allowLinkDefault&#8221;: true },                                function (event) {                                    if (window.ue) {                                        ue.count(&#8220;acrLinkClickCount&#8221;, (ue.count(&#8220;acrLinkClickCount&#8221;) || 0) + 1);                                    }                                }                            );                        }                    });                                             P.when(&#8216;A&#8217;, &#8216;cf&#8217;).execute(function(A) {                A.declarative(&#8216;acrStarsLink-click-metrics&#8217;, &#8216;click&#8217;, { &#8220;allowLinkDefault&#8221; : true },  function(event){                    if(window.ue) {                        ue.count(&#8220;acrStarsLinkWithPopoverClickCount&#8221;, (ue.count(&#8220;acrStarsLinkWithPopoverClickCount&#8221;) || 0) + 1);                    }                });            });                          <br \/>RELIEVES THE INTESTINAL FLORA: The biotic promotes digestion and digestive functions, contributes to the normal functioning of the intestinal tract and stimulates the immune system through the microbiota. A good balance of the intestinal flora ensures better health and well-being on a daily basis.<br \/>Manufacture method: Our food supplement is developed, controlled and packaged in a French laboratory certified ISO 22000. It therefore complies with the GMP standards: Good Manufacturing Practices\/Good Manufacturing Practices.<br \/>SEVERAL LACTICAL FERMENTS FOR YOUR COMFORT: We made the product thanks to the combination of several microbiotic strains to allow you to diversify as much as possible the good bacteria that populate your intestinal flora.<br \/>COMPOSITION: Packaged in capsules, this supplement is made from 10 different strains of bacteria containing 15 billion CFUs (colony forming unit), in a gastro-resistant plant origin envelope.<br \/>For your probiotic treatment, we recommend taking two capsules a day with a glass of water, one in the morning and one in the evening. Do not exceed the recommended daily dose. Keep away from heat and moisture in the refrigerator.<\/p>\n\n","protected":false},"excerpt":{"rendered":"<p> From the brand Natura Force De la nature, puisez votre force Natura Force, marque fran\u00e7aise de compl\u00e9ments alimentaires naturels et bio depuis 2015, favorise forme, sant\u00e9 et bien-\u00eatre. Nos produits naturels et issus de l\u2019agriculture biologique, sont fabriqu\u00e9s en France sans exception, selon les standards de qualit\u00e9 les plus \u00e9lev\u00e9s. [&hellip;]<\/p>\n","protected":false},"featured_media":21501,"comment_status":"open","ping_status":"closed","template":"","meta":{"_gspb_post_css":"","om_disable_all_campaigns":false,"_monsterinsights_skip_tracking":false,"_monsterinsights_sitenote_active":false,"_monsterinsights_sitenote_note":"","_monsterinsights_sitenote_category":0},"store":[],"product_brand":[],"product_cat":[154],"product_tag":[198,435,4884,201,1539,434,3809,1095,490],"class_list":{"0":"post-21500","1":"product","2":"type-product","3":"status-publish","4":"has-post-thumbnail","6":"product_cat-sante-intestinale","7":"product_tag-capsules","8":"product_tag-flora","9":"product_tag-force","10":"product_tag-france","11":"product_tag-improves","12":"product_tag-intestinal","13":"product_tag-natura","14":"product_tag-prebiotics","15":"product_tag-probiotics","17":"first","18":"instock","19":"shipping-taxable","20":"product-type-external"},"aioseo_notices":[],"jetpack_sharing_enabled":true,"_links":{"self":[{"href":"https:\/\/www.zolattitude.com\/index.php\/wp-json\/wp\/v2\/product\/21500","targetHints":{"allow":["GET"]}}],"collection":[{"href":"https:\/\/www.zolattitude.com\/index.php\/wp-json\/wp\/v2\/product"}],"about":[{"href":"https:\/\/www.zolattitude.com\/index.php\/wp-json\/wp\/v2\/types\/product"}],"replies":[{"embeddable":true,"href":"https:\/\/www.zolattitude.com\/index.php\/wp-json\/wp\/v2\/comments?post=21500"}],"wp:featuredmedia":[{"embeddable":true,"href":"https:\/\/www.zolattitude.com\/index.php\/wp-json\/wp\/v2\/media\/21501"}],"wp:attachment":[{"href":"https:\/\/www.zolattitude.com\/index.php\/wp-json\/wp\/v2\/media?parent=21500"}],"wp:term":[{"taxonomy":"store","embeddable":true,"href":"https:\/\/www.zolattitude.com\/index.php\/wp-json\/wp\/v2\/store?post=21500"},{"taxonomy":"product_brand","embeddable":true,"href":"https:\/\/www.zolattitude.com\/index.php\/wp-json\/wp\/v2\/product_brand?post=21500"},{"taxonomy":"product_cat","embeddable":true,"href":"https:\/\/www.zolattitude.com\/index.php\/wp-json\/wp\/v2\/product_cat?post=21500"},{"taxonomy":"product_tag","embeddable":true,"href":"https:\/\/www.zolattitude.com\/index.php\/wp-json\/wp\/v2\/product_tag?post=21500"}],"curies":[{"name":"wp","href":"https:\/\/api.w.org\/{rel}","templated":true}]}}