{"id":21790,"date":"2026-02-18T20:57:30","date_gmt":"2026-02-18T20:57:30","guid":{"rendered":"https:\/\/www.zolattitude.com\/index.php\/product\/nishman-mens-styling-wax-05-keratin-150g-wood-fruit-fragrance-natural-shine-finish-strong-hold-aqua-wax-hair-gel-long-lasting-control-and-definition\/"},"modified":"2026-02-18T20:57:40","modified_gmt":"2026-02-18T20:57:40","slug":"nishman-mens-styling-wax-05-keratin-150g-wood-fruit-fragrance-natural-shine-finish-strong-hold-aqua-wax-hair-gel-long-lasting-control-and-definition","status":"publish","type":"product","link":"https:\/\/www.zolattitude.com\/index.php\/product\/nishman-mens-styling-wax-05-keratin-150g-wood-fruit-fragrance-natural-shine-finish-strong-hold-aqua-wax-hair-gel-long-lasting-control-and-definition\/","title":{"rendered":"NISHMAN Men&#8217;s Styling Wax 05 &#8211; Keratin 150g &#8211; Wood Fruit Fragrance &#8211; Natural Shine Finish &#8211; Strong Hold &#8211; Aqua Wax Hair Gel &#8211; Long Lasting Control and Definition"},"content":{"rendered":"<p>Price: <span style=\"color:#b12704\">\u20ac9.50<\/span><br \/><i><small>(as of Feb 18, 2026 20:57:30 UTC &#8211; <span class=\"wp_automatic_amazon_disclaimer\" title=\"Product prices and availability are accurate as of the date\/time indicated and are subject to change. Any price and availability information displayed on [relevant Amazon Site(s), as applicable] at the time of purchase will apply to the purchase of this product.\">Details<\/span>)<\/small><\/i><br \/><a href=\"https:\/\/amazon.fr\/dp\/B073TYXL66?tag=onamzmoukoubl-21\"><img decoding=\"async\" src=\"https:\/\/valvepress.s3.amazonaws.com\/imgs\/buy_now.png\"><\/a><br \/>\n<\/p>\n<p>                                             From the brand   <\/p>\n<p>                                              <img decoding=\"async\" alt=\"aplus content image\" src=\"https:\/\/images-na.ssl-images-amazon.com\/images\/G\/01\/x-locale\/common\/grey-pixel.gif\" class=\"a-lazy-loaded\" data-src=\"https:\/\/m.media-amazon.com\/images\/S\/aplus-media-library-service-media\/10d31acc-289e-4832-b438-616f25ccd46b.__CR0,0,2196,938_PT0_SX1464_V1___.png\"><img decoding=\"async\" alt=\"aplus content image\" src=\"https:\/\/m.media-amazon.com\/images\/S\/aplus-media-library-service-media\/10d31acc-289e-4832-b438-616f25ccd46b.__CR0,0,2196,938_PT0_SX1464_V1___.png\">  <\/p>\n<p>                                              <img decoding=\"async\" alt=\"Le texte se lit comme suit : \u00ab A PROPOS DE NOUS \u00bb et \u00ab N\u00e9 \u00e0 Istanbul \u00bb. Reconnu dans le monde entier. \u00bb Bloc de texte en fran\u00e7ais d\u00e9crivant l&amp;#39;histoire et la mission de l&amp;#39;entreprise.\" src=\"https:\/\/images-na.ssl-images-amazon.com\/images\/G\/01\/x-locale\/common\/grey-pixel.gif\" class=\"a-lazy-loaded\" data-src=\"https:\/\/m.media-amazon.com\/images\/S\/aplus-media-library-service-media\/3d680220-f845-4bf5-bbcd-ee7b033e1185.__CR0,0,543,680_PT0_SX362_V1___.jpg\"><img decoding=\"async\" alt=\"Le texte se lit comme suit : \u00ab A PROPOS DE NOUS \u00bb et \u00ab N\u00e9 \u00e0 Istanbul \u00bb. Reconnu dans le monde entier. \u00bb Bloc de texte en fran\u00e7ais d\u00e9crivant l&amp;#39;histoire et la mission de l&amp;#39;entreprise.\" src=\"https:\/\/m.media-amazon.com\/images\/S\/aplus-media-library-service-media\/3d680220-f845-4bf5-bbcd-ee7b033e1185.__CR0,0,543,680_PT0_SX362_V1___.jpg\">  <\/p>\n<h3> Nos Meilleures Ventes <\/h3>\n<p class=\"apm-brand-story-stores-link\">\n<p>                                              <img decoding=\"async\" alt=\"Le texte se lit comme suit : \u00ab VOTRE STYLE \u00bb, \u00ab VOS R\u00c8GLES \u00bb, \u00ab LA CIRE CAPILLAIRE NISHMAN VOUS OFFRE CONTR\u00d4LE, TENUE ET ATTITUDE \u00bb. Pr\u00e9sentation de produits de coiffure color\u00e9s dans divers contenants.\" src=\"https:\/\/images-na.ssl-images-amazon.com\/images\/G\/01\/x-locale\/common\/grey-pixel.gif\" class=\"a-lazy-loaded\" data-src=\"https:\/\/m.media-amazon.com\/images\/S\/aplus-media-library-service-media\/689829bf-abbc-4d49-b39b-9cec4d17b85f.__CR0,0,678,848_PT0_SX362_V1___.jpg\"><img decoding=\"async\" alt=\"Le texte se lit comme suit : \u00ab VOTRE STYLE \u00bb, \u00ab VOS R\u00c8GLES \u00bb, \u00ab LA CIRE CAPILLAIRE NISHMAN VOUS OFFRE CONTR\u00d4LE, TENUE ET ATTITUDE \u00bb. Pr\u00e9sentation de produits de coiffure color\u00e9s dans divers contenants.\" src=\"https:\/\/m.media-amazon.com\/images\/S\/aplus-media-library-service-media\/689829bf-abbc-4d49-b39b-9cec4d17b85f.__CR0,0,678,848_PT0_SX362_V1___.jpg\">  <\/p>\n<p>                                              <img decoding=\"async\" alt=\"Le texte indique \u00ab VOTRE PARFUM \u00bb et \u00ab SIGNATURE QUOTIDIENNE \u00bb. Pr\u00e9sentoir de sept flacons de parfum dispos\u00e9s en rang\u00e9e sur fond orange, montrant diff\u00e9rents parfums color\u00e9s dans des flacons transparents.\" src=\"https:\/\/images-na.ssl-images-amazon.com\/images\/G\/01\/x-locale\/common\/grey-pixel.gif\" class=\"a-lazy-loaded\" data-src=\"https:\/\/m.media-amazon.com\/images\/S\/aplus-media-library-service-media\/91b6aedf-b1f7-415a-b0fe-d6b41ca41286.__CR0,0,678,848_PT0_SX362_V1___.jpg\"><img decoding=\"async\" alt=\"Le texte indique \u00ab VOTRE PARFUM \u00bb et \u00ab SIGNATURE QUOTIDIENNE \u00bb. Pr\u00e9sentoir de sept flacons de parfum dispos\u00e9s en rang\u00e9e sur fond orange, montrant diff\u00e9rents parfums color\u00e9s dans des flacons transparents.\" src=\"https:\/\/m.media-amazon.com\/images\/S\/aplus-media-library-service-media\/91b6aedf-b1f7-415a-b0fe-d6b41ca41286.__CR0,0,678,848_PT0_SX362_V1___.jpg\">  <\/p>\n<p>                                              <img decoding=\"async\" alt=\"Le texte se lit comme suit : \u00ab NOUVEAU PRODUIT ALERTE ! \u00bb et \u00ab FIN EN FORCE \u00bb. Trois flacons \u00e0 pompe noirs avec les \u00e9tiquettes des produits affich\u00e9es sur fond sombre.\" src=\"https:\/\/images-na.ssl-images-amazon.com\/images\/G\/01\/x-locale\/common\/grey-pixel.gif\" class=\"a-lazy-loaded\" data-src=\"https:\/\/m.media-amazon.com\/images\/S\/aplus-media-library-service-media\/dfeca4ca-21d9-475e-a29f-90b5273fbbb1.__CR0,0,678,848_PT0_SX362_V1___.jpg\"><img decoding=\"async\" alt=\"Le texte se lit comme suit : \u00ab NOUVEAU PRODUIT ALERTE ! \u00bb et \u00ab FIN EN FORCE \u00bb. Trois flacons \u00e0 pompe noirs avec les \u00e9tiquettes des produits affich\u00e9es sur fond sombre.\" src=\"https:\/\/m.media-amazon.com\/images\/S\/aplus-media-library-service-media\/dfeca4ca-21d9-475e-a29f-90b5273fbbb1.__CR0,0,678,848_PT0_SX362_V1___.jpg\">  <\/p>\n<p> Is discontinued by manufacturer                                            \u200f                                            :                                            \u200e                                            No   <br \/> Product Dimensions                                            \u200f                                            :                                            \u200e                                            6 x 12 x 12 cm; 200 g   <br \/> Manufacturer                                            \u200f                                            :                                            \u200e                                            Asil group   <br \/> ASIN                                            \u200f                                            :                                            \u200e                                            B073TYXL66   <br \/> Item model number                                            \u200f                                            :                                            \u200e                                            1000517   <br \/>  Customer reviews:                                                                                            4.3               4.3 out of 5 stars                                  (3,085)                                              var dpAcrHasRegisteredArcLinkClickAction;                    P.when(&#8216;A&#8217;, &#8216;ready&#8217;).execute(function(A) {                        if (dpAcrHasRegisteredArcLinkClickAction !== true) {                            dpAcrHasRegisteredArcLinkClickAction = true;                            A.declarative(                                &#8216;acrLink-click-metrics&#8217;, &#8216;click&#8217;,                                { &#8220;allowLinkDefault&#8221;: true },                                function (event) {                                    if (window.ue) {                                        ue.count(&#8220;acrLinkClickCount&#8221;, (ue.count(&#8220;acrLinkClickCount&#8221;) || 0) + 1);                                    }                                }                            );                        }                    });                                             P.when(&#8216;A&#8217;, &#8216;cf&#8217;).execute(function(A) {                A.declarative(&#8216;acrStarsLink-click-metrics&#8217;, &#8216;click&#8217;, { &#8220;allowLinkDefault&#8221; : true },  function(event){                    if(window.ue) {                        ue.count(&#8220;acrStarsLinkWithPopoverClickCount&#8221;, (ue.count(&#8220;acrStarsLinkWithPopoverClickCount&#8221;) || 0) + 1);                    }                });            });                          <br \/>GLOSS FINISH &#8211; Achieve a natural, glossy finish with nishman 05 Keratin Styling Wax. It not only provides the hold you need, but also adds a radiant shine to your hair, for a well-groomed and healthy appearance. It is the ideal wax for men who want to keep a clean and well-groomed style all day.<br \/>LONG-LASTING HOLD &#8211; nishman 05 Keratin Styling Wax provides ultra strong hold, ensuring your hair stays in place all day without losing its shape. Whether you have thick, puffy, or wavy hair, this wax helps you achieve a perfect style that lasts from morning to night. Say goodbye to frequent touch-ups and hello to confidence all day.<br \/>NO RESIDUE &#8211; For men who prefer a clean, non-greasy hairstyle, nishman 05 Keratin Wax is the perfect solution. It allows for easy styling without leaving an oily residue, as some other products do. The ideal choice for a natural glossy finish that matches any style.<br \/>CONTAINING VOLUME AND TEXTURE &#8211; Whether you&#8217;re looking for a messy messy look or a more structured and neat hairstyle, nishman styling wax strengthens your hair&#8217;s volume and texture. It provides the control and support needed to create hairstyles with body and definition, even on thick or unruly hair.<br \/>IDEAL FOR ALL HAIR TYPES &#8211; Men with thick, puffed or wavy hair know how difficult it can be to get the perfect hairstyle. nishman 05 Keratin Styling Wax is formulated to work on all hair types, providing the perfect balance between hold and flexibility. Even the most difficult to style hair stays in place all day, without losing volume.<br \/>PERFECT FOR DAILY USE &#8211; This versatile wax is the go-to product for men who want to create a variety of styles easily. Whether you prefer a casual, messy look or a more well-groomed and sophisticated style, nishman 05 Keratin Hair Wax guarantees consistent results. Its lightweight formula allows you to restyle your hair throughout the day, while maintaining hold and shine.<\/p>\n\n","protected":false},"excerpt":{"rendered":"<p> From the brand Nos Meilleures Ventes Is discontinued by manufacturer \u200f : \u200e No Product Dimensions \u200f : \u200e 6 x 12 x 12 cm; 200 g Manufacturer \u200f : \u200e Asil group ASIN \u200f : \u200e B073TYXL66 Item model number \u200f : \u200e 1000517 Customer reviews: 4.3 4.3 out [&hellip;]<\/p>\n","protected":false},"featured_media":21791,"comment_status":"open","ping_status":"closed","template":"","meta":{"_gspb_post_css":"","om_disable_all_campaigns":false,"_monsterinsights_skip_tracking":false,"_monsterinsights_sitenote_active":false,"_monsterinsights_sitenote_note":"","_monsterinsights_sitenote_category":0},"store":[],"product_brand":[],"product_cat":[139],"product_tag":[1412,5647,574,5648,1970,956,921,524,175,5646,171,2305,2304,2391,260,5645,2899,456,234,1963,2781],"class_list":{"0":"post-21790","1":"product","2":"type-product","3":"status-publish","4":"has-post-thumbnail","6":"product_cat-keratine-vitamine-e","7":"product_tag-150g","8":"product_tag-aqua","9":"product_tag-control","10":"product_tag-definition","11":"product_tag-finish","12":"product_tag-fragrance","13":"product_tag-fruit","14":"product_tag-gel","15":"product_tag-hair","16":"product_tag-hold","17":"product_tag-keratin","18":"product_tag-lasting","19":"product_tag-long","20":"product_tag-mens","21":"product_tag-natural","22":"product_tag-nishman","23":"product_tag-shine","24":"product_tag-strong","25":"product_tag-styling","26":"product_tag-wax","27":"product_tag-wood","29":"first","30":"instock","31":"shipping-taxable","32":"product-type-external"},"aioseo_notices":[],"jetpack_sharing_enabled":true,"_links":{"self":[{"href":"https:\/\/www.zolattitude.com\/index.php\/wp-json\/wp\/v2\/product\/21790","targetHints":{"allow":["GET"]}}],"collection":[{"href":"https:\/\/www.zolattitude.com\/index.php\/wp-json\/wp\/v2\/product"}],"about":[{"href":"https:\/\/www.zolattitude.com\/index.php\/wp-json\/wp\/v2\/types\/product"}],"replies":[{"embeddable":true,"href":"https:\/\/www.zolattitude.com\/index.php\/wp-json\/wp\/v2\/comments?post=21790"}],"wp:featuredmedia":[{"embeddable":true,"href":"https:\/\/www.zolattitude.com\/index.php\/wp-json\/wp\/v2\/media\/21791"}],"wp:attachment":[{"href":"https:\/\/www.zolattitude.com\/index.php\/wp-json\/wp\/v2\/media?parent=21790"}],"wp:term":[{"taxonomy":"store","embeddable":true,"href":"https:\/\/www.zolattitude.com\/index.php\/wp-json\/wp\/v2\/store?post=21790"},{"taxonomy":"product_brand","embeddable":true,"href":"https:\/\/www.zolattitude.com\/index.php\/wp-json\/wp\/v2\/product_brand?post=21790"},{"taxonomy":"product_cat","embeddable":true,"href":"https:\/\/www.zolattitude.com\/index.php\/wp-json\/wp\/v2\/product_cat?post=21790"},{"taxonomy":"product_tag","embeddable":true,"href":"https:\/\/www.zolattitude.com\/index.php\/wp-json\/wp\/v2\/product_tag?post=21790"}],"curies":[{"name":"wp","href":"https:\/\/api.w.org\/{rel}","templated":true}]}}