{"id":22356,"date":"2026-02-24T21:10:02","date_gmt":"2026-02-24T21:10:02","guid":{"rendered":"https:\/\/www.zolattitude.com\/index.php\/product\/hip-supplement-joint-care-joint-care-senior-dog-150-chicken-flavour-bites-glucosamine-chondroitin-green-mussel-hemp-oil-msm-hyaluronic-acid-manganese-vitamins\/"},"modified":"2026-02-24T21:10:23","modified_gmt":"2026-02-24T21:10:23","slug":"hip-supplement-joint-care-joint-care-senior-dog-150-chicken-flavour-bites-glucosamine-chondroitin-green-mussel-hemp-oil-msm-hyaluronic-acid-manganese-vitamins","status":"publish","type":"product","link":"https:\/\/www.zolattitude.com\/index.php\/product\/hip-supplement-joint-care-joint-care-senior-dog-150-chicken-flavour-bites-glucosamine-chondroitin-green-mussel-hemp-oil-msm-hyaluronic-acid-manganese-vitamins\/","title":{"rendered":"Hip Supplement + Joint Care Joint Care Senior Dog | 150 Chicken Flavour Bites | Glucosamine, Chondroitin, Green Mussel, Hemp Oil, MSM, Hyaluronic Acid, Manganese Vitamins"},"content":{"rendered":"<p>Price: <span style=\"color:#b12704\">\u20ac18.99<\/span><br \/><i><small>(as of Feb 24, 2026 21:10:03 UTC &#8211; <span class=\"wp_automatic_amazon_disclaimer\" title=\"Product prices and availability are accurate as of the date\/time indicated and are subject to change. Any price and availability information displayed on [relevant Amazon Site(s), as applicable] at the time of purchase will apply to the purchase of this product.\">Details<\/span>)<\/small><\/i><br \/><a href=\"https:\/\/amazon.fr\/dp\/B09MKY77JC?tag=onamzmoukoubl-21\"><img decoding=\"async\" src=\"https:\/\/valvepress.s3.amazonaws.com\/imgs\/buy_now.png\"><\/a><br \/>\n<\/p>\n<p>                                             Product Description   <\/p>\n<p>                                                                                                               Compl\u00e9ment pour articulation chien et traitement de l&#8217;arthrose chien senior<br \/>\n                                                                                  <img decoding=\"async\" alt=\"Le texte indique \u00ab HIP JOINT+ SOIN ARTICULAIRE \u00bb. Publicit\u00e9 montrant un golden retriever courant dans un champ d&amp;#39;herbe avec un symbole de croix m\u00e9dicale verte et un texte de r\u00e9duction de -10 \u00e0 15 %.\" src=\"https:\/\/m.media-amazon.com\/images\/S\/aplus-media-library-service-media\/05b84ede-456e-4630-9c02-f47183402c3a.__CR0,0,1464,600_PT0_SX1464_V1___.jpg\">       <\/p>\n<p>                                                                                  <img decoding=\"async\" alt=\"aplus content image\" src=\"https:\/\/m.media-amazon.com\/images\/S\/aplus-media-library-service-media\/181660da-848f-4601-be22-0081b32178d3.__CR0,0,1464,600_PT0_SX1464_V1___.jpg\">       <\/p>\n<p>                                                                                  <img decoding=\"async\" alt=\"aplus content image\" src=\"https:\/\/m.media-amazon.com\/images\/S\/aplus-media-library-service-media\/fb933de9-4f85-411a-94bb-8d99548ec084.__CR0,0,1464,600_PT0_SX1464_V1___.jpg\">       <\/p>\n<p>                                                           Am\u00e9liore la qualit\u00e9 de vie du chien                                          <\/p>\n<h3 class=\"aplus-h1 aplus-module-1-heading a-text-bold\"> CANIVET \u2013 Traitement Articulation Chien  <\/h3>\n<p class=\"aplus-p2 aplus-module-1-description\"> Les friandises CANIVET HIP + JOINT agissent d\u00e8s la premi\u00e8re bouch\u00e9e pour soulager les articulations chien raides, us\u00e9es ou vieillissantes. Gr\u00e2ce \u00e0 une formule unique riche en actifs puissants (glucosamine chondro\u00eftine chien, MSM, etc.), elles soutiennent efficacement le traitement arthrose chien. <\/p>\n<p class=\"aplus-p2 aplus-module-1-description\"> Leur forte teneur en viande et leur ar\u00f4me naturel de foie de poulet les rendent irr\u00e9sistibles. Parfaites pour le soin articulation chien senior, faciles \u00e0 donner, d\u00e9licieuses \u00e0 consommer. <\/p>\n<p>                                           <img decoding=\"async\" alt=\"aplus content image\" src=\"https:\/\/images-na.ssl-images-amazon.com\/images\/G\/01\/x-locale\/common\/grey-pixel.gif\" class=\"a-lazy-loaded\" data-src=\"https:\/\/m.media-amazon.com\/images\/S\/aplus-media-library-service-media\/5630549e-7aba-4258-8cc6-9d7729d42627.__CR0,0,1000,750_PT0_SX800_V1___.jpg\"><img decoding=\"async\" alt=\"aplus content image\" src=\"https:\/\/m.media-amazon.com\/images\/S\/aplus-media-library-service-media\/5630549e-7aba-4258-8cc6-9d7729d42627.__CR0,0,1000,750_PT0_SX800_V1___.jpg\">          <\/p>\n<p>                                                            Suppl\u00e9ment pour articulation chien et traitement de l&#8217;arthrose chien senior                                             <img decoding=\"async\" alt=\"Une personne v\u00eatue de bleu tient un chien Boston Terrier noir et blanc. Le chien a une expression faciale distinctive et regarde la cam\u00e9ra.\" src=\"https:\/\/images-na.ssl-images-amazon.com\/images\/G\/01\/x-locale\/common\/grey-pixel.gif\" class=\"a-lazy-loaded\" data-src=\"https:\/\/m.media-amazon.com\/images\/S\/aplus-media-library-service-media\/e8e9373a-2ef7-4e20-beec-480eaa3c4324.__CR0,0,300,225_PT0_SX300_V1___.jpg\"><img decoding=\"async\" alt=\"Une personne v\u00eatue de bleu tient un chien Boston Terrier noir et blanc. Le chien a une expression faciale distinctive et regarde la cam\u00e9ra.\" src=\"https:\/\/m.media-amazon.com\/images\/S\/aplus-media-library-service-media\/e8e9373a-2ef7-4e20-beec-480eaa3c4324.__CR0,0,300,225_PT0_SX300_V1___.jpg\">                                            D\u00e9velopp\u00e9 par des v\u00e9t\u00e9rinaires                                         <\/p>\n<p class=\"aplus-p3\"> Ce compl\u00e9ment aide les chiens \u00e0 profiter d\u2019une vie active plus longtemps. Efficace pour articulations chien et soutenue par la science v\u00e9t\u00e9rinaire. <\/p>\n<p>                                           <img decoding=\"async\" alt=\"Illustration m\u00e9dicale montrant une coupe transversale d&amp;#39;une articulation de la hanche surlign\u00e9e de rouge indiquant une douleur ou une inflammation au niveau de l&amp;#39;articulation.\" src=\"https:\/\/images-na.ssl-images-amazon.com\/images\/G\/01\/x-locale\/common\/grey-pixel.gif\" class=\"a-lazy-loaded\" data-src=\"https:\/\/m.media-amazon.com\/images\/S\/aplus-media-library-service-media\/f90cc76c-7b94-4350-b5c0-6ce7c3c6f4e3.__CR0,0,300,225_PT0_SX300_V1___.jpg\"><img decoding=\"async\" alt=\"Illustration m\u00e9dicale montrant une coupe transversale d&amp;#39;une articulation de la hanche surlign\u00e9e de rouge indiquant une douleur ou une inflammation au niveau de l&amp;#39;articulation.\" src=\"https:\/\/m.media-amazon.com\/images\/S\/aplus-media-library-service-media\/f90cc76c-7b94-4350-b5c0-6ce7c3c6f4e3.__CR0,0,300,225_PT0_SX300_V1___.jpg\">                                            Cible les points douloureux                                         <\/p>\n<p class=\"aplus-p3\"> Nos friandises articulations chien contiennent une combinaison d\u2019ingr\u00e9dients actifs pour am\u00e9liorer rapidement l\u2019\u00e9tat des articulations fragiles. <\/p>\n<p>                                           <img decoding=\"async\" alt=\"Collection de bonbons ou de truffes ronds au chocolat avec un enrobage brun fonc\u00e9 et une texture de surface mouchet\u00e9e, dispos\u00e9s\" src=\"https:\/\/images-na.ssl-images-amazon.com\/images\/G\/01\/x-locale\/common\/grey-pixel.gif\" class=\"a-lazy-loaded\" data-src=\"https:\/\/m.media-amazon.com\/images\/S\/aplus-media-library-service-media\/34736cb0-0b03-4bb9-8c5a-18ea351477b0.__CR0,0,300,225_PT0_SX300_V1___.jpg\"><img decoding=\"async\" alt=\"Collection de bonbons ou de truffes ronds au chocolat avec un enrobage brun fonc\u00e9 et une texture de surface mouchet\u00e9e, dispos\u00e9s\" src=\"https:\/\/m.media-amazon.com\/images\/S\/aplus-media-library-service-media\/34736cb0-0b03-4bb9-8c5a-18ea351477b0.__CR0,0,300,225_PT0_SX300_V1___.jpg\">                                            Savoureuses et nutritives                                         <\/p>\n<p class=\"aplus-p3\"> Friandises premium \u00e0 base de viande, sans cuisson ni agents de remplissage, pour un go\u00fbt savoureux et un maximum de bienfaits pour articulation chien. <\/p>\n<p>                                           <img decoding=\"async\" alt=\"Un chien de couleur claire sautant dans un champ d&amp;#39;herbe, attrapant un jouet annulaire jaune vif en\" src=\"https:\/\/images-na.ssl-images-amazon.com\/images\/G\/01\/x-locale\/common\/grey-pixel.gif\" class=\"a-lazy-loaded\" data-src=\"https:\/\/m.media-amazon.com\/images\/S\/aplus-media-library-service-media\/84ccd5c9-f5c3-4bec-8c52-2963b4450c98.__CR0,0,300,225_PT0_SX300_V1___.jpg\"><img decoding=\"async\" alt=\"Un chien de couleur claire sautant dans un champ d&amp;#39;herbe, attrapant un jouet annulaire jaune vif en\" src=\"https:\/\/m.media-amazon.com\/images\/S\/aplus-media-library-service-media\/84ccd5c9-f5c3-4bec-8c52-2963b4450c98.__CR0,0,300,225_PT0_SX300_V1___.jpg\">                                            Retrouvez leur vitalit\u00e9 !                                         <\/p>\n<p class=\"aplus-p3\"> En quelques semaines : elle soulage les raideurs, apaise les douleurs et restaure les fluides qui prot\u00e8gent et lubrifient les articulations chien. <\/p>\n<p>The video showcases the product in use.The video guides you through product setup.The video compares multiple products.The video shows the product being unpacked. HIP + JOINT care articulation chien senior Merchant video<\/p>\n<p>                                            CANIVET \u2013 Friandises Articulation Chien                                             Pour des chiens plus heureux et en meilleure sant\u00e9\u2019 !    <\/p>\n<p class=\"aplus-p2\"> HIP+JOINT est la premi\u00e8re friandise pour articulation chien de qualit\u00e9 v\u00e9t\u00e9rinaire au Royaume-Uni. Efficace et pratique, c\u2019est le compl\u00e9ment id\u00e9al pour les articulations et l\u2019arthrose chien senior. <\/p>\n<p class=\"aplus-p2\"> Donnez simplement la dose quotidienne comme une friandise classique. Vos chiens retrouveront des articulations plus saines, plus fortes et plus mobiles. <\/p>\n<p>                                                              CANIVET \u2013 Friandises Articulation Chien                                              Friandises pour articulation chien de formulation professionnelle v\u00e9t\u00e9rinaire    <\/p>\n<p class=\"aplus-p2\"> Toutes les friandises articulations chien ne se valent pas. C\u2019est la combinaison pr\u00e9cise d\u2019ingr\u00e9dients scientifiquement prouv\u00e9s qui rend notre formule si efficace. <\/p>\n<p class=\"aplus-p2\"> Chaque bouch\u00e9e concentr\u00e9e d\u2019ingr\u00e9dients actifs aide \u00e0 soulager, lubrifier et renforcer les articulations raides ou douloureuses \u2013 pour redonner \u00e0 votre chien \u00e9nergie et confort. <\/p>\n<p>                                            <img decoding=\"async\" alt=\"Texte : logo \u00ab VETCERT \u00bb avec des ic\u00f4nes indiquant \u00ab Mode v\u00e9g\u00e9talien \u00bb, \u00ab Acide hyaluronique \u00bb et \u00ab Bio-assimil\u00e9 et Compatible \u00bb. L&amp;#39;image montre un v\u00e9t\u00e9rinaire professionnel en blouse bleue avec un chien Golden Retriever sur fond blanc circulaire.\" src=\"https:\/\/m.media-amazon.com\/images\/S\/aplus-media-library-service-media\/612887ed-3a41-408b-b28e-e2481488cf53.__CR0,0,1000,750_PT0_SX800_V1___.jpg\">                                                                     <\/p>\n<p>\ufe0f EFFECTIVE OA DOG ES &#8211; Our multi-action dog joint supplements work fast: they improve mobility, lubricate stiff joints, strengthen the protective joint cushion and support strong cartilage and bones. Ideal for senior dog joints<br \/>\ufe0f 9 POWERFUL ACTIVE INGREDIENTS &#8211; Strong concentration formula based on green mussel, glucosamine chondroitin, MSM, hemp oil, vitamins C and E, manganese and hyaluronic acid.<br \/>\ufe0f \ufe0f TASTY &#038; NUTRITIVE &#8211; Dog joint treats with chicken flavor, rich in real meat and natural ingredients. Uncooked to preserve maximum nutrients.<br \/>\ufe0f PREMIUM DOG JOINT SUPPLEMENTS &#8211; Formulated with pure and highly digestible quality ingredients. Free from palm oil, soybeans, cereals or cheap fillers.<br \/>\ufe0f DOG ARTHROSIS TREATMENT &#8211; Give the right dose of these tasty bites every day to support dog joints, especially in senior dog joints. A simple, fast and enjoyed joint care by your companion.<\/p>\n\n","protected":false},"excerpt":{"rendered":"<p> Product Description Compl\u00e9ment pour articulation chien et traitement de l&#8217;arthrose chien senior Am\u00e9liore la qualit\u00e9 de vie du chien CANIVET \u2013 Traitement Articulation Chien Les friandises CANIVET HIP + JOINT agissent d\u00e8s la premi\u00e8re bouch\u00e9e pour soulager les articulations chien raides, us\u00e9es ou vieillissantes. Gr\u00e2ce \u00e0 une formule unique riche [&hellip;]<\/p>\n","protected":false},"featured_media":22357,"comment_status":"open","ping_status":"closed","template":"","meta":{"_gspb_post_css":"","om_disable_all_campaigns":false,"_monsterinsights_skip_tracking":false,"_monsterinsights_sitenote_active":false,"_monsterinsights_sitenote_note":"","_monsterinsights_sitenote_category":0},"store":[],"product_brand":[],"product_cat":[138],"product_tag":[188,3947,597,3960,1440,4508,596,1439,826,3845,5585,187,244,462,205,5787,243,3449,200,274],"class_list":{"0":"post-22356","1":"product","2":"type-product","3":"status-publish","4":"has-post-thumbnail","6":"product_cat-acide-hyaluronique-msm","7":"product_tag-acid","8":"product_tag-bites","9":"product_tag-care","10":"product_tag-chicken","11":"product_tag-chondroitin","12":"product_tag-dog","13":"product_tag-flavour","14":"product_tag-glucosamine","15":"product_tag-green","16":"product_tag-hemp","17":"product_tag-hip","18":"product_tag-hyaluronic","19":"product_tag-joint","20":"product_tag-manganese","21":"product_tag-msm","22":"product_tag-mussel","23":"product_tag-oil","24":"product_tag-senior","25":"product_tag-supplement","26":"product_tag-vitamins","28":"first","29":"instock","30":"shipping-taxable","31":"product-type-external"},"aioseo_notices":[],"jetpack_sharing_enabled":true,"_links":{"self":[{"href":"https:\/\/www.zolattitude.com\/index.php\/wp-json\/wp\/v2\/product\/22356","targetHints":{"allow":["GET"]}}],"collection":[{"href":"https:\/\/www.zolattitude.com\/index.php\/wp-json\/wp\/v2\/product"}],"about":[{"href":"https:\/\/www.zolattitude.com\/index.php\/wp-json\/wp\/v2\/types\/product"}],"replies":[{"embeddable":true,"href":"https:\/\/www.zolattitude.com\/index.php\/wp-json\/wp\/v2\/comments?post=22356"}],"wp:featuredmedia":[{"embeddable":true,"href":"https:\/\/www.zolattitude.com\/index.php\/wp-json\/wp\/v2\/media\/22357"}],"wp:attachment":[{"href":"https:\/\/www.zolattitude.com\/index.php\/wp-json\/wp\/v2\/media?parent=22356"}],"wp:term":[{"taxonomy":"store","embeddable":true,"href":"https:\/\/www.zolattitude.com\/index.php\/wp-json\/wp\/v2\/store?post=22356"},{"taxonomy":"product_brand","embeddable":true,"href":"https:\/\/www.zolattitude.com\/index.php\/wp-json\/wp\/v2\/product_brand?post=22356"},{"taxonomy":"product_cat","embeddable":true,"href":"https:\/\/www.zolattitude.com\/index.php\/wp-json\/wp\/v2\/product_cat?post=22356"},{"taxonomy":"product_tag","embeddable":true,"href":"https:\/\/www.zolattitude.com\/index.php\/wp-json\/wp\/v2\/product_tag?post=22356"}],"curies":[{"name":"wp","href":"https:\/\/api.w.org\/{rel}","templated":true}]}}