{"id":22535,"date":"2026-02-25T23:53:35","date_gmt":"2026-02-25T23:53:35","guid":{"rendered":"https:\/\/www.zolattitude.com\/index.php\/product\/cortisol-balance-600-mg-ashwagandha-ksm-66-rhodiola-rosea-with-magnesium-vitamin-b6-and-b5-60-capsules-per-tummy-tox\/"},"modified":"2026-02-25T23:53:44","modified_gmt":"2026-02-25T23:53:44","slug":"cortisol-balance-600-mg-ashwagandha-ksm-66-rhodiola-rosea-with-magnesium-vitamin-b6-and-b5-60-capsules-per-tummy-tox","status":"publish","type":"product","link":"https:\/\/www.zolattitude.com\/index.php\/product\/cortisol-balance-600-mg-ashwagandha-ksm-66-rhodiola-rosea-with-magnesium-vitamin-b6-and-b5-60-capsules-per-tummy-tox\/","title":{"rendered":"Cortisol Balance &#8211; 600 mg Ashwagandha KSM 66, Rhodiola Rosea with Magnesium, Vitamin B6 and B5-60 capsules per Tummy Tox"},"content":{"rendered":"<p>Price: <span style=\"color:#b12704\">\u20ac21.99<\/span><br \/><i><small>(as of Feb 25, 2026 23:53:35 UTC &#8211; <span class=\"wp_automatic_amazon_disclaimer\" title=\"Product prices and availability are accurate as of the date\/time indicated and are subject to change. Any price and availability information displayed on [relevant Amazon Site(s), as applicable] at the time of purchase will apply to the purchase of this product.\">Details<\/span>)<\/small><\/i><br \/><a href=\"https:\/\/amazon.fr\/dp\/B0DMWPMNJB?tag=onamzmoukoubl-21\"><img decoding=\"async\" src=\"https:\/\/valvepress.s3.amazonaws.com\/imgs\/buy_now.png\"><\/a><br \/>\n<\/p>\n<p>                                             From the brand   <\/p>\n<p>                                              <img decoding=\"async\" alt=\"\" src=\"https:\/\/images-na.ssl-images-amazon.com\/images\/G\/01\/x-locale\/common\/grey-pixel.gif\" class=\"a-lazy-loaded\" data-src=\"https:\/\/m.media-amazon.com\/images\/S\/aplus-media-library-service-media\/c5813263-f573-4400-8452-970d1cb1598c.__CR0,0,1464,625_PT0_SX1464_V1___.jpg\"><img decoding=\"async\" alt=\"\" src=\"https:\/\/m.media-amazon.com\/images\/S\/aplus-media-library-service-media\/c5813263-f573-4400-8452-970d1cb1598c.__CR0,0,1464,625_PT0_SX1464_V1___.jpg\">  <\/p>\n<h3> Tox ventre pour #Tummygirls <\/h3>\n<p> Solutions naturelles et efficaces <\/p>\n<p> D\u00e9velopp\u00e9 pour fournir des r\u00e9sultats remarquables <\/p>\n<p> Seulement le meilleur pour nos #Tummygirls <\/p>\n<h3> \u00c9quilibre hormonal <\/h3>\n<p class=\"apm-brand-story-stores-link\">\n<h3> D\u00e9licieuse fa\u00e7on de se mettre en forme <\/h3>\n<p class=\"apm-brand-story-stores-link\">\n<h3> TummyBiotics et vitamines <\/h3>\n<p class=\"apm-brand-story-stores-link\">\n<p>                                                         Qu&#8217;est-ce qui rend nos produits uniques ?                                       <\/p>\n<p> Ils sont fabriqu\u00e9s par notre \u00e9quipe professionnelle, qui utilise des ingr\u00e9dients crus, naturels et de qualit\u00e9 sup\u00e9rieure, combin\u00e9s ensemble pour cr\u00e9er la meilleure combinaison pour un effet optimal. <\/p>\n<p>                                                         Pourquoi aimons-nous ce que nous faisons ?                                       <\/p>\n<p> Nous aimons le faire, car nous sommes des femmes qui aiment prendre soin d&#8217;autres femmes &lt;3 <\/p>\n<p>                                                         Nos produits sont-ils de qualit\u00e9 sup\u00e9rieure ?                                       <\/p>\n<p> Nos experts produits sont hautement form\u00e9s et d\u00e9vou\u00e9s \u00e0 notre cause. Ils s\u00e9lectionnent uniquement des ingr\u00e9dients de haute qualit\u00e9, ils les combinent de mani\u00e8re optimale, de sorte qu&#8217;ils se compl\u00e8tent et apportent le meilleur effet. <\/p>\n<p> Package Dimensions                                            \u200f                                            :                                            \u200e                                            12.9 x 8.2 x 7 cm; 110 g   <br \/> Manufacturer                                            \u200f                                            :                                            \u200e                                            Sensilab   <br \/> ASIN                                            \u200f                                            :                                            \u200e                                            B0DMWPMNJB   <br \/> Country of origin                                            \u200f                                            :                                            \u200e                                            Slovenia   <br \/>  Customer reviews:                                                                                            3.5               3.5 out of 5 stars                                  (150)                                              var dpAcrHasRegisteredArcLinkClickAction;                    P.when(&#8216;A&#8217;, &#8216;ready&#8217;).execute(function(A) {                        if (dpAcrHasRegisteredArcLinkClickAction !== true) {                            dpAcrHasRegisteredArcLinkClickAction = true;                            A.declarative(                                &#8216;acrLink-click-metrics&#8217;, &#8216;click&#8217;,                                { &#8220;allowLinkDefault&#8221;: true },                                function (event) {                                    if (window.ue) {                                        ue.count(&#8220;acrLinkClickCount&#8221;, (ue.count(&#8220;acrLinkClickCount&#8221;) || 0) + 1);                                    }                                }                            );                        }                    });                                             P.when(&#8216;A&#8217;, &#8216;cf&#8217;).execute(function(A) {                A.declarative(&#8216;acrStarsLink-click-metrics&#8217;, &#8216;click&#8217;, { &#8220;allowLinkDefault&#8221; : true },  function(event){                    if(window.ue) {                        ue.count(&#8220;acrStarsLinkWithPopoverClickCount&#8221;, (ue.count(&#8220;acrStarsLinkWithPopoverClickCount&#8221;) || 0) + 1);                    }                });            });                          <br \/>Powerful ashwagandha capsules containing natural ingredients to balance stress hormone levels. Improve your concentration and mood with the power of Ashwagandha Root Extract.<br \/>Rhodiola rosea is traditionally used to help relieve stress. We also added vitamin B6, known for its participation in regulating hormonal activity and energy production in the body, and vitamin B5 to reduce fatigue.<br \/>Dietary supplement reducing cortisol levels and containing the two most powerful plant adaptogens: Rhodiola and Ashwagandha &#8211; a natural way to relieve stress. Hormone free and 100% plant-based. Free from harmful substances.<br \/>Magnesium is the reference mineral for muscle relaxation and tension relief. We added black pepper extract (piperine) for better bioavailability!<br \/>Made in the EU &#8211; Cortisol Balance is a 100% natural product manufactured to the highest pharmaceutical standards, in accordance with the GMP and HACCP food safety management systems. All raw materials and finished products undergo careful control and have undergone microbiological and heavy metal analyses. Developed and manufactured by Sensilab (SI) &#8211; with 15 years of experience in the development and production of dietary supplements.<\/p>\n\n","protected":false},"excerpt":{"rendered":"<p> From the brand Tox ventre pour #Tummygirls Solutions naturelles et efficaces D\u00e9velopp\u00e9 pour fournir des r\u00e9sultats remarquables Seulement le meilleur pour nos #Tummygirls \u00c9quilibre hormonal D\u00e9licieuse fa\u00e7on de se mettre en forme TummyBiotics et vitamines Qu&#8217;est-ce qui rend nos produits uniques ? Ils sont fabriqu\u00e9s par notre \u00e9quipe professionnelle, qui [&hellip;]<\/p>\n","protected":false},"featured_media":22536,"comment_status":"open","ping_status":"closed","template":"","meta":{"_gspb_post_css":"","om_disable_all_campaigns":false,"_monsterinsights_skip_tracking":false,"_monsterinsights_sitenote_active":false,"_monsterinsights_sitenote_note":"","_monsterinsights_sitenote_category":0},"store":[],"product_brand":[],"product_cat":[150],"product_tag":[493,5812,254,198,494,5811,287,419,420,5813,3843,178],"class_list":{"0":"post-22535","1":"product","2":"type-product","3":"status-publish","4":"has-post-thumbnail","6":"product_cat-anti-stress-adaptogenes","7":"product_tag-ashwagandha","8":"product_tag-b560","9":"product_tag-balance","10":"product_tag-capsules","11":"product_tag-cortisol","12":"product_tag-ksm","13":"product_tag-magnesium","14":"product_tag-rhodiola","15":"product_tag-rosea","16":"product_tag-tox","17":"product_tag-tummy","18":"product_tag-vitamin","20":"first","21":"instock","22":"shipping-taxable","23":"product-type-external"},"aioseo_notices":[],"jetpack_sharing_enabled":true,"_links":{"self":[{"href":"https:\/\/www.zolattitude.com\/index.php\/wp-json\/wp\/v2\/product\/22535","targetHints":{"allow":["GET"]}}],"collection":[{"href":"https:\/\/www.zolattitude.com\/index.php\/wp-json\/wp\/v2\/product"}],"about":[{"href":"https:\/\/www.zolattitude.com\/index.php\/wp-json\/wp\/v2\/types\/product"}],"replies":[{"embeddable":true,"href":"https:\/\/www.zolattitude.com\/index.php\/wp-json\/wp\/v2\/comments?post=22535"}],"wp:featuredmedia":[{"embeddable":true,"href":"https:\/\/www.zolattitude.com\/index.php\/wp-json\/wp\/v2\/media\/22536"}],"wp:attachment":[{"href":"https:\/\/www.zolattitude.com\/index.php\/wp-json\/wp\/v2\/media?parent=22535"}],"wp:term":[{"taxonomy":"store","embeddable":true,"href":"https:\/\/www.zolattitude.com\/index.php\/wp-json\/wp\/v2\/store?post=22535"},{"taxonomy":"product_brand","embeddable":true,"href":"https:\/\/www.zolattitude.com\/index.php\/wp-json\/wp\/v2\/product_brand?post=22535"},{"taxonomy":"product_cat","embeddable":true,"href":"https:\/\/www.zolattitude.com\/index.php\/wp-json\/wp\/v2\/product_cat?post=22535"},{"taxonomy":"product_tag","embeddable":true,"href":"https:\/\/www.zolattitude.com\/index.php\/wp-json\/wp\/v2\/product_tag?post=22535"}],"curies":[{"name":"wp","href":"https:\/\/api.w.org\/{rel}","templated":true}]}}