{"id":22551,"date":"2026-02-26T00:03:03","date_gmt":"2026-02-26T00:03:03","guid":{"rendered":"https:\/\/www.zolattitude.com\/index.php\/product\/ashwagandha-capsules-bio-high-dose-290-capsules-of-ashwagandha-bio-ashwagandha-high-dose-ashwaganda-organic-cultivation\/"},"modified":"2026-02-26T00:03:12","modified_gmt":"2026-02-26T00:03:12","slug":"ashwagandha-capsules-bio-high-dose-290-capsules-of-ashwagandha-bio-ashwagandha-high-dose-ashwaganda-organic-cultivation","status":"publish","type":"product","link":"https:\/\/www.zolattitude.com\/index.php\/product\/ashwagandha-capsules-bio-high-dose-290-capsules-of-ashwagandha-bio-ashwagandha-high-dose-ashwaganda-organic-cultivation\/","title":{"rendered":"Ashwagandha capsules BIO high dose &#8211; 290 capsules of Ashwagandha BIO &#8211; Ashwagandha high dose Ashwaganda &#8211; Organic cultivation"},"content":{"rendered":"<p>Price: <span style=\"color:#b12704\">\u20ac20.99<\/span><br \/><i><small>(as of Feb 26, 2026 00:03:03 UTC &#8211; <span class=\"wp_automatic_amazon_disclaimer\" title=\"Product prices and availability are accurate as of the date\/time indicated and are subject to change. Any price and availability information displayed on [relevant Amazon Site(s), as applicable] at the time of purchase will apply to the purchase of this product.\">Details<\/span>)<\/small><\/i><br \/><a href=\"https:\/\/amazon.fr\/dp\/B0874S75W8?tag=onamzmoukoubl-21\"><img decoding=\"async\" src=\"https:\/\/valvepress.s3.amazonaws.com\/imgs\/buy_now.png\"><\/a><br \/>\n<\/p>\n<p>                                             From the brand   <\/p>\n<p>                                              <img decoding=\"async\" alt=\"R\u00e9sine naturelle\" src=\"https:\/\/images-na.ssl-images-amazon.com\/images\/G\/01\/x-locale\/common\/grey-pixel.gif\" class=\"a-lazy-loaded\" data-src=\"https:\/\/m.media-amazon.com\/images\/S\/aplus-media-library-service-media\/2df82ea9-47b8-49a0-a373-4b148f9cfdb7.__CR0,0,4066,1736_PT0_SX1464_V1___.jpg\"><img decoding=\"async\" alt=\"R\u00e9sine naturelle\" src=\"https:\/\/m.media-amazon.com\/images\/S\/aplus-media-library-service-media\/2df82ea9-47b8-49a0-a373-4b148f9cfdb7.__CR0,0,4066,1736_PT0_SX1464_V1___.jpg\">  <\/p>\n<p>                                              <img decoding=\"async\" alt=\"\" src=\"https:\/\/images-na.ssl-images-amazon.com\/images\/G\/01\/x-locale\/common\/grey-pixel.gif\" class=\"a-lazy-loaded\" data-src=\"https:\/\/m.media-amazon.com\/images\/S\/aplus-media-library-service-media\/fd7cff4d-54fe-453b-8819-467e639f5cea.__CR0,0,656,302_PT0_SX315_V1___.jpg\"><img decoding=\"async\" alt=\"\" src=\"https:\/\/m.media-amazon.com\/images\/S\/aplus-media-library-service-media\/fd7cff4d-54fe-453b-8819-467e639f5cea.__CR0,0,656,302_PT0_SX315_V1___.jpg\">  <\/p>\n<p> Sports &amp; Health est sp\u00e9cialis\u00e9 dans les produits de qualit\u00e9 sup\u00e9rieure dans le domaine des compl\u00e9ments alimentaires, des superaliments, des suppl\u00e9ments, des solvants et des substances vitales. Nous voulons vous aider \u00e0 cr\u00e9er votre vie comme vous le souhaitez. <\/p>\n<h3> Nos compagnons <\/h3>\n<p class=\"apm-brand-story-stores-link\">\n<p>                                              <img decoding=\"async\" alt=\"\" src=\"https:\/\/images-na.ssl-images-amazon.com\/images\/G\/01\/x-locale\/common\/grey-pixel.gif\" class=\"a-lazy-loaded\" data-src=\"https:\/\/m.media-amazon.com\/images\/S\/aplus-media-library-service-media\/5277aa22-cb6a-4c36-90e6-5c5b8322220b.__CR0,0,1005,1258_PT0_SX362_V1___.jpg\"><img decoding=\"async\" alt=\"\" src=\"https:\/\/m.media-amazon.com\/images\/S\/aplus-media-library-service-media\/5277aa22-cb6a-4c36-90e6-5c5b8322220b.__CR0,0,1005,1258_PT0_SX362_V1___.jpg\">  <\/p>\n<h3> Certifi\u00e9 HACCP <\/h3>\n<p> Nos produits sont trait\u00e9s dans notre propre production sous les contr\u00f4les les plus stricts dans le magnifique Bad Harzburg. <\/p>\n<h3> Bon pour votre bien-\u00eatre <\/h3>\n<p class=\"apm-brand-story-stores-link\">\n<p>                                              <img decoding=\"async\" alt=\"\" src=\"https:\/\/images-na.ssl-images-amazon.com\/images\/G\/01\/x-locale\/common\/grey-pixel.gif\" class=\"a-lazy-loaded\" data-src=\"https:\/\/m.media-amazon.com\/images\/S\/aplus-media-library-service-media\/9c640b5d-6064-4e9c-800f-3f4b895961b8.__CR0,0,1005,1258_PT0_SX362_V1___.jpg\"><img decoding=\"async\" alt=\"\" src=\"https:\/\/m.media-amazon.com\/images\/S\/aplus-media-library-service-media\/9c640b5d-6064-4e9c-800f-3f4b895961b8.__CR0,0,1005,1258_PT0_SX362_V1___.jpg\">  <\/p>\n<h3> R\u00e9sine naturelle <\/h3>\n<p> Nature en r\u00e9sine \u2013 par nous pour vous. Nos produits sont fabriqu\u00e9s dans notre propre production dans une belle r\u00e9sine. <\/p>\n<h3> Bon pour la tranquillit\u00e9 d&#8217;esprit <\/h3>\n<p class=\"apm-brand-story-stores-link\">\n<p>                                              <img decoding=\"async\" alt=\"\" src=\"https:\/\/images-na.ssl-images-amazon.com\/images\/G\/01\/x-locale\/common\/grey-pixel.gif\" class=\"a-lazy-loaded\" data-src=\"https:\/\/m.media-amazon.com\/images\/S\/aplus-media-library-service-media\/838152ba-b810-468b-97cc-7a1aca005807.__CR0,0,1005,1258_PT0_SX362_V1___.jpg\"><img decoding=\"async\" alt=\"\" src=\"https:\/\/m.media-amazon.com\/images\/S\/aplus-media-library-service-media\/838152ba-b810-468b-97cc-7a1aca005807.__CR0,0,1005,1258_PT0_SX362_V1___.jpg\">  <\/p>\n<h3> Depuis 2014 pour toi <\/h3>\n<p> Avec vous, nous formons la famille Sports &amp; Health. Notre objectif est de faire passer votre vie au niveau sup\u00e9rieur. <\/p>\n<h3> Bon pour plus d&#8217;\u00e9nergie <\/h3>\n<p class=\"apm-brand-story-stores-link\">\n<p> Package Dimensions                                            \u200f                                            :                                            \u200e                                            26.4 x 15.9 x 4.3 cm; 165 g   <br \/> Manufacturer                                            \u200f                                            :                                            \u200e                                            CDF Sports &#038; Health Solutions GmbH   <br \/> ASIN                                            \u200f                                            :                                            \u200e                                            B0874S75W8   <br \/> Manufacturer reference                                            \u200f                                            :                                            \u200e                                            1115-200   <br \/> Country of origin                                            \u200f                                            :                                            \u200e                                            Germany   <br \/>  Customer reviews:                                                                                            4.4               4.4 out of 5 stars                                  (792)                                              var dpAcrHasRegisteredArcLinkClickAction;                    P.when(&#8216;A&#8217;, &#8216;ready&#8217;).execute(function(A) {                        if (dpAcrHasRegisteredArcLinkClickAction !== true) {                            dpAcrHasRegisteredArcLinkClickAction = true;                            A.declarative(                                &#8216;acrLink-click-metrics&#8217;, &#8216;click&#8217;,                                { &#8220;allowLinkDefault&#8221;: true },                                function (event) {                                    if (window.ue) {                                        ue.count(&#8220;acrLinkClickCount&#8221;, (ue.count(&#8220;acrLinkClickCount&#8221;) || 0) + 1);                                    }                                }                            );                        }                    });                                             P.when(&#8216;A&#8217;, &#8216;cf&#8217;).execute(function(A) {                A.declarative(&#8216;acrStarsLink-click-metrics&#8217;, &#8216;click&#8217;, { &#8220;allowLinkDefault&#8221; : true },  function(event){                    if(window.ue) {                        ue.count(&#8220;acrStarsLinkWithPopoverClickCount&#8221;, (ue.count(&#8220;acrStarsLinkWithPopoverClickCount&#8221;) || 0) + 1);                    }                });            });                          <br \/>ASHWAGANDHA IN HIGH DOSE GRAPES: Our capsules are highly dosed with 1,200 mg per day (2 capsules) and provide you with organic natural ashwagandha (Withania Somnifera).<br \/>100% NATURAL: Our organic ashwagandha is completely free of additives and of the first organic quality. The powder is cultivated and exploited in a controlled way and will seduce you with its natural quality.<br \/>GUT TOLERANCE: Organic ashwagandha capsules are well tolerated. Thanks to the capsule envelope, the plug is easy and also suitable for travelling. Our organic ashwagandha capsules are suitable for everyone and can help you progress naturally.<br \/>NO ADDITIVES: You will receive 200 capsules of organic ashwagandha from organic controlled agriculture. Our ashwagandha Bio is natural, vegan, gluten and lactose free and completely additive free.<br \/>LONG LASTING EXPERIENCE: Our ashwagandha capsules have been developed by an experienced team. Since 2014, we offer you the highest quality natural food supplements developed according to the most recent studies.<\/p>\n\n","protected":false},"excerpt":{"rendered":"<p> From the brand Sports &amp; Health est sp\u00e9cialis\u00e9 dans les produits de qualit\u00e9 sup\u00e9rieure dans le domaine des compl\u00e9ments alimentaires, des superaliments, des suppl\u00e9ments, des solvants et des substances vitales. Nous voulons vous aider \u00e0 cr\u00e9er votre vie comme vous le souhaitez. Nos compagnons Certifi\u00e9 HACCP Nos produits sont trait\u00e9s [&hellip;]<\/p>\n","protected":false},"featured_media":22552,"comment_status":"open","ping_status":"closed","template":"","meta":{"_gspb_post_css":"","om_disable_all_campaigns":false,"_monsterinsights_skip_tracking":false,"_monsterinsights_sitenote_active":false,"_monsterinsights_sitenote_note":"","_monsterinsights_sitenote_category":0},"store":[],"product_brand":[],"product_cat":[147],"product_tag":[5816,493,339,198,5817,306,294,238],"class_list":{"0":"post-22551","1":"product","2":"type-product","3":"status-publish","4":"has-post-thumbnail","6":"product_cat-racines-adaptogenes","7":"product_tag-ashwaganda","8":"product_tag-ashwagandha","9":"product_tag-bio","10":"product_tag-capsules","11":"product_tag-cultivation","12":"product_tag-dose","13":"product_tag-high","14":"product_tag-organic","16":"first","17":"instock","18":"shipping-taxable","19":"product-type-external"},"aioseo_notices":[],"jetpack_sharing_enabled":true,"_links":{"self":[{"href":"https:\/\/www.zolattitude.com\/index.php\/wp-json\/wp\/v2\/product\/22551","targetHints":{"allow":["GET"]}}],"collection":[{"href":"https:\/\/www.zolattitude.com\/index.php\/wp-json\/wp\/v2\/product"}],"about":[{"href":"https:\/\/www.zolattitude.com\/index.php\/wp-json\/wp\/v2\/types\/product"}],"replies":[{"embeddable":true,"href":"https:\/\/www.zolattitude.com\/index.php\/wp-json\/wp\/v2\/comments?post=22551"}],"wp:featuredmedia":[{"embeddable":true,"href":"https:\/\/www.zolattitude.com\/index.php\/wp-json\/wp\/v2\/media\/22552"}],"wp:attachment":[{"href":"https:\/\/www.zolattitude.com\/index.php\/wp-json\/wp\/v2\/media?parent=22551"}],"wp:term":[{"taxonomy":"store","embeddable":true,"href":"https:\/\/www.zolattitude.com\/index.php\/wp-json\/wp\/v2\/store?post=22551"},{"taxonomy":"product_brand","embeddable":true,"href":"https:\/\/www.zolattitude.com\/index.php\/wp-json\/wp\/v2\/product_brand?post=22551"},{"taxonomy":"product_cat","embeddable":true,"href":"https:\/\/www.zolattitude.com\/index.php\/wp-json\/wp\/v2\/product_cat?post=22551"},{"taxonomy":"product_tag","embeddable":true,"href":"https:\/\/www.zolattitude.com\/index.php\/wp-json\/wp\/v2\/product_tag?post=22551"}],"curies":[{"name":"wp","href":"https:\/\/api.w.org\/{rel}","templated":true}]}}