{"id":23348,"date":"2026-03-05T00:06:39","date_gmt":"2026-03-05T00:06:39","guid":{"rendered":"https:\/\/www.zolattitude.com\/index.php\/product\/lions-mane-18000mg-301-with-cordyceps-sinensis-reishi-ganoderma-and-zinc-leons-mane-mushroom-hericium-erinaceus-powerful-nootropic-memory-and-concentration-mushroom-complex-120-capsules\/"},"modified":"2026-03-05T00:06:54","modified_gmt":"2026-03-05T00:06:54","slug":"lions-mane-18000mg-301-with-cordyceps-sinensis-reishi-ganoderma-and-zinc-leons-mane-mushroom-hericium-erinaceus-powerful-nootropic-memory-and-concentration-mushroom-complex-120-capsules","status":"publish","type":"product","link":"https:\/\/www.zolattitude.com\/index.php\/product\/lions-mane-18000mg-301-with-cordyceps-sinensis-reishi-ganoderma-and-zinc-leons-mane-mushroom-hericium-erinaceus-powerful-nootropic-memory-and-concentration-mushroom-complex-120-capsules\/","title":{"rendered":"Lions Mane 18000mg 30:1 with Cordyceps Sinensis, Reishi Ganoderma and Zinc | Leon&#8217;s Mane Mushroom Hericium Erinaceus Powerful Nootropic Memory and Concentration Mushroom Complex &#8211; 120 Capsules"},"content":{"rendered":"<p>Price: <span style=\"color:#b12704\">\u20ac22.99<\/span><br \/><i><small>(as of Mar 05, 2026 00:06:40 UTC &#8211; <span class=\"wp_automatic_amazon_disclaimer\" title=\"Product prices and availability are accurate as of the date\/time indicated and are subject to change. Any price and availability information displayed on [relevant Amazon Site(s), as applicable] at the time of purchase will apply to the purchase of this product.\">Details<\/span>)<\/small><\/i><br \/><a href=\"https:\/\/amazon.fr\/dp\/B0D3BF651H?tag=onamzmoukoubl-21\"><img decoding=\"async\" src=\"https:\/\/valvepress.s3.amazonaws.com\/imgs\/buy_now.png\"><\/a><br \/>\n<\/p>\n<p>                                             From the brand   <\/p>\n<p>                                              <img decoding=\"async\" alt=\"aavalabs\" src=\"https:\/\/images-na.ssl-images-amazon.com\/images\/G\/01\/x-locale\/common\/grey-pixel.gif\" class=\"a-lazy-loaded\" data-src=\"https:\/\/m.media-amazon.com\/images\/S\/aplus-media-library-service-media\/5db7a568-209d-48f6-8da7-fcd62c56938a.__CR0,0,1464,625_PT0_SX1464_V1___.jpg\"><img decoding=\"async\" alt=\"aavalabs\" src=\"https:\/\/m.media-amazon.com\/images\/S\/aplus-media-library-service-media\/5db7a568-209d-48f6-8da7-fcd62c56938a.__CR0,0,1464,625_PT0_SX1464_V1___.jpg\">  <\/p>\n<h3> Nouveaux produits <\/h3>\n<p class=\"apm-brand-story-stores-link\">\n<h3> Nouveaux produits <\/h3>\n<p class=\"apm-brand-story-stores-link\">\n<h3> Nouveaux produits <\/h3>\n<p class=\"apm-brand-story-stores-link\">\n<h3> Les plus populaires <\/h3>\n<p class=\"apm-brand-story-stores-link\">\n<h3> Soutien immunitaire <\/h3>\n<p class=\"apm-brand-story-stores-link\">\n<h3> \u00c9nergie et \u00e9quilibre <\/h3>\n<p class=\"apm-brand-story-stores-link\">\n<h3> Beaut\u00e9 et anti-\u00e2ge <\/h3>\n<p class=\"apm-brand-story-stores-link\">\n<p>                                              <img decoding=\"async\" alt=\"aavalabs\" src=\"https:\/\/images-na.ssl-images-amazon.com\/images\/G\/01\/x-locale\/common\/grey-pixel.gif\" class=\"a-lazy-loaded\" data-src=\"https:\/\/m.media-amazon.com\/images\/S\/aplus-media-library-service-media\/38727815-6bd3-40ce-b38d-5495f919b139.__CR0,0,757,947_PT0_SX362_V1___.jpg\"><img decoding=\"async\" alt=\"aavalabs\" src=\"https:\/\/m.media-amazon.com\/images\/S\/aplus-media-library-service-media\/38727815-6bd3-40ce-b38d-5495f919b139.__CR0,0,757,947_PT0_SX362_V1___.jpg\">  <\/p>\n<p>                                              <img decoding=\"async\" alt=\"aavalabs\" src=\"https:\/\/images-na.ssl-images-amazon.com\/images\/G\/01\/x-locale\/common\/grey-pixel.gif\" class=\"a-lazy-loaded\" data-src=\"https:\/\/m.media-amazon.com\/images\/S\/aplus-media-library-service-media\/1f231341-4b0e-45af-8a86-9325ebea880d.__CR0,0,757,947_PT0_SX362_V1___.jpg\"><img decoding=\"async\" alt=\"aavalabs\" src=\"https:\/\/m.media-amazon.com\/images\/S\/aplus-media-library-service-media\/1f231341-4b0e-45af-8a86-9325ebea880d.__CR0,0,757,947_PT0_SX362_V1___.jpg\">  <\/p>\n<p>                                              <img decoding=\"async\" alt=\"valeurs aavalabs\" src=\"https:\/\/images-na.ssl-images-amazon.com\/images\/G\/01\/x-locale\/common\/grey-pixel.gif\" class=\"a-lazy-loaded\" data-src=\"https:\/\/m.media-amazon.com\/images\/S\/aplus-media-library-service-media\/413bcafe-3e30-41bf-8e44-4cf89e52b255.__CR0,0,758,948_PT0_SX362_V1___.jpg\"><img decoding=\"async\" alt=\"valeurs aavalabs\" src=\"https:\/\/m.media-amazon.com\/images\/S\/aplus-media-library-service-media\/413bcafe-3e30-41bf-8e44-4cf89e52b255.__CR0,0,758,948_PT0_SX362_V1___.jpg\">  <\/p>\n<p> Package Dimensions                                            \u200f                                            :                                            \u200e                                            12.2 x 6.8 x 6.8 cm; 92 g   <br \/> Manufacturer                                            \u200f                                            :                                            \u200e                                            AAVALABS   <br \/> ASIN                                            \u200f                                            :                                            \u200e                                            B0D3BF651H   <br \/> Country of origin                                            \u200f                                            :                                            \u200e                                            Slovenia   <br \/>  Customer reviews:                                                                                            4.2               4.2 out of 5 stars                                  (660)                                              var dpAcrHasRegisteredArcLinkClickAction;                    P.when(&#8216;A&#8217;, &#8216;ready&#8217;).execute(function(A) {                        if (dpAcrHasRegisteredArcLinkClickAction !== true) {                            dpAcrHasRegisteredArcLinkClickAction = true;                            A.declarative(                                &#8216;acrLink-click-metrics&#8217;, &#8216;click&#8217;,                                { &#8220;allowLinkDefault&#8221;: true },                                function (event) {                                    if (window.ue) {                                        ue.count(&#8220;acrLinkClickCount&#8221;, (ue.count(&#8220;acrLinkClickCount&#8221;) || 0) + 1);                                    }                                }                            );                        }                    });                                             P.when(&#8216;A&#8217;, &#8216;cf&#8217;).execute(function(A) {                A.declarative(&#8216;acrStarsLink-click-metrics&#8217;, &#8216;click&#8217;, { &#8220;allowLinkDefault&#8221; : true },  function(event){                    if(window.ue) {                        ue.count(&#8220;acrStarsLinkWithPopoverClickCount&#8221;, (ue.count(&#8220;acrStarsLinkWithPopoverClickCount&#8221;) || 0) + 1);                    }                });            });                          <br \/>\u27a4 LIONS MANE HIGH CONCENTRATION: Discover our high-dose nootropic supplement with Hericium Erinaceus, Cordyceps and Reishi. With 600 mg of concentrated extract 30:1 of Lion&#8217;s Mane mushroom, equivalent to 18000 mg of Hericium powder with valuable properties, rich in polyphenols, beta glucan and polysaccharides (standardized to 30%), extract 8:1 of Reishi and 15:1 of Cordyceps, 192 mg of polysaccharides and bisglycinic zinc ate to support cognitive function<br \/>\u27a4 MIX OF 3 MUSHROOMS: We use extracts from the fruiting body of Lionmane or Yamabushitake, and Ganoderma Lucidum, plus Cordyceps Sinensis mushroom mycelium extract, valued for their adaptogenic qualities. Our formula combines a concentrated and powerful blend of these 3 mushrooms rich in bioactive compounds, such as ericenones and erinacins, used for centuries in Ayurvedic medicine for their benefits for body and mind<br \/>\u27a4 POWERFUL NOOTROPIC &#8211; Our Lion Mane Memory &#038; Concentration Complex contains highly bioavailable zinc bisglycinate. Zinc supports the immune and cognitive system, eyesight, skin and bones, metabolism and cell division. Lion&#8217;s Mane mushroom is naturally rich in minerals, providing the body with the essential nutrients to perform at its best and give the maximum every day<br \/>\u27a4 HIGH QUALITY MUSHROOMS &#8211; We use pure, high-quality natural ingredients, carefully selected and processed to preserve their essential nutrients. Our Hericium powder capsules contain mushroom extracts obtained by hot water extraction method for maximum purity, without cereal fillers or artificial additives, 100% vegan, non-GMO, gluten-free, lactose free and tested for heavy metals<br \/>\u27a4 AAVALABS GUARANTEE: Our goal is to help you live your life to the fullest, physically and mentally. So, if our supplement does not satisfy you, contact us! In addition to transparency and honesty, customer service is one of our top priorities and is always happy to respond in different languages to all your questions or doubts<\/p>\n\n","protected":false},"excerpt":{"rendered":"<p> From the brand Nouveaux produits Nouveaux produits Nouveaux produits Les plus populaires Soutien immunitaire \u00c9nergie et \u00e9quilibre Beaut\u00e9 et anti-\u00e2ge Package Dimensions \u200f : \u200e 12.2 x 6.8 x 6.8 cm; 92 g Manufacturer \u200f : \u200e AAVALABS ASIN \u200f : \u200e B0D3BF651H Country of origin \u200f : \u200e Slovenia [&hellip;]<\/p>\n","protected":false},"featured_media":23349,"comment_status":"open","ping_status":"closed","template":"","meta":{"_gspb_post_css":"","om_disable_all_campaigns":false,"_monsterinsights_skip_tracking":false,"_monsterinsights_sitenote_active":false,"_monsterinsights_sitenote_note":"","_monsterinsights_sitenote_category":0},"store":[],"product_brand":[],"product_cat":[150],"product_tag":[5981,198,173,321,3345,5985,5869,5984,5983,2707,2708,424,3421,3404,990,1362,5982,172],"class_list":{"0":"post-23348","1":"product","2":"type-product","3":"status-publish","4":"has-post-thumbnail","6":"product_cat-anti-stress-adaptogenes","7":"product_tag-18000mg","8":"product_tag-capsules","9":"product_tag-complex","10":"product_tag-concentration","11":"product_tag-cordyceps","12":"product_tag-erinaceus","13":"product_tag-ganoderma","14":"product_tag-hericium","15":"product_tag-leons","16":"product_tag-lions","17":"product_tag-mane","18":"product_tag-memory","19":"product_tag-mushroom","20":"product_tag-nootropic","21":"product_tag-powerful","22":"product_tag-reishi","23":"product_tag-sinensis","24":"product_tag-zinc","26":"first","27":"instock","28":"shipping-taxable","29":"product-type-external"},"aioseo_notices":[],"jetpack_sharing_enabled":true,"_links":{"self":[{"href":"https:\/\/www.zolattitude.com\/index.php\/wp-json\/wp\/v2\/product\/23348","targetHints":{"allow":["GET"]}}],"collection":[{"href":"https:\/\/www.zolattitude.com\/index.php\/wp-json\/wp\/v2\/product"}],"about":[{"href":"https:\/\/www.zolattitude.com\/index.php\/wp-json\/wp\/v2\/types\/product"}],"replies":[{"embeddable":true,"href":"https:\/\/www.zolattitude.com\/index.php\/wp-json\/wp\/v2\/comments?post=23348"}],"wp:featuredmedia":[{"embeddable":true,"href":"https:\/\/www.zolattitude.com\/index.php\/wp-json\/wp\/v2\/media\/23349"}],"wp:attachment":[{"href":"https:\/\/www.zolattitude.com\/index.php\/wp-json\/wp\/v2\/media?parent=23348"}],"wp:term":[{"taxonomy":"store","embeddable":true,"href":"https:\/\/www.zolattitude.com\/index.php\/wp-json\/wp\/v2\/store?post=23348"},{"taxonomy":"product_brand","embeddable":true,"href":"https:\/\/www.zolattitude.com\/index.php\/wp-json\/wp\/v2\/product_brand?post=23348"},{"taxonomy":"product_cat","embeddable":true,"href":"https:\/\/www.zolattitude.com\/index.php\/wp-json\/wp\/v2\/product_cat?post=23348"},{"taxonomy":"product_tag","embeddable":true,"href":"https:\/\/www.zolattitude.com\/index.php\/wp-json\/wp\/v2\/product_tag?post=23348"}],"curies":[{"name":"wp","href":"https:\/\/api.w.org\/{rel}","templated":true}]}}