{"id":25874,"date":"2026-03-28T21:47:31","date_gmt":"2026-03-28T21:47:31","guid":{"rendered":"https:\/\/www.zolattitude.com\/index.php\/product\/d-lab-keratin-absolute-3-months-hair-supplement-hair-loss-reduction-strengthening-thicker-shiny-hair\/"},"modified":"2026-03-28T21:47:38","modified_gmt":"2026-03-28T21:47:38","slug":"d-lab-keratin-absolute-3-months-hair-supplement-hair-loss-reduction-strengthening-thicker-shiny-hair","status":"publish","type":"product","link":"https:\/\/www.zolattitude.com\/index.php\/product\/d-lab-keratin-absolute-3-months-hair-supplement-hair-loss-reduction-strengthening-thicker-shiny-hair\/","title":{"rendered":"D-LAB Keratin Absolute | 3 Months Hair Supplement | Hair Loss Reduction &#038; Strengthening, Thicker &#038; Shiny Hair"},"content":{"rendered":"<p>Price: <span style=\"color:#b12704\"><del>\u20ac54.90<\/del> - \u20ac52.20<\/span><br \/><i><small>(as of Mar 28, 2026 21:47:31 UTC &#8211; <span class=\"wp_automatic_amazon_disclaimer\" title=\"Product prices and availability are accurate as of the date\/time indicated and are subject to change. Any price and availability information displayed on [relevant Amazon Site(s), as applicable] at the time of purchase will apply to the purchase of this product.\">Details<\/span>)<\/small><\/i><br \/><a href=\"https:\/\/amazon.fr\/dp\/B0D184TBBC?tag=onamzmoukoubl-21\"><img decoding=\"async\" src=\"https:\/\/valvepress.s3.amazonaws.com\/imgs\/buy_now.png\"><\/a><br \/>\n<\/p>\n<p>                                             From the brand   <\/p>\n<p>                                              <img decoding=\"async\" alt=\"\" src=\"https:\/\/images-na.ssl-images-amazon.com\/images\/G\/01\/x-locale\/common\/grey-pixel.gif\" class=\"a-lazy-loaded\" data-src=\"https:\/\/m.media-amazon.com\/images\/S\/aplus-media-library-service-media\/a2b97b6e-f7ee-498b-bf79-26d83ebe289d.__CR0,0,1464,625_PT0_SX1464_V1___.png\"><img decoding=\"async\" alt=\"\" src=\"https:\/\/m.media-amazon.com\/images\/S\/aplus-media-library-service-media\/a2b97b6e-f7ee-498b-bf79-26d83ebe289d.__CR0,0,1464,625_PT0_SX1464_V1___.png\">  <\/p>\n<p>                                              <img decoding=\"async\" alt=\"\" src=\"https:\/\/images-na.ssl-images-amazon.com\/images\/G\/01\/x-locale\/common\/grey-pixel.gif\" class=\"a-lazy-loaded\" data-src=\"https:\/\/m.media-amazon.com\/images\/S\/aplus-media-library-service-media\/4ec46de0-c493-458b-81ec-c50131e78d8c.__CR0,0,1312,604_PT0_SX315_V1___.jpg\"><img decoding=\"async\" alt=\"\" src=\"https:\/\/m.media-amazon.com\/images\/S\/aplus-media-library-service-media\/4ec46de0-c493-458b-81ec-c50131e78d8c.__CR0,0,1312,604_PT0_SX315_V1___.jpg\">  <\/p>\n<p> La beaut\u00e9 est le reflet d&#8217;un corps en pleine sant\u00e9 <\/p>\n<p> Depuis plus de 10 ans, D-LAB NUTRICOSMETICS cr\u00e9e des produits d&#8217;une qualit\u00e9 exceptionnelle combinant des actifs innovants choisis pour leur biodisponibilit\u00e9 et sa v\u00e9ritable expertise formulation <\/p>\n<p>                                              <img decoding=\"async\" alt=\"D-LAB Cheveux\" src=\"https:\/\/images-na.ssl-images-amazon.com\/images\/G\/01\/x-locale\/common\/grey-pixel.gif\" class=\"a-lazy-loaded\" data-src=\"https:\/\/m.media-amazon.com\/images\/S\/aplus-media-library-service-media\/4571d77e-b547-47df-9f77-70cc0f48c1d2.__CR0,0,1508,1887_PT0_SX362_V1___.jpg\"><img decoding=\"async\" alt=\"D-LAB Cheveux\" src=\"https:\/\/m.media-amazon.com\/images\/S\/aplus-media-library-service-media\/4571d77e-b547-47df-9f77-70cc0f48c1d2.__CR0,0,1508,1887_PT0_SX362_V1___.jpg\">  <\/p>\n<p>                                              <img decoding=\"async\" alt=\"D-LAB Minceur\" src=\"https:\/\/images-na.ssl-images-amazon.com\/images\/G\/01\/x-locale\/common\/grey-pixel.gif\" class=\"a-lazy-loaded\" data-src=\"https:\/\/m.media-amazon.com\/images\/S\/aplus-media-library-service-media\/85622911-4bd3-4a2e-a696-cc840179e3c0.__CR0,0,1508,1887_PT0_SX362_V1___.jpg\"><img decoding=\"async\" alt=\"D-LAB Minceur\" src=\"https:\/\/m.media-amazon.com\/images\/S\/aplus-media-library-service-media\/85622911-4bd3-4a2e-a696-cc840179e3c0.__CR0,0,1508,1887_PT0_SX362_V1___.jpg\">  <\/p>\n<p>                                              <img decoding=\"async\" alt=\"D-LAB Peau\" src=\"https:\/\/images-na.ssl-images-amazon.com\/images\/G\/01\/x-locale\/common\/grey-pixel.gif\" class=\"a-lazy-loaded\" data-src=\"https:\/\/m.media-amazon.com\/images\/S\/aplus-media-library-service-media\/e48bcb71-8d3d-48c6-8de2-2e93f4d9d06a.__CR0,0,1508,1887_PT0_SX362_V1___.jpg\"><img decoding=\"async\" alt=\"D-LAB Peau\" src=\"https:\/\/m.media-amazon.com\/images\/S\/aplus-media-library-service-media\/e48bcb71-8d3d-48c6-8de2-2e93f4d9d06a.__CR0,0,1508,1887_PT0_SX362_V1___.jpg\">  <\/p>\n<h3> Retrouvez nos best-sellers <\/h3>\n<p class=\"apm-brand-story-stores-link\">\n<p> Product Dimensions                                            \u200f                                            :                                            \u200e                                            5.5 x 5.5 x 9.7 cm; 200 g   <br \/> Manufacturer                                            \u200f                                            :                                            \u200e                                            D-LAB NUTRICOSMETICS   <br \/> ASIN                                            \u200f                                            :                                            \u200e                                            B0D184TBBC   <br \/> Item model number                                            \u200f                                            :                                            \u200e                                            DLA-DABDK84CPR   <br \/> Country of origin                                            \u200f                                            :                                            \u200e                                            France   <br \/>  Customer reviews:                                                                                            4.4               4.4 out of 5 stars                                  (44)                                              var dpAcrHasRegisteredArcLinkClickAction;                    P.when(&#8216;A&#8217;, &#8216;ready&#8217;).execute(function(A) {                        if (dpAcrHasRegisteredArcLinkClickAction !== true) {                            dpAcrHasRegisteredArcLinkClickAction = true;                            A.declarative(                                &#8216;acrLink-click-metrics&#8217;, &#8216;click&#8217;,                                { &#8220;allowLinkDefault&#8221;: true },                                function (event) {                                    if (window.ue) {                                        ue.count(&#8220;acrLinkClickCount&#8221;, (ue.count(&#8220;acrLinkClickCount&#8221;) || 0) + 1);                                    }                                }                            );                        }                    });                                             P.when(&#8216;A&#8217;, &#8216;cf&#8217;).execute(function(A) {                A.declarative(&#8216;acrStarsLink-click-metrics&#8217;, &#8216;click&#8217;, { &#8220;allowLinkDefault&#8221; : true },  function(event){                    if(window.ue) {                        ue.count(&#8220;acrStarsLinkWithPopoverClickCount&#8221;, (ue.count(&#8220;acrStarsLinkWithPopoverClickCount&#8221;) || 0) + 1);                    }                });            });                          <br \/>NATURAL ORIGIN: A formula enriched with vegetable keratin, for a deep and natural treatment. Ideal for weakened and lacking vitality hair.<br \/>ENRICHED FORMULA: Benefit from the latest innovations in hair care. Visible results on reducing hair loss and improving its shine.<br \/>Optimal cure: A treatment recommended over 3 months for maximum effectiveness. Discover a transformed, denser and more resistant hair.<br \/>High quality: Made in France with first-class ingredients, guaranteeing high quality and unparalleled effectiveness.<\/p>\n\n","protected":false},"excerpt":{"rendered":"<p> From the brand La beaut\u00e9 est le reflet d&#8217;un corps en pleine sant\u00e9 Depuis plus de 10 ans, D-LAB NUTRICOSMETICS cr\u00e9e des produits d&#8217;une qualit\u00e9 exceptionnelle combinant des actifs innovants choisis pour leur biodisponibilit\u00e9 et sa v\u00e9ritable expertise formulation Retrouvez nos best-sellers Product Dimensions \u200f : \u200e 5.5 x 5.5 [&hellip;]<\/p>\n","protected":false},"featured_media":25875,"comment_status":"open","ping_status":"closed","template":"","meta":{"_gspb_post_css":"","om_disable_all_campaigns":false,"_monsterinsights_skip_tracking":false,"_monsterinsights_sitenote_active":false,"_monsterinsights_sitenote_note":"","_monsterinsights_sitenote_category":0},"store":[],"product_brand":[],"product_cat":[139],"product_tag":[4075,3858,175,171,498,195,571,235,1458,200,6503],"class_list":{"0":"post-25874","1":"product","2":"type-product","3":"status-publish","4":"has-post-thumbnail","6":"product_cat-keratine-vitamine-e","7":"product_tag-absolute","8":"product_tag-dlab","9":"product_tag-hair","10":"product_tag-keratin","11":"product_tag-loss","12":"product_tag-months","13":"product_tag-reduction","14":"product_tag-shiny","15":"product_tag-strengthening","16":"product_tag-supplement","17":"product_tag-thicker","19":"first","20":"instock","21":"sale","22":"shipping-taxable","23":"product-type-external"},"aioseo_notices":[],"jetpack_sharing_enabled":true,"_links":{"self":[{"href":"https:\/\/www.zolattitude.com\/index.php\/wp-json\/wp\/v2\/product\/25874","targetHints":{"allow":["GET"]}}],"collection":[{"href":"https:\/\/www.zolattitude.com\/index.php\/wp-json\/wp\/v2\/product"}],"about":[{"href":"https:\/\/www.zolattitude.com\/index.php\/wp-json\/wp\/v2\/types\/product"}],"replies":[{"embeddable":true,"href":"https:\/\/www.zolattitude.com\/index.php\/wp-json\/wp\/v2\/comments?post=25874"}],"wp:featuredmedia":[{"embeddable":true,"href":"https:\/\/www.zolattitude.com\/index.php\/wp-json\/wp\/v2\/media\/25875"}],"wp:attachment":[{"href":"https:\/\/www.zolattitude.com\/index.php\/wp-json\/wp\/v2\/media?parent=25874"}],"wp:term":[{"taxonomy":"store","embeddable":true,"href":"https:\/\/www.zolattitude.com\/index.php\/wp-json\/wp\/v2\/store?post=25874"},{"taxonomy":"product_brand","embeddable":true,"href":"https:\/\/www.zolattitude.com\/index.php\/wp-json\/wp\/v2\/product_brand?post=25874"},{"taxonomy":"product_cat","embeddable":true,"href":"https:\/\/www.zolattitude.com\/index.php\/wp-json\/wp\/v2\/product_cat?post=25874"},{"taxonomy":"product_tag","embeddable":true,"href":"https:\/\/www.zolattitude.com\/index.php\/wp-json\/wp\/v2\/product_tag?post=25874"}],"curies":[{"name":"wp","href":"https:\/\/api.w.org\/{rel}","templated":true}]}}