{"id":26339,"date":"2026-04-01T23:09:51","date_gmt":"2026-04-01T23:09:51","guid":{"rendered":"https:\/\/www.zolattitude.com\/index.php\/product\/hyaluronic-acid-marine-collagen-vitamin-c-e-powerful-anti-aging-young-smooth-skin-hydration-elasticity-firmness-anti-wrinkle-cell-regeneration-120-capsules-2-month-cure\/"},"modified":"2026-04-01T23:09:58","modified_gmt":"2026-04-01T23:09:58","slug":"hyaluronic-acid-marine-collagen-vitamin-c-e-powerful-anti-aging-young-smooth-skin-hydration-elasticity-firmness-anti-wrinkle-cell-regeneration-120-capsules-2-month-cure","status":"publish","type":"product","link":"https:\/\/www.zolattitude.com\/index.php\/product\/hyaluronic-acid-marine-collagen-vitamin-c-e-powerful-anti-aging-young-smooth-skin-hydration-elasticity-firmness-anti-wrinkle-cell-regeneration-120-capsules-2-month-cure\/","title":{"rendered":"Hyaluronic Acid + Marine Collagen + Vitamin C, E, Powerful Anti-Aging, Young &#038; Smooth Skin, Hydration, Elasticity, Firmness, Anti-Wrinkle &#038; Cell Regeneration \u2013 120 Capsules, 2 Month Cure"},"content":{"rendered":"<p>Price: <span style=\"color:#b12704\">\u20ac21.90<\/span><br \/><i><small>(as of Apr 01, 2026 23:09:51 UTC &#8211; <span class=\"wp_automatic_amazon_disclaimer\" title=\"Product prices and availability are accurate as of the date\/time indicated and are subject to change. Any price and availability information displayed on [relevant Amazon Site(s), as applicable] at the time of purchase will apply to the purchase of this product.\">Details<\/span>)<\/small><\/i><br \/><a href=\"https:\/\/amazon.fr\/dp\/B00NI9ZLX6?tag=onamzmoukoubl-21\"><img decoding=\"async\" src=\"https:\/\/valvepress.s3.amazonaws.com\/imgs\/buy_now.png\"><\/a><br \/>\n<\/p>\n<p>                                             Product Description   <\/p>\n<p>                                                  <img decoding=\"async\" alt=\"acide hyaluronique\" src=\"https:\/\/images-na.ssl-images-amazon.com\/images\/G\/01\/x-locale\/common\/grey-pixel.gif\" class=\"a-lazy-loaded\" data-src=\"https:\/\/m.media-amazon.com\/images\/S\/aplus-media-library-service-media\/4f42a6f5-5ce5-4086-965c-030f6ca42f30.__CR0,0,970,300_PT0_SX970_V1___.jpg\"><img decoding=\"async\" alt=\"acide hyaluronique\" src=\"https:\/\/m.media-amazon.com\/images\/S\/aplus-media-library-service-media\/4f42a6f5-5ce5-4086-965c-030f6ca42f30.__CR0,0,970,300_PT0_SX970_V1___.jpg\">  <\/p>\n<p>                                                                             <img decoding=\"async\" alt=\"acide hyaluronique\" src=\"https:\/\/images-na.ssl-images-amazon.com\/images\/G\/01\/x-locale\/common\/grey-pixel.gif\" class=\"a-spacing-base a-lazy-loaded\" data-src=\"https:\/\/m.media-amazon.com\/images\/S\/aplus-media-library-service-media\/a866e6d4-9b43-4c1f-97ec-a4efb7abb890.__CR0,0,970,600_PT0_SX970_V1___.jpg\"><img decoding=\"async\" alt=\"acide hyaluronique\" src=\"https:\/\/m.media-amazon.com\/images\/S\/aplus-media-library-service-media\/a866e6d4-9b43-4c1f-97ec-a4efb7abb890.__CR0,0,970,600_PT0_SX970_V1___.jpg\">                                                                    <\/p>\n<p>                                                                             <img decoding=\"async\" alt=\"acide hyaluronique\" src=\"https:\/\/images-na.ssl-images-amazon.com\/images\/G\/01\/x-locale\/common\/grey-pixel.gif\" class=\"a-spacing-base a-lazy-loaded\" data-src=\"https:\/\/m.media-amazon.com\/images\/S\/aplus-media-library-service-media\/c079974f-8686-4ff7-9aff-4a50f369eacf.__CR0,0,970,600_PT0_SX970_V1___.jpg\"><img decoding=\"async\" alt=\"acide hyaluronique\" src=\"https:\/\/m.media-amazon.com\/images\/S\/aplus-media-library-service-media\/c079974f-8686-4ff7-9aff-4a50f369eacf.__CR0,0,970,600_PT0_SX970_V1___.jpg\">                                                                    <\/p>\n<p>                                                                             <img decoding=\"async\" alt=\"compl\u00e9ment alimentaire\" src=\"https:\/\/images-na.ssl-images-amazon.com\/images\/G\/01\/x-locale\/common\/grey-pixel.gif\" class=\"a-spacing-base a-lazy-loaded\" data-src=\"https:\/\/m.media-amazon.com\/images\/S\/aplus-media-library-service-media\/cf2cacea-a6e8-4e1a-a6ee-1779d197d420.__CR0,0,970,600_PT0_SX970_V1___.jpg\"><img decoding=\"async\" alt=\"compl\u00e9ment alimentaire\" src=\"https:\/\/m.media-amazon.com\/images\/S\/aplus-media-library-service-media\/cf2cacea-a6e8-4e1a-a6ee-1779d197d420.__CR0,0,970,600_PT0_SX970_V1___.jpg\">                                                                    <\/p>\n<p>                         Add To Basket  <\/p>\n<p>                         Add To Basket  <\/p>\n<p>                         Add To Basket  <\/p>\n<p>                             Customer Reviews  <\/p>\n<p>                \u2014                                   <\/p>\n<p>                    4.0 out of 5 stars  138  <\/p>\n<p>                    4.0 out of 5 stars  105  <\/p>\n<p>                    4.5 out of 5 stars  213  <\/p>\n<p>                    4.3 out of 5 stars  410  <\/p>\n<p>                             Price  <\/p>\n<p>                                            \u2014 no data<\/p>\n<p>                                            \u2014 no data<br \/>\n                                                       \u20ac19.90\u20ac19.90                  \u20ac24.90\u20ac24.90                  \u20ac21.90\u20ac21.90           <\/p>\n<p>                             ACTIONS<br \/>\n                                Booste le m\u00e9tabolisme, confort diestif, drainage, minceur               \u00c9limine les toxines, draine, prot\u00e8ge le foie et facilite la digestion.               Relaxe, d\u00e9tend et r\u00e9duit le temps d&#8217;endormissement.  Agit sur le stress et l&#8217;angoisse.               Les om\u00e9ga 3 agissent sur la sant\u00e9 du coeur et du cerveau. Om\u00e9ga 3 de haute puret\u00e9                Collag\u00e8ne marin fran\u00e7ais pour la sant\u00e9 de la peau et des articulations. Avec vitamines et E + S\u00e9l\u00e9nium           <\/p>\n<p>                             POSOLOGIE<br \/>\n                                3 \u00e0 4 g\u00e9lules par jour               3 \u00e0 4\/jour               1\/jour               3\/jour               3 \u00e0 4\/jour           <\/p>\n<p>                             PRINCIPAUX ACTIFS<br \/>\n                                Guarana, Th\u00e9 Vert, Fenouil, Noix de Cola, Fibres d&#8217;Acacia               Artichaut \u2022 chardon-marie \u2022 Desmodium \u2022 Pissenlit \u2022 Fumeterre               M\u00e9latonine \u2022 Val\u00e9riane \u2022  M\u00e9llisse \u2022  Pavot californien \u2022  Vitamine B6 \u2022  Safran               Om\u00e9ga 3 \u2022 Vitamine E \u2022 Romarin               Collag\u00e8ne marin \u2022 Vitamine C \u2022 Vitamine E \u2022 S\u00e9l\u00e9nium             <\/p>\n<p>                             NOS VALEURS<br \/>\n                                FABRIQU\u00c9 EN FRANCE \u2022 G\u00c9LULES V\u00c9G\u00c9TALES \u2022 SANS OGM \u2022 SANS GLUTEN \u2022 FLACON EN VERRE RECYCLABLE               FABRIQU\u00c9 EN FRANCE \u2022 G\u00c9LULES V\u00c9G\u00c9TALES \u2022 SANS OGM \u2022 SANS GLUTEN \u2022 FLACON EN VERRE RECYCLABLE               FABRIQU\u00c9 EN FRANCE \u2022 G\u00c9LULES V\u00c9G\u00c9TALES \u2022 SANS OGM \u2022 SANS GLUTEN \u2022 FLACON EN VERRE RECYCLABLE               FABRIQU\u00c9 EN FRANCE \u2022 G\u00c9LULES V\u00c9G\u00c9TALES \u2022 SANS OGM \u2022 SANS GLUTEN \u2022 FLACON EN VERRE RECYCLABLE               FABRIQU\u00c9 EN FRANCE \u2022 G\u00c9LULES V\u00c9G\u00c9TALES \u2022 SANS OGM \u2022 SANS GLUTEN \u2022 FLACON EN VERRE RECYCLABLE           <\/p>\n<p>                             NOTRE EXPERTISE<br \/>\n                                Expertise et Fabrication Fran\u00e7aise \u2022 22 ans d\u2019expertise en nutraceutique \u2022 Fabrication selon HACCP et certification ISO22000                Expertise et Fabrication Fran\u00e7aise \u2022 22 ans d\u2019expertise en nutraceutique \u2022 Fabrication selon HACCP et certification ISO22000                Expertise et Fabrication Fran\u00e7aise \u2022 22 ans d\u2019expertise en nutraceutique \u2022 Fabrication selon HACCP et certification ISO22000                Expertise et Fabrication Fran\u00e7aise \u2022 22 ans d\u2019expertise en nutraceutique \u2022 Fabrication selon HACCP et certification ISO22000                Expertise et Fabrication Fran\u00e7aise \u2022 22 ans d\u2019expertise en nutraceutique \u2022 Fabrication selon HACCP et certification ISO22000            <\/p>\n<p> Product Dimensions                                            \u200f                                            :                                            \u200e                                            3.5 x 3.5 x 10 cm; 149 g   <br \/> Manufacturer                                            \u200f                                            :                                            \u200e                                            Laboratoires lebeau   <br \/> ASIN                                            \u200f                                            :                                            \u200e                                            B00NI9ZLX6   <br \/> Item model number                                            \u200f                                            :                                            \u200e                                            1   <br \/> Country of origin                                            \u200f                                            :                                            \u200e                                            France   <br \/>  Customer reviews:                                                                                            4.2               4.2 out of 5 stars                                  (704)                                              var dpAcrHasRegisteredArcLinkClickAction;                    P.when(&#8216;A&#8217;, &#8216;ready&#8217;).execute(function(A) {                        if (dpAcrHasRegisteredArcLinkClickAction !== true) {                            dpAcrHasRegisteredArcLinkClickAction = true;                            A.declarative(                                &#8216;acrLink-click-metrics&#8217;, &#8216;click&#8217;,                                { &#8220;allowLinkDefault&#8221;: true },                                function (event) {                                    if (window.ue) {                                        ue.count(&#8220;acrLinkClickCount&#8221;, (ue.count(&#8220;acrLinkClickCount&#8221;) || 0) + 1);                                    }                                }                            );                        }                    });                                             P.when(&#8216;A&#8217;, &#8216;cf&#8217;).execute(function(A) {                A.declarative(&#8216;acrStarsLink-click-metrics&#8217;, &#8216;click&#8217;, { &#8220;allowLinkDefault&#8221; : true },  function(event){                    if(window.ue) {                        ue.count(&#8220;acrStarsLinkWithPopoverClickCount&#8221;, (ue.count(&#8220;acrStarsLinkWithPopoverClickCount&#8221;) || 0) + 1);                    }                });            });                          <br \/>ADVANCED ANTI-AGING FORMULA &#8211; Hyaluronic Acid + Marine Collagen. Concentrated in hyaluronic acid (200 mg) and hydrolyzed marine collagen (100 mg), this dietary supplement deeply moisturizes skin, reduces wrinkles and improves elasticity for firmer and plumped skin.<br \/>Hydrating, elasticity and firmness of the skin. Thanks to its high content of collagen and hyaluronic acid, this supplement strengthens the skin structure, stimulates the production of natural collagen and improves the flexibility and firmness of the skin for a natural lifting effect.<br \/>\ufe0f Anti-wrinkle action and cell regeneration. Enriched with vitamin C and vitamin E, powerful antioxidants, this anti-aging complex protects cells from oxidative stress, stimulates cell renewal and effectively fights against premature skin aging.<br \/>2 Month Cure &#8211; 120 High Absorption Hyaluronic Acid Capsules. Each bottle contains 120 capsules, a complete cure of 2 months. A daily intake of 2 capsules allows optimal assimilation of the active ingredients for visible results on the radiance and youthfulness of the skin.<br \/>Premium quality \u2013 Made in France. Formulated with rigorously selected ingredients (hyaluronic acid, marine collagen), this supplement is made in France according to strict standards. GMO free, gluten-free, lactose free and no artificial additives, it guarantees impeccable quality.<\/p>\n\n","protected":false},"excerpt":{"rendered":"<p> Product Description Add To Basket Add To Basket Add To Basket Customer Reviews \u2014 4.0 out of 5 stars 138 4.0 out of 5 stars 105 4.5 out of 5 stars 213 4.3 out of 5 stars 410 Price \u2014 no data \u2014 no data \u20ac19.90\u20ac19.90 \u20ac24.90\u20ac24.90 \u20ac21.90\u20ac21.90 ACTIONS Booste [&hellip;]<\/p>\n","protected":false},"featured_media":26340,"comment_status":"open","ping_status":"closed","template":"","meta":{"_gspb_post_css":"","om_disable_all_campaigns":false,"_monsterinsights_skip_tracking":false,"_monsterinsights_sitenote_active":false,"_monsterinsights_sitenote_note":"","_monsterinsights_sitenote_category":0},"store":[],"product_brand":[],"product_cat":[137],"product_tag":[188,786,1144,198,2661,168,196,769,3879,187,768,167,191,990,958,176,3104,178,6585],"class_list":{"0":"post-26339","1":"product","2":"type-product","3":"status-publish","4":"has-post-thumbnail","6":"product_cat-collagene-biotine","7":"product_tag-acid","8":"product_tag-antiaging","9":"product_tag-antiwrinkle","10":"product_tag-capsules","11":"product_tag-cell","12":"product_tag-collagen","13":"product_tag-cure","14":"product_tag-elasticity","15":"product_tag-firmness","16":"product_tag-hyaluronic","17":"product_tag-hydration","18":"product_tag-marine","19":"product_tag-month","20":"product_tag-powerful","21":"product_tag-regeneration","22":"product_tag-skin","23":"product_tag-smooth","24":"product_tag-vitamin","25":"product_tag-young","27":"first","28":"instock","29":"shipping-taxable","30":"product-type-external"},"aioseo_notices":[],"jetpack_sharing_enabled":true,"_links":{"self":[{"href":"https:\/\/www.zolattitude.com\/index.php\/wp-json\/wp\/v2\/product\/26339","targetHints":{"allow":["GET"]}}],"collection":[{"href":"https:\/\/www.zolattitude.com\/index.php\/wp-json\/wp\/v2\/product"}],"about":[{"href":"https:\/\/www.zolattitude.com\/index.php\/wp-json\/wp\/v2\/types\/product"}],"replies":[{"embeddable":true,"href":"https:\/\/www.zolattitude.com\/index.php\/wp-json\/wp\/v2\/comments?post=26339"}],"wp:featuredmedia":[{"embeddable":true,"href":"https:\/\/www.zolattitude.com\/index.php\/wp-json\/wp\/v2\/media\/26340"}],"wp:attachment":[{"href":"https:\/\/www.zolattitude.com\/index.php\/wp-json\/wp\/v2\/media?parent=26339"}],"wp:term":[{"taxonomy":"store","embeddable":true,"href":"https:\/\/www.zolattitude.com\/index.php\/wp-json\/wp\/v2\/store?post=26339"},{"taxonomy":"product_brand","embeddable":true,"href":"https:\/\/www.zolattitude.com\/index.php\/wp-json\/wp\/v2\/product_brand?post=26339"},{"taxonomy":"product_cat","embeddable":true,"href":"https:\/\/www.zolattitude.com\/index.php\/wp-json\/wp\/v2\/product_cat?post=26339"},{"taxonomy":"product_tag","embeddable":true,"href":"https:\/\/www.zolattitude.com\/index.php\/wp-json\/wp\/v2\/product_tag?post=26339"}],"curies":[{"name":"wp","href":"https:\/\/api.w.org\/{rel}","templated":true}]}}