{"id":26507,"date":"2026-04-03T01:11:54","date_gmt":"2026-04-03T01:11:54","guid":{"rendered":"https:\/\/www.zolattitude.com\/index.php\/product\/doctors-best-high-absorption-magnesium-100-chelated-with-traacs-with-glycine-and-lysine-240-vegan-tablets-lab-tested-soy-free-gluten-free-non-gmo\/"},"modified":"2026-04-03T01:12:00","modified_gmt":"2026-04-03T01:12:00","slug":"doctors-best-high-absorption-magnesium-100-chelated-with-traacs-with-glycine-and-lysine-240-vegan-tablets-lab-tested-soy-free-gluten-free-non-gmo","status":"publish","type":"product","link":"https:\/\/www.zolattitude.com\/index.php\/product\/doctors-best-high-absorption-magnesium-100-chelated-with-traacs-with-glycine-and-lysine-240-vegan-tablets-lab-tested-soy-free-gluten-free-non-gmo\/","title":{"rendered":"Doctor&#8217;s Best, High Absorption Magnesium, 100% Chelated with TRAACS, with Glycine and Lysine, 240 Vegan Tablets, Lab Tested, Soy Free, Gluten Free, Non-GMO"},"content":{"rendered":"<p>Price: <span style=\"color:#b12704\">\u20ac39.80<\/span><br \/><i><small>(as of Apr 03, 2026 01:11:54 UTC &#8211; <span class=\"wp_automatic_amazon_disclaimer\" title=\"Product prices and availability are accurate as of the date\/time indicated and are subject to change. Any price and availability information displayed on [relevant Amazon Site(s), as applicable] at the time of purchase will apply to the purchase of this product.\">Details<\/span>)<\/small><\/i><br \/><a href=\"https:\/\/amazon.fr\/dp\/B09BVYSJ5F?tag=onamzmoukoubl-21\"><img decoding=\"async\" src=\"https:\/\/valvepress.s3.amazonaws.com\/imgs\/buy_now.png\"><\/a><br \/>\n<\/p>\n<p>                                             From the brand   <\/p>\n<p>                                              <img decoding=\"async\" alt=\"DRB Background\" src=\"https:\/\/images-na.ssl-images-amazon.com\/images\/G\/01\/x-locale\/common\/grey-pixel.gif\" class=\"a-lazy-loaded\" data-src=\"https:\/\/m.media-amazon.com\/images\/S\/aplus-media-library-service-media\/24b71149-0251-42e5-8801-559e6f8ddd47.__CR0,0,1464,625_PT0_SX1464_V1___.jpg\"><img decoding=\"async\" alt=\"DRB Background\" src=\"https:\/\/m.media-amazon.com\/images\/S\/aplus-media-library-service-media\/24b71149-0251-42e5-8801-559e6f8ddd47.__CR0,0,1464,625_PT0_SX1464_V1___.jpg\">  <\/p>\n<p>                                              <img decoding=\"async\" alt=\"\" src=\"https:\/\/images-na.ssl-images-amazon.com\/images\/G\/01\/x-locale\/common\/grey-pixel.gif\" class=\"a-lazy-loaded\" data-src=\"https:\/\/m.media-amazon.com\/images\/S\/aplus-media-library-service-media\/a5bf6ed5-663e-43fd-80ab-de5fa36929dc.__CR252,0,575,720_PT0_SX362_V1___.jpg\"><img decoding=\"async\" alt=\"\" src=\"https:\/\/m.media-amazon.com\/images\/S\/aplus-media-library-service-media\/a5bf6ed5-663e-43fd-80ab-de5fa36929dc.__CR252,0,575,720_PT0_SX362_V1___.jpg\">  <\/p>\n<h3> Doctor&#8217;s Best <\/h3>\n<p> a \u00e9t\u00e9 fond\u00e9e par des m\u00e9decins exp\u00e9riment\u00e9s, avec pour principe de d\u00e9velopper des produits bas\u00e9s sur les r\u00e9sultats de la recherche. <\/p>\n<p>                                              <img decoding=\"async\" alt=\"\" src=\"https:\/\/images-na.ssl-images-amazon.com\/images\/G\/01\/x-locale\/common\/grey-pixel.gif\" class=\"a-lazy-loaded\" data-src=\"https:\/\/m.media-amazon.com\/images\/S\/aplus-media-library-service-media\/22345fa0-3811-4290-8598-7199ab7b7c70.__CR0,0,315,145_PT0_SX315_V1___.jpg\"><img decoding=\"async\" alt=\"\" src=\"https:\/\/m.media-amazon.com\/images\/S\/aplus-media-library-service-media\/22345fa0-3811-4290-8598-7199ab7b7c70.__CR0,0,315,145_PT0_SX315_V1___.jpg\">  <\/p>\n<p> Aujourd&#8217;hui, cette id\u00e9e est toujours \u00e0 la base de tout ce que nous faisons chez Doctor&#8217;s Best. <\/p>\n<p> La sant\u00e9 et la satisfaction de nos clients sont notre priorit\u00e9. C&#8217;est pourquoi nous accordons une grande importance \u00e0 la transparence dans la fabrication de nos produits. <\/p>\n<p>                                                         Nos produits sont-ils de haute qualit\u00e9 ?                                       <\/p>\n<p> Les produits Doctor&#8217;s Best sont exempts d&#8217;OGM et portent le label &#8220;current Good Manufacturing Practice&#8221;. Cela garantit une qualit\u00e9 \u00e9lev\u00e9e des processus de fabrication. <\/p>\n<p> Tous les ingr\u00e9dients utilis\u00e9s et les produits Doctor&#8217;s Best fabriqu\u00e9s sont test\u00e9s par des laboratoires ind\u00e9pendants. <\/p>\n<p>                                                         Qu&#8217;est-ce qui nous diff\u00e9rencie des autres ?                                       <\/p>\n<p> De l&#8217;approvisionnement en ingr\u00e9dients de qualit\u00e9 \u00e0 la collaboration avec les meilleurs fabricants du secteur, notre approche scientifique de la nutrition nous distingue des autres. <\/p>\n<h3> Plus de produits dans le store <\/h3>\n<p class=\"apm-brand-story-stores-link\">\n<p>                                                         Qu&#8217;est-ce qui nous motive ?                                       <\/p>\n<p> Depuis plus de 40 ans, nous sommes anim\u00e9s par la conviction qu&#8217;une vie plus saine est possible pour chacun d&#8217;entre nous, \u00e0 condition de le vouloir. C&#8217;est ce qui nous inspire \u00e0 repousser toujours plus loin les limites de la science nutritionnelle. <\/p>\n<p>                                                         Nos produits sont-ils s\u00fbrs ?                                       <\/p>\n<p> Nos formules fournissent des nutriments et des dosages bas\u00e9s sur la recherche clinique. Nous appliquons les normes les plus strictes \u00e0 chacun des ingr\u00e9dients : Ils doivent \u00eatre propres. Ils doivent \u00eatre frais. Ils doivent \u00eatre les meilleurs. Car c&#8217;est ce que ton corps m\u00e9rite. <\/p>\n<p> Package Dimensions                                            \u200f                                            :                                            \u200e                                            14.4 x 7.6 x 7.4 cm; 352 g   <br \/> Manufacturer                                            \u200f                                            :                                            \u200e                                            Doctor&#8217;s Best   <br \/> ASIN                                            \u200f                                            :                                            \u200e                                            B09BVYSJ5F   <br \/> Manufacturer reference                                            \u200f                                            :                                            \u200e                                            DRB-0041-UK   <br \/> Country of origin                                            \u200f                                            :                                            \u200e                                            USA   <br \/>  Customer reviews:                                                                                            4.5               4.5 out of 5 stars                                  (384)                                              var dpAcrHasRegisteredArcLinkClickAction;                    P.when(&#8216;A&#8217;, &#8216;ready&#8217;).execute(function(A) {                        if (dpAcrHasRegisteredArcLinkClickAction !== true) {                            dpAcrHasRegisteredArcLinkClickAction = true;                            A.declarative(                                &#8216;acrLink-click-metrics&#8217;, &#8216;click&#8217;,                                { &#8220;allowLinkDefault&#8221;: true },                                function (event) {                                    if (window.ue) {                                        ue.count(&#8220;acrLinkClickCount&#8221;, (ue.count(&#8220;acrLinkClickCount&#8221;) || 0) + 1);                                    }                                }                            );                        }                    });                                             P.when(&#8216;A&#8217;, &#8216;cf&#8217;).execute(function(A) {                A.declarative(&#8216;acrStarsLink-click-metrics&#8217;, &#8216;click&#8217;, { &#8220;allowLinkDefault&#8221; : true },  function(event){                    if(window.ue) {                        ue.count(&#8220;acrStarsLinkWithPopoverClickCount&#8221;, (ue.count(&#8220;acrStarsLinkWithPopoverClickCount&#8221;) || 0) + 1);                    }                });            });                          <br \/>HIGH DOSE: One dose, two tablets, Doctor&#8217;s BEST High Absorption Magnesium contains 200mg of magnesium that you can give your body every day<br \/>GOOD BIOAVAILABILITY: Doctors Best&#8217;s high absorption magnesium is characterized by good bioavailability and is also suitable for a vegan diet<br \/>HIGH QUALITY: Doctors Best&#8217;s high absorption magnesium tablets are tested in independent laboratories for quality and purity<br \/>FREE OF UNWANTED ADDITIVES: High absorption magnesium tablets are gluten-free, soy-free and genetically engineered products<br \/>VALUABLE MINERALS: Magnesium is an important mineral that intervenes significantly in many processes in the human organism<\/p>\n\n","protected":false},"excerpt":{"rendered":"<p> From the brand Doctor&#8217;s Best a \u00e9t\u00e9 fond\u00e9e par des m\u00e9decins exp\u00e9riment\u00e9s, avec pour principe de d\u00e9velopper des produits bas\u00e9s sur les r\u00e9sultats de la recherche. Aujourd&#8217;hui, cette id\u00e9e est toujours \u00e0 la base de tout ce que nous faisons chez Doctor&#8217;s Best. La sant\u00e9 et la satisfaction de nos [&hellip;]<\/p>\n","protected":false},"featured_media":26508,"comment_status":"open","ping_status":"closed","template":"","meta":{"_gspb_post_css":"","om_disable_all_campaigns":false,"_monsterinsights_skip_tracking":false,"_monsterinsights_sitenote_active":false,"_monsterinsights_sitenote_note":"","_monsterinsights_sitenote_category":0},"store":[],"product_brand":[],"product_cat":[143],"product_tag":[295,2919,3288,263,310,3801,294,587,6612,287,362,1061,179,951,1911,261],"class_list":{"0":"post-26507","1":"product","2":"type-product","3":"status-publish","4":"has-post-thumbnail","6":"product_cat-mineraux","7":"product_tag-absorption","8":"product_tag-chelated","9":"product_tag-doctors","10":"product_tag-free","11":"product_tag-gluten","12":"product_tag-glycine","13":"product_tag-high","14":"product_tag-lab","15":"product_tag-lysine","16":"product_tag-magnesium","17":"product_tag-nongmo","18":"product_tag-soy","19":"product_tag-tablets","20":"product_tag-tested","21":"product_tag-traacs","22":"product_tag-vegan","24":"first","25":"instock","26":"shipping-taxable","27":"product-type-external"},"aioseo_notices":[],"jetpack_sharing_enabled":true,"_links":{"self":[{"href":"https:\/\/www.zolattitude.com\/index.php\/wp-json\/wp\/v2\/product\/26507","targetHints":{"allow":["GET"]}}],"collection":[{"href":"https:\/\/www.zolattitude.com\/index.php\/wp-json\/wp\/v2\/product"}],"about":[{"href":"https:\/\/www.zolattitude.com\/index.php\/wp-json\/wp\/v2\/types\/product"}],"replies":[{"embeddable":true,"href":"https:\/\/www.zolattitude.com\/index.php\/wp-json\/wp\/v2\/comments?post=26507"}],"wp:featuredmedia":[{"embeddable":true,"href":"https:\/\/www.zolattitude.com\/index.php\/wp-json\/wp\/v2\/media\/26508"}],"wp:attachment":[{"href":"https:\/\/www.zolattitude.com\/index.php\/wp-json\/wp\/v2\/media?parent=26507"}],"wp:term":[{"taxonomy":"store","embeddable":true,"href":"https:\/\/www.zolattitude.com\/index.php\/wp-json\/wp\/v2\/store?post=26507"},{"taxonomy":"product_brand","embeddable":true,"href":"https:\/\/www.zolattitude.com\/index.php\/wp-json\/wp\/v2\/product_brand?post=26507"},{"taxonomy":"product_cat","embeddable":true,"href":"https:\/\/www.zolattitude.com\/index.php\/wp-json\/wp\/v2\/product_cat?post=26507"},{"taxonomy":"product_tag","embeddable":true,"href":"https:\/\/www.zolattitude.com\/index.php\/wp-json\/wp\/v2\/product_tag?post=26507"}],"curies":[{"name":"wp","href":"https:\/\/api.w.org\/{rel}","templated":true}]}}