{"id":27372,"date":"2026-04-11T23:19:02","date_gmt":"2026-04-11T23:19:02","guid":{"rendered":"https:\/\/www.zolattitude.com\/index.php\/product\/nutripure-pure-workout-dietary-supplement-pre-workout-without-caffeine-eaa-bcaa-citrulline-kyowa-beta-alanine-carnosyn-tyrosine-natural-blueberry-flavour-15-x-21g-made-in-france\/"},"modified":"2026-04-11T23:19:11","modified_gmt":"2026-04-11T23:19:11","slug":"nutripure-pure-workout-dietary-supplement-pre-workout-without-caffeine-eaa-bcaa-citrulline-kyowa-beta-alanine-carnosyn-tyrosine-natural-blueberry-flavour-15-x-21g-made-in-france","status":"publish","type":"product","link":"https:\/\/www.zolattitude.com\/index.php\/product\/nutripure-pure-workout-dietary-supplement-pre-workout-without-caffeine-eaa-bcaa-citrulline-kyowa-beta-alanine-carnosyn-tyrosine-natural-blueberry-flavour-15-x-21g-made-in-france\/","title":{"rendered":"Nutripure | Pure Workout | Dietary Supplement | Pre Workout without Caffeine | EAA, BCAA, Citrulline Kyowa, Beta Alanine CarnoSyn, Tyrosine | Natural Blueberry Flavour | 15 x 21g | Made in France"},"content":{"rendered":"<p>Price: <span style=\"color:#b12704\">\u20ac35.90<\/span><br \/><i><small>(as of Apr 11, 2026 23:19:02 UTC &#8211; <span class=\"wp_automatic_amazon_disclaimer\" title=\"Product prices and availability are accurate as of the date\/time indicated and are subject to change. Any price and availability information displayed on [relevant Amazon Site(s), as applicable] at the time of purchase will apply to the purchase of this product.\">Details<\/span>)<\/small><\/i><br \/><a href=\"https:\/\/amazon.fr\/dp\/B09WB42B3H?tag=onamzmoukoubl-21\"><img decoding=\"async\" src=\"https:\/\/valvepress.s3.amazonaws.com\/imgs\/buy_now.png\"><\/a><br \/>\n<\/p>\n<p>                                             From the brand   <\/p>\n<p>                                              <img decoding=\"async\" alt=\"un homme se tient dans un champ avec une montagne en arri\u00e8re-plan.\" src=\"https:\/\/images-na.ssl-images-amazon.com\/images\/G\/01\/x-locale\/common\/grey-pixel.gif\" class=\"a-lazy-loaded\" data-src=\"https:\/\/m.media-amazon.com\/images\/S\/aplus-media-library-service-media\/e0ea1968-5ab1-4b0e-8442-87bd69035f9d.__CR0,0,1464,625_PT0_SX1464_V1___.png\"><img decoding=\"async\" alt=\"un homme se tient dans un champ avec une montagne en arri\u00e8re-plan.\" src=\"https:\/\/m.media-amazon.com\/images\/S\/aplus-media-library-service-media\/e0ea1968-5ab1-4b0e-8442-87bd69035f9d.__CR0,0,1464,625_PT0_SX1464_V1___.png\">  <\/p>\n<p>                                              <img decoding=\"async\" alt=\"\" src=\"https:\/\/images-na.ssl-images-amazon.com\/images\/G\/01\/x-locale\/common\/grey-pixel.gif\" class=\"a-lazy-loaded\" data-src=\"https:\/\/m.media-amazon.com\/images\/S\/aplus-media-library-service-media\/e21a9025-5a5a-4b54-bf6a-e51e8658711c.__CR0,0,315,145_PT0_SX315_V1___.png\"><img decoding=\"async\" alt=\"\" src=\"https:\/\/m.media-amazon.com\/images\/S\/aplus-media-library-service-media\/e21a9025-5a5a-4b54-bf6a-e51e8658711c.__CR0,0,315,145_PT0_SX315_V1___.png\">  <\/p>\n<p> Depuis 2018, Nutripure d\u00e9veloppe des compl\u00e9ments alimentaires naturels, purs et efficaces pour soutenir votre sant\u00e9 et votre performance. <\/p>\n<p> Nous privil\u00e9gions des formulations optimis\u00e9es, une transparence totale sur les ingr\u00e9dients et un engagement envers l\u2019environnement. <\/p>\n<p> Notre objectif : vous accompagner simplement et durablement vers un meilleur \u00e9quilibre au quotidien. <\/p>\n<h3> Sant\u00e9 &amp; Bien \u00catre <\/h3>\n<p class=\"apm-brand-story-stores-link\">\n<h3> Musculation &amp; R\u00e9cup\u00e9ration <\/h3>\n<p class=\"apm-brand-story-stores-link\">\n<h3> Endurance &amp; R\u00e9sistance <\/h3>\n<p class=\"apm-brand-story-stores-link\">\n<h3> Nos Packs Complets &amp; Cibl\u00e9s <\/h3>\n<p class=\"apm-brand-story-stores-link\">\n<p> Package Dimensions                                            \u200f                                            :                                            \u200e                                            26.1 x 18.4 x 2.8 cm; 340 g   <br \/> Manufacturer                                            \u200f                                            :                                            \u200e                                            Nutripure   <br \/> ASIN                                            \u200f                                            :                                            \u200e                                            B09WB42B3H   <br \/> Manufacturer reference                                            \u200f                                            :                                            \u200e                                            inconnu   <br \/> Country of origin                                            \u200f                                            :                                            \u200e                                            France   <br \/>  Customer reviews:                                                                                            3.6               3.6 out of 5 stars                                  (62)                                              var dpAcrHasRegisteredArcLinkClickAction;                    P.when(&#8216;A&#8217;, &#8216;ready&#8217;).execute(function(A) {                        if (dpAcrHasRegisteredArcLinkClickAction !== true) {                            dpAcrHasRegisteredArcLinkClickAction = true;                            A.declarative(                                &#8216;acrLink-click-metrics&#8217;, &#8216;click&#8217;,                                { &#8220;allowLinkDefault&#8221;: true },                                function (event) {                                    if (window.ue) {                                        ue.count(&#8220;acrLinkClickCount&#8221;, (ue.count(&#8220;acrLinkClickCount&#8221;) || 0) + 1);                                    }                                }                            );                        }                    });                                             P.when(&#8216;A&#8217;, &#8216;cf&#8217;).execute(function(A) {                A.declarative(&#8216;acrStarsLink-click-metrics&#8217;, &#8216;click&#8217;, { &#8220;allowLinkDefault&#8221; : true },  function(event){                    if(window.ue) {                        ue.count(&#8220;acrStarsLinkWithPopoverClickCount&#8221;, (ue.count(&#8220;acrStarsLinkWithPopoverClickCount&#8221;) || 0) + 1);                    }                });            });                          <br \/>BCAA and EAA: Pure Workout is the first French pre workout with BCAA and EAA to reduce your mental and physical fatigue during your intensive workouts. The combination of BCAAs with EAA provides your body with amino acids that it does not know how to synthesize. This intake of amino acids will help you recover post-workout in addition to energy gain. BCAAs are branched amino acids and EAA are essential amino acids<br \/>Citrulline Kyowa: Citrulline improves muscle endurance and provides better congestion during strength training. This dietary supplement acts on vascularity and allows you to do more repetitions before muscle failure during your bodybuilding exercises.<br \/>CarnoSyn beta-alanine: Beta alanine is the key ingredient in a good pre workout. This amino acid delays muscle fatigue by acting directly on the lactic acid that you accumulate during your bodybuilding sessions.<br \/>Tyrosine: Tyrosine provides an extra boost of energy, but above all a natural increase in your concentration during exercise. With tyrosine, no more decreasing motivation and concentration during your bodybuilding workouts.<br \/>Pre workout made in France: This caffeine-free bodybuilding booster with blueberry taste will offer you the benefits of each component without the need for caffeine. Use a sachet before your session to exceed your usual performance! High quality product thanks to its French manufacture and the labelling of the molecules.<\/p>\n\n","protected":false},"excerpt":{"rendered":"<p> From the brand Depuis 2018, Nutripure d\u00e9veloppe des compl\u00e9ments alimentaires naturels, purs et efficaces pour soutenir votre sant\u00e9 et votre performance. Nous privil\u00e9gions des formulations optimis\u00e9es, une transparence totale sur les ingr\u00e9dients et un engagement envers l\u2019environnement. Notre objectif : vous accompagner simplement et durablement vers un meilleur \u00e9quilibre au [&hellip;]<\/p>\n","protected":false},"featured_media":27373,"comment_status":"open","ping_status":"closed","template":"","meta":{"_gspb_post_css":"","om_disable_all_campaigns":false,"_monsterinsights_skip_tracking":false,"_monsterinsights_sitenote_active":false,"_monsterinsights_sitenote_note":"","_monsterinsights_sitenote_category":0},"store":[],"product_brand":[],"product_cat":[137],"product_tag":[6138,6796,1864,4605,986,1640,6797,2278,299,6719,596,201,3056,260,940,5587,213,200,457,5588],"class_list":{"0":"post-27372","1":"product","2":"type-product","3":"status-publish","4":"has-post-thumbnail","6":"product_cat-collagene-biotine","7":"product_tag-21g","8":"product_tag-alanine","9":"product_tag-bcaa","10":"product_tag-beta","11":"product_tag-blueberry","12":"product_tag-caffeine","13":"product_tag-carnosyn","14":"product_tag-citrulline","15":"product_tag-dietary","16":"product_tag-eaa","17":"product_tag-flavour","18":"product_tag-france","19":"product_tag-kyowa","20":"product_tag-natural","21":"product_tag-nutripure","22":"product_tag-pre","23":"product_tag-pure","24":"product_tag-supplement","25":"product_tag-tyrosine","26":"product_tag-workout","28":"first","29":"instock","30":"shipping-taxable","31":"product-type-external"},"aioseo_notices":[],"jetpack_sharing_enabled":true,"_links":{"self":[{"href":"https:\/\/www.zolattitude.com\/index.php\/wp-json\/wp\/v2\/product\/27372","targetHints":{"allow":["GET"]}}],"collection":[{"href":"https:\/\/www.zolattitude.com\/index.php\/wp-json\/wp\/v2\/product"}],"about":[{"href":"https:\/\/www.zolattitude.com\/index.php\/wp-json\/wp\/v2\/types\/product"}],"replies":[{"embeddable":true,"href":"https:\/\/www.zolattitude.com\/index.php\/wp-json\/wp\/v2\/comments?post=27372"}],"wp:featuredmedia":[{"embeddable":true,"href":"https:\/\/www.zolattitude.com\/index.php\/wp-json\/wp\/v2\/media\/27373"}],"wp:attachment":[{"href":"https:\/\/www.zolattitude.com\/index.php\/wp-json\/wp\/v2\/media?parent=27372"}],"wp:term":[{"taxonomy":"store","embeddable":true,"href":"https:\/\/www.zolattitude.com\/index.php\/wp-json\/wp\/v2\/store?post=27372"},{"taxonomy":"product_brand","embeddable":true,"href":"https:\/\/www.zolattitude.com\/index.php\/wp-json\/wp\/v2\/product_brand?post=27372"},{"taxonomy":"product_cat","embeddable":true,"href":"https:\/\/www.zolattitude.com\/index.php\/wp-json\/wp\/v2\/product_cat?post=27372"},{"taxonomy":"product_tag","embeddable":true,"href":"https:\/\/www.zolattitude.com\/index.php\/wp-json\/wp\/v2\/product_tag?post=27372"}],"curies":[{"name":"wp","href":"https:\/\/api.w.org\/{rel}","templated":true}]}}