{"id":27390,"date":"2026-04-11T23:57:56","date_gmt":"2026-04-11T23:57:56","guid":{"rendered":"https:\/\/www.zolattitude.com\/index.php\/product\/magnesium-bisglycinate-intense-fatigue-exhaustion-anti-stress-anxiety-anxiety-vitamin-b6-taurine-high-absorption-1-month-made-in-france-laboratoire-naturavignon\/"},"modified":"2026-04-11T23:57:59","modified_gmt":"2026-04-11T23:57:59","slug":"magnesium-bisglycinate-intense-fatigue-exhaustion-anti-stress-anxiety-anxiety-vitamin-b6-taurine-high-absorption-1-month-made-in-france-laboratoire-naturavignon","status":"publish","type":"product","link":"https:\/\/www.zolattitude.com\/index.php\/product\/magnesium-bisglycinate-intense-fatigue-exhaustion-anti-stress-anxiety-anxiety-vitamin-b6-taurine-high-absorption-1-month-made-in-france-laboratoire-naturavignon\/","title":{"rendered":"Magnesium Bisglycinate | Intense Fatigue Exhaustion Anti Stress Anxiety Anxiety | Vitamin B6 Taurine | High Absorption | 1 Month | Made in France | Laboratoire NaturAvignon"},"content":{"rendered":"<p>Price: <span style=\"color:#b12704\">\u20ac14.99<\/span><br \/><i><small>(as of Apr 11, 2026 23:57:56 UTC &#8211; <span class=\"wp_automatic_amazon_disclaimer\" title=\"Product prices and availability are accurate as of the date\/time indicated and are subject to change. Any price and availability information displayed on [relevant Amazon Site(s), as applicable] at the time of purchase will apply to the purchase of this product.\">Details<\/span>)<\/small><\/i><br \/><a href=\"https:\/\/amazon.fr\/dp\/B0CVS8K2J4?tag=onamzmoukoubl-21\"><img decoding=\"async\" src=\"https:\/\/valvepress.s3.amazonaws.com\/imgs\/buy_now.png\"><\/a><br \/>\n<\/p>\n<p>                                             From the brand   <\/p>\n<p>                                              <img decoding=\"async\" alt=\"\" src=\"https:\/\/images-na.ssl-images-amazon.com\/images\/G\/01\/x-locale\/common\/grey-pixel.gif\" class=\"a-lazy-loaded\" data-src=\"https:\/\/m.media-amazon.com\/images\/S\/aplus-media-library-service-media\/64bd67c8-c520-4b10-b887-94b2d0fe4317.__CR0,0,1464,625_PT0_SX1464_V1___.png\"><img decoding=\"async\" alt=\"\" src=\"https:\/\/m.media-amazon.com\/images\/S\/aplus-media-library-service-media\/64bd67c8-c520-4b10-b887-94b2d0fe4317.__CR0,0,1464,625_PT0_SX1464_V1___.png\">  <\/p>\n<p>                                              <img decoding=\"async\" alt=\"Elue marque de l&amp;#39;ann\u00e9e 2025\" src=\"https:\/\/images-na.ssl-images-amazon.com\/images\/G\/01\/x-locale\/common\/grey-pixel.gif\" class=\"a-lazy-loaded\" data-src=\"https:\/\/m.media-amazon.com\/images\/S\/aplus-media-library-service-media\/02132864-fbe2-4a56-a426-fbe2d2d78104.__CR0,0,362,453_PT0_SX362_V1___.png\"><img decoding=\"async\" alt=\"Elue marque de l&amp;#39;ann\u00e9e 2025\" src=\"https:\/\/m.media-amazon.com\/images\/S\/aplus-media-library-service-media\/02132864-fbe2-4a56-a426-fbe2d2d78104.__CR0,0,362,453_PT0_SX362_V1___.png\">  <\/p>\n<h3> Meilleures ventes Naturavignon <\/h3>\n<p class=\"apm-brand-story-stores-link\">\n<p>                                              <img decoding=\"async\" alt=\"\" src=\"https:\/\/images-na.ssl-images-amazon.com\/images\/G\/01\/x-locale\/common\/grey-pixel.gif\" class=\"a-lazy-loaded\" data-src=\"https:\/\/m.media-amazon.com\/images\/S\/aplus-media-library-service-media\/66181fd9-2b6e-4ac8-a742-ce03a2cee4b8.__CR0,0,362,453_PT0_SX362_V1___.png\"><img decoding=\"async\" alt=\"\" src=\"https:\/\/m.media-amazon.com\/images\/S\/aplus-media-library-service-media\/66181fd9-2b6e-4ac8-a742-ce03a2cee4b8.__CR0,0,362,453_PT0_SX362_V1___.png\">  <\/p>\n<h3> Douleurs articulaires <\/h3>\n<p class=\"apm-brand-story-stores-link\">\n<p>                                              <img decoding=\"async\" alt=\"Collag\u00e8ne peau efficace indispensable\" src=\"https:\/\/images-na.ssl-images-amazon.com\/images\/G\/01\/x-locale\/common\/grey-pixel.gif\" class=\"a-lazy-loaded\" data-src=\"https:\/\/m.media-amazon.com\/images\/S\/aplus-media-library-service-media\/f007401a-6e64-4a9e-91a3-f10517600697.__CR0,0,362,453_PT0_SX362_V1___.jpg\"><img decoding=\"async\" alt=\"Collag\u00e8ne peau efficace indispensable\" src=\"https:\/\/m.media-amazon.com\/images\/S\/aplus-media-library-service-media\/f007401a-6e64-4a9e-91a3-f10517600697.__CR0,0,362,453_PT0_SX362_V1___.jpg\">  <\/p>\n<h3> Perte de poids &amp; Brule Graisse <\/h3>\n<p class=\"apm-brand-story-stores-link\">\n<p>                                              <img decoding=\"async\" alt=\"\" src=\"https:\/\/images-na.ssl-images-amazon.com\/images\/G\/01\/x-locale\/common\/grey-pixel.gif\" class=\"a-lazy-loaded\" data-src=\"https:\/\/m.media-amazon.com\/images\/S\/aplus-media-library-service-media\/b33332f5-849a-4a9a-9bfb-37239ff08876.__CR0,0,362,453_PT0_SX362_V1___.png\"><img decoding=\"async\" alt=\"\" src=\"https:\/\/m.media-amazon.com\/images\/S\/aplus-media-library-service-media\/b33332f5-849a-4a9a-9bfb-37239ff08876.__CR0,0,362,453_PT0_SX362_V1___.png\">  <\/p>\n<h3> Collag\u00e8ne <\/h3>\n<p class=\"apm-brand-story-stores-link\">\n<p>                                              <img decoding=\"async\" alt=\"\" src=\"https:\/\/images-na.ssl-images-amazon.com\/images\/G\/01\/x-locale\/common\/grey-pixel.gif\" class=\"a-lazy-loaded\" data-src=\"https:\/\/m.media-amazon.com\/images\/S\/aplus-media-library-service-media\/4a611beb-9c5f-4b6f-86f5-4955d7c3cd3e.__CR0,0,315,145_PT0_SX315_V1___.png\"><img decoding=\"async\" alt=\"\" src=\"https:\/\/m.media-amazon.com\/images\/S\/aplus-media-library-service-media\/4a611beb-9c5f-4b6f-86f5-4955d7c3cd3e.__CR0,0,315,145_PT0_SX315_V1___.png\">  <\/p>\n<p> Notre mission : accompagner, conseiller et guider vers une meilleure sant\u00e9 <\/p>\n<p> En plus des compl\u00e9ments alimentaires, accompagner et conseiller font partie de l\u2019ADN de Laboratoire NaturAvignon. Pour cela, le laboratoire s\u2019entoure de professionnels scientifiques et de sant\u00e9 pour apporter du service autour des compl\u00e9ments alimentaires : astuces, programmes, \u00e9coute, transparence\u2026 <\/p>\n<p> Product Dimensions                                            \u200f                                            :                                            \u200e                                            12 x 8.6 x 4.1 cm; 70 g   <br \/> Manufacturer                                            \u200f                                            :                                            \u200e                                            Naturavignon Laboratoire   <br \/> ASIN                                            \u200f                                            :                                            \u200e                                            B0CVS8K2J4   <br \/> Manufacturer reference                                            \u200f                                            :                                            \u200e                                            012231   <br \/> Country of origin                                            \u200f                                            :                                            \u200e                                            France   <br \/>  Customer reviews:                                                                                            4.6               4.6 out of 5 stars                                  (128)                                              var dpAcrHasRegisteredArcLinkClickAction;                    P.when(&#8216;A&#8217;, &#8216;ready&#8217;).execute(function(A) {                        if (dpAcrHasRegisteredArcLinkClickAction !== true) {                            dpAcrHasRegisteredArcLinkClickAction = true;                            A.declarative(                                &#8216;acrLink-click-metrics&#8217;, &#8216;click&#8217;,                                { &#8220;allowLinkDefault&#8221;: true },                                function (event) {                                    if (window.ue) {                                        ue.count(&#8220;acrLinkClickCount&#8221;, (ue.count(&#8220;acrLinkClickCount&#8221;) || 0) + 1);                                    }                                }                            );                        }                    });                                             P.when(&#8216;A&#8217;, &#8216;cf&#8217;).execute(function(A) {                A.declarative(&#8216;acrStarsLink-click-metrics&#8217;, &#8216;click&#8217;, { &#8220;allowLinkDefault&#8221; : true },  function(event){                    if(window.ue) {                        ue.count(&#8220;acrStarsLinkWithPopoverClickCount&#8221;, (ue.count(&#8220;acrStarsLinkWithPopoverClickCount&#8221;) || 0) + 1);                    }                });            });                          <br \/>ANTI-STRESS &#038; ANTI-FATIGUE GLOBAL \u2013 Our food supplement combines Magnesium Bisglycinate, Vitamin B6 and Taurine to act effectively against mental and physical fatigue. It promotes better resistance to stress, while supporting energy production to combat decreases in shape. Ideal for overwork, exams, heavy work or sleep disorders.<br \/>PATENTED HIGH BIOAVAILABILITY FORMULA \u2013 We use a patented form of Magnesium Bisglycinate, renowned for its excellent assimilation by the body and its high digestive tolerance, even for sensitive guts. Unlike other forms of magnesium (oxide, citrate\u2026), our magnesium is better absorbed.<br \/>Magnesium synergy + B6 + TAURINE \u2013 The combination of Magnesium with Vitamin B6 enhances the effectiveness against fatigue and stress, contributing to the normal functioning of the nervous system and reducing exhaustion. Taurine acts in support of magnesium, promotes nervous balance and improves sleep regulation. A winning trio to regain energy and serenity guaranteeing a high absorption superior to marine magnesium<br \/>SIMPLE &#038; EFFECTIVE DOSAGE \u2013 Only 2 capsules per day are enough to reach the optimal dose of 200 mg Magnesium element, 1.4 mg of Vitamin B6 (i.e. 100% of the nutritional reference values). An easy routine to integrate into your daily life, without excess tablets. Value pack of 60 capsules for a 30-day cure.<br \/>FRENCH QUALITY &#038; NATURAVIGNON COMMITMENT \u2013 Designed, manufactured and packaged in France, our Magnesium Bisglycinate is the result of the expertise of the NaturAvignon Laboratory, located in Avignon for over 20 years. Our formulas are rigorously developed, selecting high-quality active ingredients for visible results on your well-being.<\/p>\n\n","protected":false},"excerpt":{"rendered":"<p> From the brand Meilleures ventes Naturavignon Douleurs articulaires Perte de poids &amp; Brule Graisse Collag\u00e8ne Notre mission : accompagner, conseiller et guider vers une meilleure sant\u00e9 En plus des compl\u00e9ments alimentaires, accompagner et conseiller font partie de l\u2019ADN de Laboratoire NaturAvignon. Pour cela, le laboratoire s\u2019entoure de professionnels scientifiques et [&hellip;]<\/p>\n","protected":false},"featured_media":27391,"comment_status":"open","ping_status":"closed","template":"","meta":{"_gspb_post_css":"","om_disable_all_campaigns":false,"_monsterinsights_skip_tracking":false,"_monsterinsights_sitenote_active":false,"_monsterinsights_sitenote_note":"","_monsterinsights_sitenote_category":0},"store":[],"product_brand":[],"product_cat":[152],"product_tag":[295,423,570,293,4594,270,201,294,269,2502,287,191,1793,278,1279,178],"class_list":{"0":"post-27390","1":"product","2":"type-product","3":"status-publish","4":"has-post-thumbnail","6":"product_cat-magnesium-marin","7":"product_tag-absorption","8":"product_tag-anti","9":"product_tag-anxiety","10":"product_tag-bisglycinate","11":"product_tag-exhaustion","12":"product_tag-fatigue","13":"product_tag-france","14":"product_tag-high","15":"product_tag-intense","16":"product_tag-laboratoire","17":"product_tag-magnesium","18":"product_tag-month","19":"product_tag-naturavignon","20":"product_tag-stress","21":"product_tag-taurine","22":"product_tag-vitamin","24":"first","25":"instock","26":"shipping-taxable","27":"product-type-external"},"aioseo_notices":[],"jetpack_sharing_enabled":true,"_links":{"self":[{"href":"https:\/\/www.zolattitude.com\/index.php\/wp-json\/wp\/v2\/product\/27390","targetHints":{"allow":["GET"]}}],"collection":[{"href":"https:\/\/www.zolattitude.com\/index.php\/wp-json\/wp\/v2\/product"}],"about":[{"href":"https:\/\/www.zolattitude.com\/index.php\/wp-json\/wp\/v2\/types\/product"}],"replies":[{"embeddable":true,"href":"https:\/\/www.zolattitude.com\/index.php\/wp-json\/wp\/v2\/comments?post=27390"}],"wp:featuredmedia":[{"embeddable":true,"href":"https:\/\/www.zolattitude.com\/index.php\/wp-json\/wp\/v2\/media\/27391"}],"wp:attachment":[{"href":"https:\/\/www.zolattitude.com\/index.php\/wp-json\/wp\/v2\/media?parent=27390"}],"wp:term":[{"taxonomy":"store","embeddable":true,"href":"https:\/\/www.zolattitude.com\/index.php\/wp-json\/wp\/v2\/store?post=27390"},{"taxonomy":"product_brand","embeddable":true,"href":"https:\/\/www.zolattitude.com\/index.php\/wp-json\/wp\/v2\/product_brand?post=27390"},{"taxonomy":"product_cat","embeddable":true,"href":"https:\/\/www.zolattitude.com\/index.php\/wp-json\/wp\/v2\/product_cat?post=27390"},{"taxonomy":"product_tag","embeddable":true,"href":"https:\/\/www.zolattitude.com\/index.php\/wp-json\/wp\/v2\/product_tag?post=27390"}],"curies":[{"name":"wp","href":"https:\/\/api.w.org\/{rel}","templated":true}]}}