{"id":27520,"date":"2026-04-12T23:55:58","date_gmt":"2026-04-12T23:55:58","guid":{"rendered":"https:\/\/www.zolattitude.com\/index.php\/product\/nutri-co-probiotics-for-children-probiotics-vitamin-d-omega-3-childrens-food-supplement-immunity-defenses-growth-bone-teeth-microbiota-from-3-years-15-ml-made-in-france\/"},"modified":"2026-04-12T23:55:58","modified_gmt":"2026-04-12T23:55:58","slug":"nutri-co-probiotics-for-children-probiotics-vitamin-d-omega-3-childrens-food-supplement-immunity-defenses-growth-bone-teeth-microbiota-from-3-years-15-ml-made-in-france","status":"publish","type":"product","link":"https:\/\/www.zolattitude.com\/index.php\/product\/nutri-co-probiotics-for-children-probiotics-vitamin-d-omega-3-childrens-food-supplement-immunity-defenses-growth-bone-teeth-microbiota-from-3-years-15-ml-made-in-france\/","title":{"rendered":"NUTRI &#038; CO Probiotics for Children &#8211; Probiotics + Vitamin D &#038; Omega 3 &#8211; Children&#8217;s Food Supplement &#8211; Immunity Defenses Growth &#8211; Bone Teeth Microbiota &#8211; From 3 Years &#8211; 15 ml &#8211; Made in France"},"content":{"rendered":"<p>Price: <span style=\"color:#b12704\"><\/span><br \/><i><small>(as of  &#8211; <span class=\"wp_automatic_amazon_disclaimer\" title=\"Product prices and availability are accurate as of the date\/time indicated and are subject to change. Any price and availability information displayed on [relevant Amazon Site(s), as applicable] at the time of purchase will apply to the purchase of this product.\">Details<\/span>)<\/small><\/i><br \/><a href=\"https:\/\/amazon.fr\/dp\/B0C59LNFY1?tag=onamzmoukoubl-21\"><img decoding=\"async\" src=\"https:\/\/valvepress.s3.amazonaws.com\/imgs\/buy_now.png\"><\/a><br \/>\n<\/p>\n<p>                                             From the brand   <\/p>\n<p>                                              <img decoding=\"async\" alt=\"Le texte indique \u00ab NUTRI&amp;amp;CO \u00bb. Image marketing montrant l&amp;#39;emballage du produit de couleur orange sur fond bleu fonc\u00e9 avec des \u00e9l\u00e9ments graphiques.\" src=\"https:\/\/images-na.ssl-images-amazon.com\/images\/G\/01\/x-locale\/common\/grey-pixel.gif\" class=\"a-lazy-loaded\" data-src=\"https:\/\/m.media-amazon.com\/images\/S\/aplus-media-library-service-media\/bc68d366-dde2-4e8b-b39a-9c6b8559ac67.__CR0,0,1464,625_PT0_SX1464_V1___.png\"><img decoding=\"async\" alt=\"Le texte indique \u00ab NUTRI&amp;amp;CO \u00bb. Image marketing montrant l&amp;#39;emballage du produit de couleur orange sur fond bleu fonc\u00e9 avec des \u00e9l\u00e9ments graphiques.\" src=\"https:\/\/m.media-amazon.com\/images\/S\/aplus-media-library-service-media\/bc68d366-dde2-4e8b-b39a-9c6b8559ac67.__CR0,0,1464,625_PT0_SX1464_V1___.png\">  <\/p>\n<p>                                              <img decoding=\"async\" alt=\"aplus content image\" src=\"https:\/\/images-na.ssl-images-amazon.com\/images\/G\/01\/x-locale\/common\/grey-pixel.gif\" class=\"a-lazy-loaded\" data-src=\"https:\/\/m.media-amazon.com\/images\/S\/aplus-media-library-service-media\/dc566344-7730-43ab-947d-fe4f20753bfb.__CR0,0,362,453_PT0_SX362_V1___.png\"><img decoding=\"async\" alt=\"aplus content image\" src=\"https:\/\/m.media-amazon.com\/images\/S\/aplus-media-library-service-media\/dc566344-7730-43ab-947d-fe4f20753bfb.__CR0,0,362,453_PT0_SX362_V1___.png\">  <\/p>\n<h3> Sant\u00e9 <\/h3>\n<p class=\"apm-brand-story-stores-link\">\n<p>                                              <img decoding=\"async\" alt=\"aplus content image\" src=\"https:\/\/images-na.ssl-images-amazon.com\/images\/G\/01\/x-locale\/common\/grey-pixel.gif\" class=\"a-lazy-loaded\" data-src=\"https:\/\/m.media-amazon.com\/images\/S\/aplus-media-library-service-media\/2fd170eb-52d2-4975-9462-61ecbc7389bc.__CR0,0,362,453_PT0_SX362_V1___.png\"><img decoding=\"async\" alt=\"aplus content image\" src=\"https:\/\/m.media-amazon.com\/images\/S\/aplus-media-library-service-media\/2fd170eb-52d2-4975-9462-61ecbc7389bc.__CR0,0,362,453_PT0_SX362_V1___.png\">  <\/p>\n<h3> Sport <\/h3>\n<p class=\"apm-brand-story-stores-link\">\n<p>                                              <img decoding=\"async\" alt=\"aplus content image\" src=\"https:\/\/images-na.ssl-images-amazon.com\/images\/G\/01\/x-locale\/common\/grey-pixel.gif\" class=\"a-lazy-loaded\" data-src=\"https:\/\/m.media-amazon.com\/images\/S\/aplus-media-library-service-media\/8ff90505-c330-49e7-a8b7-f7101878650f.__CR0,0,362,453_PT0_SX362_V1___.png\"><img decoding=\"async\" alt=\"aplus content image\" src=\"https:\/\/m.media-amazon.com\/images\/S\/aplus-media-library-service-media\/8ff90505-c330-49e7-a8b7-f7101878650f.__CR0,0,362,453_PT0_SX362_V1___.png\">  <\/p>\n<p>                                              <img decoding=\"async\" alt=\"aplus content image\" src=\"https:\/\/images-na.ssl-images-amazon.com\/images\/G\/01\/x-locale\/common\/grey-pixel.gif\" class=\"a-lazy-loaded\" data-src=\"https:\/\/m.media-amazon.com\/images\/S\/aplus-media-library-service-media\/5c2745ed-349f-4fd8-b42f-2b61dd4d0fc4.__CR0,0,362,453_PT0_SX362_V1___.png\"><img decoding=\"async\" alt=\"aplus content image\" src=\"https:\/\/m.media-amazon.com\/images\/S\/aplus-media-library-service-media\/5c2745ed-349f-4fd8-b42f-2b61dd4d0fc4.__CR0,0,362,453_PT0_SX362_V1___.png\">  <\/p>\n<h3> Beaut\u00e9 <\/h3>\n<p class=\"apm-brand-story-stores-link\">\n<p>                                              <img decoding=\"async\" alt=\"aplus content image\" src=\"https:\/\/images-na.ssl-images-amazon.com\/images\/G\/01\/x-locale\/common\/grey-pixel.gif\" class=\"a-lazy-loaded\" data-src=\"https:\/\/m.media-amazon.com\/images\/S\/aplus-media-library-service-media\/84981cd7-9a65-4842-97d9-4c947a86677d.__CR0,0,362,453_PT0_SX362_V1___.png\"><img decoding=\"async\" alt=\"aplus content image\" src=\"https:\/\/m.media-amazon.com\/images\/S\/aplus-media-library-service-media\/84981cd7-9a65-4842-97d9-4c947a86677d.__CR0,0,362,453_PT0_SX362_V1___.png\">  <\/p>\n<p> Package Dimensions                                            \u200f                                            :                                            \u200e                                            9.4 x 5.7 x 3.1 cm; 35 g   <br \/> Manufacturer                                            \u200f                                            :                                            \u200e                                            NUTRI &#038; CO   <br \/> ASIN                                            \u200f                                            :                                            \u200e                                            B0C59LNFY1   <br \/> Item model number                                            \u200f                                            :                                            \u200e                                            FRA-KID-015   <br \/> Country of origin                                            \u200f                                            :                                            \u200e                                            France   <br \/>  Customer reviews:                                                                                            4.1               4.1 out of 5 stars                                  (154)                                              var dpAcrHasRegisteredArcLinkClickAction;                    P.when(&#8216;A&#8217;, &#8216;ready&#8217;).execute(function(A) {                        if (dpAcrHasRegisteredArcLinkClickAction !== true) {                            dpAcrHasRegisteredArcLinkClickAction = true;                            A.declarative(                                &#8216;acrLink-click-metrics&#8217;, &#8216;click&#8217;,                                { &#8220;allowLinkDefault&#8221;: true },                                function (event) {                                    if (window.ue) {                                        ue.count(&#8220;acrLinkClickCount&#8221;, (ue.count(&#8220;acrLinkClickCount&#8221;) || 0) + 1);                                    }                                }                            );                        }                    });                                             P.when(&#8216;A&#8217;, &#8216;cf&#8217;).execute(function(A) {                A.declarative(&#8216;acrStarsLink-click-metrics&#8217;, &#8216;click&#8217;, { &#8220;allowLinkDefault&#8221; : true },  function(event){                    if(window.ue) {                        ue.count(&#8220;acrStarsLinkWithPopoverClickCount&#8221;, (ue.count(&#8220;acrStarsLinkWithPopoverClickCount&#8221;) || 0) + 1);                    }                });            });                          <br \/>Children&#8217;s Probiotics &#8211; Our liquid food supplement formula is a probiotic designed especially for younger children (3-10 years) easy to ingest and mix with neutral taste perfectly adapts to children&#8217;s diet. Lactobacillus rhamnosus strain SP1 (DSM 21690) resists gastric and biliary juices and arrives alive in the intestine<br \/>Bone Growth, Immunity &#038; Microbiota Balance &#8211; Our product meets the basic needs of children. It contains vitamin D for immunity and bone growth, Omega 3 and DHA to improve cognitive functions such as memory and reasoning and probiotics for balance of microbiota and reducing the risk of cavities<br \/>Only the essentials &#8211; Unlike the many sugar-saturated sugar tote and gummies, Nutri&#038;Co has developed a formula that goes to the basics. Your children deserve the best, so our formula contains only natural products. It is also free of additives, gluten and sugars. Our product is not a candy, it contains only the most important nutrients for their development and immune system<br \/>Save money &#8211; Taking our children&#8217;s food supplement is possible from 3 years old. 1 dosing pipette per day is enough to provide your child with the necessary probiotics and vitamins for their health and growth. Our product can be taken all year round. 15ml bottle lasts 1 month for a balanced dosage and fair price<br \/>Certified and transparent product &#8211; Discover everything about our formula thanks to our fun and interactive packaging! Our probiotic lactobacillus rhamnosus SP1 (DSM 21690) comes from an expert Italian laboratory in this field. Our Omega 3 are of French origin. Finally, our vegetable vitamin D3 (boreal lichen) is extracted in the UK. The whole thing is vegan friendly and encapsulated in Italy for a 100% transparent production<\/p>\n\n","protected":false},"excerpt":{"rendered":"<p> From the brand Sant\u00e9 Sport Beaut\u00e9 Package Dimensions \u200f : \u200e 9.4 x 5.7 x 3.1 cm; 35 g Manufacturer \u200f : \u200e NUTRI &#038; CO ASIN \u200f : \u200e B0C59LNFY1 Item model number \u200f : \u200e FRA-KID-015 Country of origin \u200f : \u200e France Customer reviews: 4.1 4.1 out [&hellip;]<\/p>\n","protected":false},"featured_media":27521,"comment_status":"open","ping_status":"closed","template":"","meta":{"_gspb_post_css":"","om_disable_all_campaigns":false,"_monsterinsights_skip_tracking":false,"_monsterinsights_sitenote_active":false,"_monsterinsights_sitenote_note":"","_monsterinsights_sitenote_category":0},"store":[],"product_brand":[],"product_cat":[154],"product_tag":[993,2079,2970,815,199,201,194,272,436,546,259,490,200,1433,178,1583],"class_list":{"0":"post-27520","1":"product","2":"type-product","3":"status-publish","4":"has-post-thumbnail","6":"product_cat-sante-intestinale","7":"product_tag-bone","8":"product_tag-children","9":"product_tag-childrens","10":"product_tag-defenses","11":"product_tag-food","12":"product_tag-france","13":"product_tag-growth","14":"product_tag-immunity","15":"product_tag-microbiota","16":"product_tag-nutri","17":"product_tag-omega","18":"product_tag-probiotics","19":"product_tag-supplement","20":"product_tag-teeth","21":"product_tag-vitamin","22":"product_tag-years","24":"first","25":"instock","26":"shipping-taxable","27":"product-type-simple"},"aioseo_notices":[],"jetpack_sharing_enabled":true,"_links":{"self":[{"href":"https:\/\/www.zolattitude.com\/index.php\/wp-json\/wp\/v2\/product\/27520","targetHints":{"allow":["GET"]}}],"collection":[{"href":"https:\/\/www.zolattitude.com\/index.php\/wp-json\/wp\/v2\/product"}],"about":[{"href":"https:\/\/www.zolattitude.com\/index.php\/wp-json\/wp\/v2\/types\/product"}],"replies":[{"embeddable":true,"href":"https:\/\/www.zolattitude.com\/index.php\/wp-json\/wp\/v2\/comments?post=27520"}],"wp:featuredmedia":[{"embeddable":true,"href":"https:\/\/www.zolattitude.com\/index.php\/wp-json\/wp\/v2\/media\/27521"}],"wp:attachment":[{"href":"https:\/\/www.zolattitude.com\/index.php\/wp-json\/wp\/v2\/media?parent=27520"}],"wp:term":[{"taxonomy":"store","embeddable":true,"href":"https:\/\/www.zolattitude.com\/index.php\/wp-json\/wp\/v2\/store?post=27520"},{"taxonomy":"product_brand","embeddable":true,"href":"https:\/\/www.zolattitude.com\/index.php\/wp-json\/wp\/v2\/product_brand?post=27520"},{"taxonomy":"product_cat","embeddable":true,"href":"https:\/\/www.zolattitude.com\/index.php\/wp-json\/wp\/v2\/product_cat?post=27520"},{"taxonomy":"product_tag","embeddable":true,"href":"https:\/\/www.zolattitude.com\/index.php\/wp-json\/wp\/v2\/product_tag?post=27520"}],"curies":[{"name":"wp","href":"https:\/\/api.w.org\/{rel}","templated":true}]}}