{"id":27559,"date":"2026-04-13T01:26:28","date_gmt":"2026-04-13T01:26:28","guid":{"rendered":"https:\/\/www.zolattitude.com\/index.php\/product\/aragan-synactives-zincactives-immunity-and-skin-supplement-zinc-vitamins-b5-and-b6-60-capsules-1-month-taken-made-in-france\/"},"modified":"2026-04-13T01:26:37","modified_gmt":"2026-04-13T01:26:37","slug":"aragan-synactives-zincactives-immunity-and-skin-supplement-zinc-vitamins-b5-and-b6-60-capsules-1-month-taken-made-in-france","status":"publish","type":"product","link":"https:\/\/www.zolattitude.com\/index.php\/product\/aragan-synactives-zincactives-immunity-and-skin-supplement-zinc-vitamins-b5-and-b6-60-capsules-1-month-taken-made-in-france\/","title":{"rendered":"ARAGAN &#8211; Synactives &#8211; Zincactives &#8211; Immunity and Skin Supplement &#8211; Zinc, Vitamins B5 and B6 &#8211; 60 capsules &#8211; 1 month taken &#8211; Made in France"},"content":{"rendered":"<p>Price: <span style=\"color:#b12704\">\u20ac15.90<\/span><br \/><i><small>(as of Apr 13, 2026 01:26:28 UTC &#8211; <span class=\"wp_automatic_amazon_disclaimer\" title=\"Product prices and availability are accurate as of the date\/time indicated and are subject to change. Any price and availability information displayed on [relevant Amazon Site(s), as applicable] at the time of purchase will apply to the purchase of this product.\">Details<\/span>)<\/small><\/i><br \/><a href=\"https:\/\/amazon.fr\/dp\/B0974W9K8M?tag=onamzmoukoubl-21\"><img decoding=\"async\" src=\"https:\/\/valvepress.s3.amazonaws.com\/imgs\/buy_now.png\"><\/a><br \/>\n<\/p>\n<p>                                             Product Description   <\/p>\n<p>                                                  <img decoding=\"async\" alt=\"aragan\" src=\"https:\/\/images-na.ssl-images-amazon.com\/images\/G\/01\/x-locale\/common\/grey-pixel.gif\" class=\"a-lazy-loaded\" data-src=\"https:\/\/m.media-amazon.com\/images\/S\/aplus-media-library-service-media\/45f9bf25-34a8-4c25-94c3-d22c085c8534.__CR0,0,970,300_PT0_SX970_V1___.jpg\"><img decoding=\"async\" alt=\"aragan\" src=\"https:\/\/m.media-amazon.com\/images\/S\/aplus-media-library-service-media\/45f9bf25-34a8-4c25-94c3-d22c085c8534.__CR0,0,970,300_PT0_SX970_V1___.jpg\">  <\/p>\n<h3> L&#8217;expertise Aragan <\/h3>\n<p> Nos complexes s&#8217;inspirent pour cela des m\u00e9canismes naturels du vivant alliant nutriments et souches microbiotiques. &gt; visuel de biomim\u00e9tique <\/p>\n<p>                                                                             <img decoding=\"async\" alt=\"Informations sur le produit pour le suppl\u00e9ment de zinc. Montre deux formes de zinc, les vitamines B5 et B6, et des instructions d&amp;#39;utilisation en fran\u00e7ais\" src=\"https:\/\/images-na.ssl-images-amazon.com\/images\/G\/01\/x-locale\/common\/grey-pixel.gif\" class=\"a-spacing-base a-lazy-loaded\" data-src=\"https:\/\/m.media-amazon.com\/images\/S\/aplus-media-library-service-media\/ab1440dd-c373-45d2-9f5d-e213e32b27b7.__CR0,0,3907,2417_PT0_SX970_V1___.jpg\"><img decoding=\"async\" alt=\"Informations sur le produit pour le suppl\u00e9ment de zinc. Montre deux formes de zinc, les vitamines B5 et B6, et des instructions d&amp;#39;utilisation en fran\u00e7ais\" src=\"https:\/\/m.media-amazon.com\/images\/S\/aplus-media-library-service-media\/ab1440dd-c373-45d2-9f5d-e213e32b27b7.__CR0,0,3907,2417_PT0_SX970_V1___.jpg\">                                                                    <\/p>\n<p>                         Add To Basket  <\/p>\n<p>                         Add To Basket  <\/p>\n<p>                             Customer Reviews  <\/p>\n<p>                    4.6 out of 5 stars  41  <\/p>\n<p>                    4.0 out of 5 stars  36  <\/p>\n<p>                             Price  <\/p>\n<p>                                    \u20ac15.90\u20ac15.90                  \u20ac18.90\u20ac18.90                    <\/p>\n<p>                             Description<br \/>\n                                Pour le maintien d&#8217;une peau normale et prot\u00e9ger les cellules contre le stress oxydatif               Action anti-\u00e2ge et antioxydant pour un teint lumineux                    <\/p>\n<p>                             Actifs<br \/>\n                                Zinc Picolinate et Bisglynate, Vitamine B5, Vitamine B6               ES Renou\u00e9e du Japon, ES Rose, Huile de Bourrache, Cuivre, Zinc, Es Raisin, Vitamine C                    <\/p>\n<p>                             Temps de prise<br \/>\n                                1 g\u00e9lule par jour pendant 60 jours               1 \u00e0 2 g\u00e9lules par jour                    <\/p>\n<p>                                                                             <img decoding=\"async\" alt=\", la science de l&amp;#39;\u00e9nergie du futur\" src=\"https:\/\/images-na.ssl-images-amazon.com\/images\/G\/01\/x-locale\/common\/grey-pixel.gif\" class=\"a-spacing-base a-lazy-loaded\" data-src=\"https:\/\/m.media-amazon.com\/images\/S\/aplus-media-library-service-media\/6b5b56cc-24a0-4cde-8599-c117c66f8b9e.__CR0,0,2021,1250_PT0_SX970_V1___.jpg\"><img decoding=\"async\" alt=\", la science de l&amp;#39;\u00e9nergie du futur\" src=\"https:\/\/m.media-amazon.com\/images\/S\/aplus-media-library-service-media\/6b5b56cc-24a0-4cde-8599-c117c66f8b9e.__CR0,0,2021,1250_PT0_SX970_V1___.jpg\">                                                                       <\/p>\n<p>                                                                             <img decoding=\"async\" alt=\"compl\u00e9ment alimentaire\" src=\"https:\/\/images-na.ssl-images-amazon.com\/images\/G\/01\/x-locale\/common\/grey-pixel.gif\" class=\"a-spacing-base a-lazy-loaded\" data-src=\"https:\/\/m.media-amazon.com\/images\/S\/aplus-media-library-service-media\/2a94093a-ec0f-46eb-a12e-35a452cafa77.__CR0,0,2021,1250_PT0_SX970_V1___.jpg\"><img decoding=\"async\" alt=\"compl\u00e9ment alimentaire\" src=\"https:\/\/m.media-amazon.com\/images\/S\/aplus-media-library-service-media\/2a94093a-ec0f-46eb-a12e-35a452cafa77.__CR0,0,2021,1250_PT0_SX970_V1___.jpg\">                                                                    <\/p>\n<p> Package Dimensions                                            \u200f                                            :                                            \u200e                                            13.8 x 7.7 x 4.2 cm; 22.2 g   <br \/> Manufacturer                                            \u200f                                            :                                            \u200e                                            Aragan   <br \/> ASIN                                            \u200f                                            :                                            \u200e                                            B0974W9K8M   <br \/> Manufacturer reference                                            \u200f                                            :                                            \u200e                                            3701136400531   <br \/>  Customer reviews:                                                                                            4.6               4.6 out of 5 stars                                  (41)                                              var dpAcrHasRegisteredArcLinkClickAction;                    P.when(&#8216;A&#8217;, &#8216;ready&#8217;).execute(function(A) {                        if (dpAcrHasRegisteredArcLinkClickAction !== true) {                            dpAcrHasRegisteredArcLinkClickAction = true;                            A.declarative(                                &#8216;acrLink-click-metrics&#8217;, &#8216;click&#8217;,                                { &#8220;allowLinkDefault&#8221;: true },                                function (event) {                                    if (window.ue) {                                        ue.count(&#8220;acrLinkClickCount&#8221;, (ue.count(&#8220;acrLinkClickCount&#8221;) || 0) + 1);                                    }                                }                            );                        }                    });                                             P.when(&#8216;A&#8217;, &#8216;cf&#8217;).execute(function(A) {                A.declarative(&#8216;acrStarsLink-click-metrics&#8217;, &#8216;click&#8217;, { &#8220;allowLinkDefault&#8221; : true },  function(event){                    if(window.ue) {                        ue.count(&#8220;acrStarsLinkWithPopoverClickCount&#8221;, (ue.count(&#8220;acrStarsLinkWithPopoverClickCount&#8221;) || 0) + 1);                    }                });            });                          <br \/>A BASIC ACTION ON IMMUNITY: The Zincactif dietary supplement from Aragan contributes to the normal functioning of the immune system thanks to its formula based on zinc, vitamin B5 and vitamin B6. This complex contains co-factor vitamins, which, in combination with two types of zinc, help boost natural immunity.<br \/>AN ACTION ON THE SKIN: Zinc also helps maintain normal skin as well as protecting cells from oxidative stress. This combination of vitamins and trace elements will therefore be a natural ally for a protected skin.<br \/>ZINC, A KEY ACTIVE: Zinc is a trace element present in a small proportion in our body. Nevertheless, it has an essential role: stimulation of immune defenses, protection against cellular aging, maintaining the quality of the skin, nails and hair. Combined with two vitamins, including vitamin B6, these two highly assimilable forms of Zinc (picolinate and bisglycinate) allow our formula to strengthen your immune system.<br \/>USE: The recommendation for the use of the dietary supplement Zincactives of Aragan Immune System based on zinc, vitamins B5 and B6 is 1 capsule per day. Take with a glass of water. This pack contains 30 capsules or 1 month of dosing. Our food supplement Zincactif is made in France in Vend\u00e9e.<br \/>TO DISCOVER IN CONNECTION WITH Zincactive: You can combine Zincactif with DERMACTIVES for a brighter complexion.<\/p>\n\n","protected":false},"excerpt":{"rendered":"<p> Product Description L&#8217;expertise Aragan Nos complexes s&#8217;inspirent pour cela des m\u00e9canismes naturels du vivant alliant nutriments et souches microbiotiques. &gt; visuel de biomim\u00e9tique Add To Basket Add To Basket Customer Reviews 4.6 out of 5 stars 41 4.0 out of 5 stars 36 Price \u20ac15.90\u20ac15.90 \u20ac18.90\u20ac18.90 Description Pour le maintien [&hellip;]<\/p>\n","protected":false},"featured_media":27560,"comment_status":"open","ping_status":"closed","template":"","meta":{"_gspb_post_css":"","om_disable_all_campaigns":false,"_monsterinsights_skip_tracking":false,"_monsterinsights_sitenote_active":false,"_monsterinsights_sitenote_note":"","_monsterinsights_sitenote_category":0},"store":[],"product_brand":[],"product_cat":[143],"product_tag":[2543,198,201,272,191,176,200,4560,274,172,6847],"class_list":{"0":"post-27559","1":"product","2":"type-product","3":"status-publish","4":"has-post-thumbnail","6":"product_cat-mineraux","7":"product_tag-aragan","8":"product_tag-capsules","9":"product_tag-france","10":"product_tag-immunity","11":"product_tag-month","12":"product_tag-skin","13":"product_tag-supplement","14":"product_tag-synactives","15":"product_tag-vitamins","16":"product_tag-zinc","17":"product_tag-zincactives","19":"first","20":"instock","21":"shipping-taxable","22":"product-type-external"},"aioseo_notices":[],"jetpack_sharing_enabled":true,"_links":{"self":[{"href":"https:\/\/www.zolattitude.com\/index.php\/wp-json\/wp\/v2\/product\/27559","targetHints":{"allow":["GET"]}}],"collection":[{"href":"https:\/\/www.zolattitude.com\/index.php\/wp-json\/wp\/v2\/product"}],"about":[{"href":"https:\/\/www.zolattitude.com\/index.php\/wp-json\/wp\/v2\/types\/product"}],"replies":[{"embeddable":true,"href":"https:\/\/www.zolattitude.com\/index.php\/wp-json\/wp\/v2\/comments?post=27559"}],"wp:featuredmedia":[{"embeddable":true,"href":"https:\/\/www.zolattitude.com\/index.php\/wp-json\/wp\/v2\/media\/27560"}],"wp:attachment":[{"href":"https:\/\/www.zolattitude.com\/index.php\/wp-json\/wp\/v2\/media?parent=27559"}],"wp:term":[{"taxonomy":"store","embeddable":true,"href":"https:\/\/www.zolattitude.com\/index.php\/wp-json\/wp\/v2\/store?post=27559"},{"taxonomy":"product_brand","embeddable":true,"href":"https:\/\/www.zolattitude.com\/index.php\/wp-json\/wp\/v2\/product_brand?post=27559"},{"taxonomy":"product_cat","embeddable":true,"href":"https:\/\/www.zolattitude.com\/index.php\/wp-json\/wp\/v2\/product_cat?post=27559"},{"taxonomy":"product_tag","embeddable":true,"href":"https:\/\/www.zolattitude.com\/index.php\/wp-json\/wp\/v2\/product_tag?post=27559"}],"curies":[{"name":"wp","href":"https:\/\/api.w.org\/{rel}","templated":true}]}}