{"id":27681,"date":"2026-04-14T01:35:07","date_gmt":"2026-04-14T01:35:07","guid":{"rendered":"https:\/\/www.zolattitude.com\/index.php\/product\/sattva-ayurveda-huile-donagre-bio-pressee-a-froid-ecocert-cosmos-organic-huile-pour-le-visage-pour-peaux-seches-et-sensibles-huile-de-soin-naturelle-pour-la-peau-et-les-cheveux-50-ml\/"},"modified":"2026-04-14T01:35:07","modified_gmt":"2026-04-14T01:35:07","slug":"sattva-ayurveda-huile-donagre-bio-pressee-a-froid-ecocert-cosmos-organic-huile-pour-le-visage-pour-peaux-seches-et-sensibles-huile-de-soin-naturelle-pour-la-peau-et-les-cheveux-50-ml","status":"publish","type":"product","link":"https:\/\/www.zolattitude.com\/index.php\/product\/sattva-ayurveda-huile-donagre-bio-pressee-a-froid-ecocert-cosmos-organic-huile-pour-le-visage-pour-peaux-seches-et-sensibles-huile-de-soin-naturelle-pour-la-peau-et-les-cheveux-50-ml\/","title":{"rendered":"Sattva Ayurveda Huile d&#8217;onagre bio press\u00e9e \u00e0 froid &#8211; ECOCERT COSMOS ORGANIC &#8211; Huile pour le visage pour peaux s\u00e8ches et sensibles &#8211; Huile de soin naturelle pour la peau et les cheveux &#8211; 50 ml"},"content":{"rendered":"<p>Price: <span style=\"color:#b12704\">\u20ac21.99<\/span><br \/><i><small>(as of Apr 14, 2026 01:35:07 UTC &#8211; <span class=\"wp_automatic_amazon_disclaimer\" title=\"Product prices and availability are accurate as of the date\/time indicated and are subject to change. Any price and availability information displayed on [relevant Amazon Site(s), as applicable] at the time of purchase will apply to the purchase of this product.\">Details<\/span>)<\/small><\/i><br \/><a href=\"https:\/\/amazon.fr\/dp\/B0GNP4PZFQ?tag=onamzmoukoubl-21\"><img decoding=\"async\" src=\"https:\/\/valvepress.s3.amazonaws.com\/imgs\/buy_now.png\"><\/a><br \/>\n<br \/>\n    <span>L&#8217;huile d&#8217;onagre bio Sattva Ayurveda press\u00e9e \u00e0 froid est une huile de soin l\u00e9g\u00e8re et certifi\u00e9e pour une routine d\u00e9lib\u00e9r\u00e9ment r\u00e9duite. L&#8217;huile est adapt\u00e9e pour les soins quotidiens du visage et du corps ainsi que pour une utilisation polyvalente pour les cheveux et le cuir chevelu. <\/span><br \/><span>Qualit\u00e9 biologique certifi\u00e9e : COSMOS ORGANIC certifi\u00e9 par ECOCERT Greenlife selon la norme COSMOS. 100 % d&#8217;origine naturelle et sans additifs &#8211; Id\u00e9al pour tous ceux qui misent sur des cosm\u00e9tiques naturels puristes. <\/span><span>Pourquoi l&#8217;huile d&#8217;onagre dans les soins de la peau ? <\/span><span>L&#8217;huile d&#8217;onagre est naturellement riche en acides gras om\u00e9ga-6 et est particuli\u00e8rement appr\u00e9ci\u00e9e lorsque la peau est s\u00e8che, rugueuse ou tendue. Il favorise un aspect de peau soign\u00e9 et souple et s&#8217;int\u00e8gre agr\u00e9ablement dans la routine de soin. <\/span><span>Polyvalent pour la peau et les cheveux. <\/span><\/p>\n<ul class=\"a-unordered-list a-vertical\">\n<li><span class=\"a-list-item\"><span>Visage et corps : comme huile de soin pour les peaux s\u00e8ches et sensibles. <\/span><\/span><\/li>\n<li><span class=\"a-list-item\"><span>Cheveux et cuir chevelu : pour cheveux secs, soin des longueurs, des pointes et du cuir chevelu. <\/span><\/span><\/li>\n<li><span class=\"a-list-item\"><span>Comme huile de support : id\u00e9ale comme huile de base pour m\u00e9langer avec des huiles essentielles. <\/span><\/span><\/li>\n<\/ul>\n<p><span>Comment l&#8217;utiliser : <\/span><span>Pour la peau : appliquez quelques gouttes sur le visage ou le corps et massez doucement, id\u00e9alement sur une peau l\u00e9g\u00e8rement humide. Laisser agir pendant la nuit si vous le souhaitez ou au moins 30 minutes, puis laver avec un produit de nettoyage doux. <\/span><br \/><span>Pour les cheveux et le cuir chevelu : chauffer l\u00e9g\u00e8rement l&#8217;huile, masser sur le cuir chevelu et r\u00e9partir en longueurs\/pointes. Laisser agir pendant la nuit ou au moins 1 heure, puis rincer avec un shampooing doux. <\/span><span>Ingr\u00e9dients : <\/span><span>Ingr\u00e9dients issus de l&#8217;agriculture biologique. 100 % naturel origin of total. Cosmos Organic est certifi\u00e9 par ECOCERT Greenlife conform\u00e9ment \u00e0 la norme Cosmos. <\/span><br \/><span>Contenance : 50 ml. <\/span><br \/> Package Dimensions                                            \u200f                                            :                                            \u200e                                            13 x 5 x 5 cm; 100 g   <br \/> Manufacturer                                            \u200f                                            :                                            \u200e                                            Sattva Ayurveda   <br \/> ASIN                                            \u200f                                            :                                            \u200e                                            B0GNP4PZFQ   <br \/>Soin cibl\u00e9 des peaux tr\u00e8s s\u00e8ches : riche en acides gras om\u00e9ga-6, l&#8217;huile d&#8217;onagre press\u00e9e \u00e0 froid soutient la barri\u00e8re naturelle de la peau et aide \u00e0 att\u00e9nuer sensiblement les sensations de tension et les zones rugueuses de la peau<br \/>Formule minimaliste \u00e0 1 ingr\u00e9dient : 100 % d&#8217;origine naturelle sans additifs \u2013 Id\u00e9al pour tous ceux qui veulent r\u00e9duire consciemment leurs soins de la peau et renoncer aux ingr\u00e9dients inutiles<br \/>Soin doux pour les peaux sensibles : sa texture l\u00e9g\u00e8re p\u00e9n\u00e8tre bien et est particuli\u00e8rement adapt\u00e9e aux peaux sensibles ou r\u00e9actives qui r\u00e9agissent souvent aux cr\u00e8mes conventionnelles<br \/>Polyvalent pour la peau et les cheveux : peut \u00eatre utilis\u00e9 comme huile pour le visage, soin du corps ou huile pour le cuir chevelu &#8211; Donne de la douceur aux cheveux secs et favorise une apparence soign\u00e9e et saine<br \/>Qualit\u00e9 biologique certifi\u00e9e : COSMOS ORGANIC certifi\u00e9 par ECOCERT Greenlife &#8211; Cosm\u00e9tique naturel transparent test\u00e9 pour une sensation de s\u00e9curit\u00e9 sur la peau et une origine fiable<\/p>\n\n","protected":false},"excerpt":{"rendered":"<p> L&#8217;huile d&#8217;onagre bio Sattva Ayurveda press\u00e9e \u00e0 froid est une huile de soin l\u00e9g\u00e8re et certifi\u00e9e pour une routine d\u00e9lib\u00e9r\u00e9ment r\u00e9duite. L&#8217;huile est adapt\u00e9e pour les soins quotidiens du visage et du corps ainsi que pour une utilisation polyvalente pour les cheveux et le cuir chevelu. Qualit\u00e9 biologique certifi\u00e9e : [&hellip;]<\/p>\n","protected":false},"featured_media":27682,"comment_status":"open","ping_status":"closed","template":"","meta":{"_gspb_post_css":"","om_disable_all_campaigns":false,"_monsterinsights_skip_tracking":false,"_monsterinsights_sitenote_active":false,"_monsterinsights_sitenote_note":"","_monsterinsights_sitenote_category":0},"store":[],"product_brand":[],"product_cat":[140],"product_tag":[3063,339,782,1387,5692,410,799,5250,1073,903,238,779,6374,302,5253,6880,6881,6882,3134,778],"class_list":{"0":"post-27681","1":"product","2":"type-product","3":"status-publish","4":"has-post-thumbnail","6":"product_cat-huiles-de-bourrache-onagre","7":"product_tag-ayurveda","8":"product_tag-bio","9":"product_tag-cheveux","10":"product_tag-cosmos","11":"product_tag-donagre","12":"product_tag-ecocert","13":"product_tag-froid","14":"product_tag-huile","15":"product_tag-les","16":"product_tag-naturelle","17":"product_tag-organic","18":"product_tag-peau","19":"product_tag-peaux","20":"product_tag-pour","21":"product_tag-pressee","22":"product_tag-sattva","23":"product_tag-seches","24":"product_tag-sensibles","25":"product_tag-soin","26":"product_tag-visage","28":"first","29":"instock","30":"shipping-taxable","31":"product-type-external"},"aioseo_notices":[],"jetpack_sharing_enabled":true,"_links":{"self":[{"href":"https:\/\/www.zolattitude.com\/index.php\/wp-json\/wp\/v2\/product\/27681","targetHints":{"allow":["GET"]}}],"collection":[{"href":"https:\/\/www.zolattitude.com\/index.php\/wp-json\/wp\/v2\/product"}],"about":[{"href":"https:\/\/www.zolattitude.com\/index.php\/wp-json\/wp\/v2\/types\/product"}],"replies":[{"embeddable":true,"href":"https:\/\/www.zolattitude.com\/index.php\/wp-json\/wp\/v2\/comments?post=27681"}],"wp:featuredmedia":[{"embeddable":true,"href":"https:\/\/www.zolattitude.com\/index.php\/wp-json\/wp\/v2\/media\/27682"}],"wp:attachment":[{"href":"https:\/\/www.zolattitude.com\/index.php\/wp-json\/wp\/v2\/media?parent=27681"}],"wp:term":[{"taxonomy":"store","embeddable":true,"href":"https:\/\/www.zolattitude.com\/index.php\/wp-json\/wp\/v2\/store?post=27681"},{"taxonomy":"product_brand","embeddable":true,"href":"https:\/\/www.zolattitude.com\/index.php\/wp-json\/wp\/v2\/product_brand?post=27681"},{"taxonomy":"product_cat","embeddable":true,"href":"https:\/\/www.zolattitude.com\/index.php\/wp-json\/wp\/v2\/product_cat?post=27681"},{"taxonomy":"product_tag","embeddable":true,"href":"https:\/\/www.zolattitude.com\/index.php\/wp-json\/wp\/v2\/product_tag?post=27681"}],"curies":[{"name":"wp","href":"https:\/\/api.w.org\/{rel}","templated":true}]}}