{"id":27763,"date":"2026-04-15T00:54:12","date_gmt":"2026-04-15T00:54:12","guid":{"rendered":"https:\/\/www.zolattitude.com\/index.php\/product\/spirulina-bio-4000mg-per-day-100-pure-no-additives-with-phycocyanin-proteins-vegan-non-gmo-vegavero\/"},"modified":"2026-04-15T00:54:12","modified_gmt":"2026-04-15T00:54:12","slug":"spirulina-bio-4000mg-per-day-100-pure-no-additives-with-phycocyanin-proteins-vegan-non-gmo-vegavero","status":"publish","type":"product","link":"https:\/\/www.zolattitude.com\/index.php\/product\/spirulina-bio-4000mg-per-day-100-pure-no-additives-with-phycocyanin-proteins-vegan-non-gmo-vegavero\/","title":{"rendered":"Spirulina BIO &#8211; 4000mg per day | 100% Pure &#038; No Additives | With Phycocyanin, Proteins | VEGAN &#038; Non-GMO | Vegavero"},"content":{"rendered":"<p>Price: <span style=\"color:#b12704\"><\/span><br \/><i><small>(as of  &#8211; <span class=\"wp_automatic_amazon_disclaimer\" title=\"Product prices and availability are accurate as of the date\/time indicated and are subject to change. Any price and availability information displayed on [relevant Amazon Site(s), as applicable] at the time of purchase will apply to the purchase of this product.\">Details<\/span>)<\/small><\/i><br \/><a href=\"https:\/\/amazon.fr\/dp\/B07R5XPNMP?tag=onamzmoukoubl-21\"><img decoding=\"async\" src=\"https:\/\/valvepress.s3.amazonaws.com\/imgs\/buy_now.png\"><\/a><br \/>\n<\/p>\n<p>                                             From the brand   <\/p>\n<p>                                              <img decoding=\"async\" alt=\"Logo d&amp;#39;entreprise vert montrant une forme stylis\u00e9e de feuille ou de plante avec des lignes courbes.\" src=\"https:\/\/images-na.ssl-images-amazon.com\/images\/G\/01\/x-locale\/common\/grey-pixel.gif\" class=\"a-lazy-loaded\" data-src=\"https:\/\/m.media-amazon.com\/images\/S\/aplus-media-library-service-media\/5099714d-13eb-4fdc-8fe4-4015c9c23025.__CR88,0,4216,1800_PT0_SX1464_V1___.jpg\"><img decoding=\"async\" alt=\"Logo d&amp;#39;entreprise vert montrant une forme stylis\u00e9e de feuille ou de plante avec des lignes courbes.\" src=\"https:\/\/m.media-amazon.com\/images\/S\/aplus-media-library-service-media\/5099714d-13eb-4fdc-8fe4-4015c9c23025.__CR88,0,4216,1800_PT0_SX1464_V1___.jpg\">  <\/p>\n<p>                                              <img decoding=\"async\" alt=\"Texte en fran\u00e7ais sur les compl\u00e9ments alimentaires, abordant les compl\u00e9ments alimentaires r\u00e9glement\u00e9s avec des formulations sp\u00e9cifiques. Section d&amp;#39;en-t\u00eate teint\u00e9e en vert avec texte d&amp;#39;information sur le produit.\" src=\"https:\/\/images-na.ssl-images-amazon.com\/images\/G\/01\/x-locale\/common\/grey-pixel.gif\" class=\"a-lazy-loaded\" data-src=\"https:\/\/m.media-amazon.com\/images\/S\/aplus-media-library-service-media\/4ac41c06-3ce2-46ae-97dd-d9d7f799d349.__CR0,0,1086,1359_PT0_SX362_V1___.png\"><img decoding=\"async\" alt=\"Texte en fran\u00e7ais sur les compl\u00e9ments alimentaires, abordant les compl\u00e9ments alimentaires r\u00e9glement\u00e9s avec des formulations sp\u00e9cifiques. Section d&amp;#39;en-t\u00eate teint\u00e9e en vert avec texte d&amp;#39;information sur le produit.\" src=\"https:\/\/m.media-amazon.com\/images\/S\/aplus-media-library-service-media\/4ac41c06-3ce2-46ae-97dd-d9d7f799d349.__CR0,0,1086,1359_PT0_SX362_V1___.png\">  <\/p>\n<p>                                              <img decoding=\"async\" alt=\"aplus content image\" src=\"https:\/\/images-na.ssl-images-amazon.com\/images\/G\/01\/x-locale\/common\/grey-pixel.gif\" class=\"a-lazy-loaded\" data-src=\"https:\/\/m.media-amazon.com\/images\/S\/aplus-media-library-service-media\/e625a0f1-6592-4a28-8452-5711aadaef15.__CR0,0,1086,1359_PT0_SX362_V1___.png\"><img decoding=\"async\" alt=\"aplus content image\" src=\"https:\/\/m.media-amazon.com\/images\/S\/aplus-media-library-service-media\/e625a0f1-6592-4a28-8452-5711aadaef15.__CR0,0,1086,1359_PT0_SX362_V1___.png\">  <\/p>\n<p>                                              <img decoding=\"async\" alt=\"aplus content image\" src=\"https:\/\/images-na.ssl-images-amazon.com\/images\/G\/01\/x-locale\/common\/grey-pixel.gif\" class=\"a-lazy-loaded\" data-src=\"https:\/\/m.media-amazon.com\/images\/S\/aplus-media-library-service-media\/97d790f6-c159-4d51-a4e6-3105e048cfc0.__CR0,0,1086,1359_PT0_SX362_V1___.png\"><img decoding=\"async\" alt=\"aplus content image\" src=\"https:\/\/m.media-amazon.com\/images\/S\/aplus-media-library-service-media\/97d790f6-c159-4d51-a4e6-3105e048cfc0.__CR0,0,1086,1359_PT0_SX362_V1___.png\">  <\/p>\n<p>                                              <img decoding=\"async\" alt=\"aplus content image\" src=\"https:\/\/images-na.ssl-images-amazon.com\/images\/G\/01\/x-locale\/common\/grey-pixel.gif\" class=\"a-lazy-loaded\" data-src=\"https:\/\/m.media-amazon.com\/images\/S\/aplus-media-library-service-media\/1f42f90b-4929-4a99-adf1-ed8a96f85139.__CR0,0,1086,1359_PT0_SX362_V1___.png\"><img decoding=\"async\" alt=\"aplus content image\" src=\"https:\/\/m.media-amazon.com\/images\/S\/aplus-media-library-service-media\/1f42f90b-4929-4a99-adf1-ed8a96f85139.__CR0,0,1086,1359_PT0_SX362_V1___.png\">  <\/p>\n<p>                                              <img decoding=\"async\" alt=\"aplus content image\" src=\"https:\/\/images-na.ssl-images-amazon.com\/images\/G\/01\/x-locale\/common\/grey-pixel.gif\" class=\"a-lazy-loaded\" data-src=\"https:\/\/m.media-amazon.com\/images\/S\/aplus-media-library-service-media\/d365142a-5e23-4d5c-b6ba-8daa4c7f55e2.__CR0,0,1086,1359_PT0_SX362_V1___.png\"><img decoding=\"async\" alt=\"aplus content image\" src=\"https:\/\/m.media-amazon.com\/images\/S\/aplus-media-library-service-media\/d365142a-5e23-4d5c-b6ba-8daa4c7f55e2.__CR0,0,1086,1359_PT0_SX362_V1___.png\">  <\/p>\n<h3> Nos meilleures ventes <\/h3>\n<p class=\"apm-brand-story-stores-link\">\n<p>                                              <img decoding=\"async\" alt=\"aplus content image\" src=\"https:\/\/images-na.ssl-images-amazon.com\/images\/G\/01\/x-locale\/common\/grey-pixel.gif\" class=\"a-lazy-loaded\" data-src=\"https:\/\/m.media-amazon.com\/images\/S\/aplus-media-library-service-media\/455e0ffd-4a7a-4f8b-a388-3619317d85e1.__CR0,0,1086,1359_PT0_SX362_V1___.png\"><img decoding=\"async\" alt=\"aplus content image\" src=\"https:\/\/m.media-amazon.com\/images\/S\/aplus-media-library-service-media\/455e0ffd-4a7a-4f8b-a388-3619317d85e1.__CR0,0,1086,1359_PT0_SX362_V1___.png\">  <\/p>\n<h3> Nos essentiels au quotidien <\/h3>\n<p class=\"apm-brand-story-stores-link\">\n<h3> Nos essentiels au quotidien <\/h3>\n<p class=\"apm-brand-story-stores-link\">\n<p> Is discontinued by manufacturer                                            \u200f                                            :                                            \u200e                                            No   <br \/> Product Dimensions                                            \u200f                                            :                                            \u200e                                            8 x 8 x 14 cm; 350 g   <br \/> Manufacturer                                            \u200f                                            :                                            \u200e                                            4260557420560   <br \/> ASIN                                            \u200f                                            :                                            \u200e                                            B07R5XPNMP   <br \/> Item model number                                            \u200f                                            :                                            \u200e                                            VV-VITA-146   <br \/> Country of origin                                            \u200f                                            :                                            \u200e                                            Germany   <br \/>  Customer reviews:                                                                                            4.5               4.5 out of 5 stars                                  (506)                                              var dpAcrHasRegisteredArcLinkClickAction;                    P.when(&#8216;A&#8217;, &#8216;ready&#8217;).execute(function(A) {                        if (dpAcrHasRegisteredArcLinkClickAction !== true) {                            dpAcrHasRegisteredArcLinkClickAction = true;                            A.declarative(                                &#8216;acrLink-click-metrics&#8217;, &#8216;click&#8217;,                                { &#8220;allowLinkDefault&#8221;: true },                                function (event) {                                    if (window.ue) {                                        ue.count(&#8220;acrLinkClickCount&#8221;, (ue.count(&#8220;acrLinkClickCount&#8221;) || 0) + 1);                                    }                                }                            );                        }                    });                                             P.when(&#8216;A&#8217;, &#8216;cf&#8217;).execute(function(A) {                A.declarative(&#8216;acrStarsLink-click-metrics&#8217;, &#8216;click&#8217;, { &#8220;allowLinkDefault&#8221; : true },  function(event){                    if(window.ue) {                        ue.count(&#8220;acrStarsLinkWithPopoverClickCount&#8221;, (ue.count(&#8220;acrStarsLinkWithPopoverClickCount&#8221;) || 0) + 1);                    }                });            });                          <br \/>ORANIC SPIRULINA: Spirulina belongs to the microalgae family. Rich in protein, this algae contains various vitamins such as vitamin E and B12, minerals such as iron and magnesium, as well as other phytonutrients (chlorophyll, phycocyanin). It is therefore commonly used for its many benefits.<br \/>LABORATORY TESTED: Green algae such as spirulina or chlorella are often contaminated with harmful substances. That&#8217;s why we only use high quality spirulina from organic crops. Cyanobacteries are treated very delicately to preserve their nutrient richness. We regularly test our product for microbial contamination, pesticides and heavy metal residues.<br \/>THE HIGHEST DOSE: Our organic spirulina tablets contain a dose of 1000mg of organic spirulina powder (4000mg per day), which is significantly superior to other suppliers&#8217; algae capsules or tablets. Of course, our product is non-GMO, no additives and suitable for vegans. In one bottle: 300 tablets. Recommended dosage: 4 tablets per day.<br \/>VEGAVERO ORGANIC: Our Organic line is composed of products containing 100% organic raw materials. Without any chemicals, pesticides, and no genetic modifications. We are convinced that organic raw materials are not only better for our health but also for the environment: protecting groundwater and reducing soil leaching. Vegavero Organic &#8211; for us it means out of love for ourselves and nature.<br \/>Always on your side: Taking care of yourself is part of our philosophy. That is why, in addition to developing supplements adapted to your needs, we are looking for unique formulations in order to obtain the perfect synergy of ingredients and dosages. We are at your disposal to advise and support you in achieving your objectives, to provide you with certificates of analysis of our products and to answer any questions you may have. Contact us!<\/p>\n\n","protected":false},"excerpt":{"rendered":"<p> From the brand Nos meilleures ventes Nos essentiels au quotidien Nos essentiels au quotidien Is discontinued by manufacturer \u200f : \u200e No Product Dimensions \u200f : \u200e 8 x 8 x 14 cm; 350 g Manufacturer \u200f : \u200e 4260557420560 ASIN \u200f : \u200e B07R5XPNMP Item model number \u200f : [&hellip;]<\/p>\n","protected":false},"featured_media":27764,"comment_status":"open","ping_status":"closed","template":"","meta":{"_gspb_post_css":"","om_disable_all_campaigns":false,"_monsterinsights_skip_tracking":false,"_monsterinsights_sitenote_active":false,"_monsterinsights_sitenote_note":"","_monsterinsights_sitenote_category":0},"store":[],"product_brand":[],"product_cat":[148],"product_tag":[807,342,339,280,362,939,341,213,338,261,421],"class_list":{"0":"post-27763","1":"product","2":"type-product","3":"status-publish","4":"has-post-thumbnail","6":"product_cat-superaliments-exotiques","7":"product_tag-4000mg","8":"product_tag-additives","9":"product_tag-bio","10":"product_tag-day","11":"product_tag-nongmo","12":"product_tag-phycocyanin","13":"product_tag-proteins","14":"product_tag-pure","15":"product_tag-spirulina","16":"product_tag-vegan","17":"product_tag-vegavero","19":"first","20":"instock","21":"shipping-taxable","22":"product-type-simple"},"aioseo_notices":[],"jetpack_sharing_enabled":true,"_links":{"self":[{"href":"https:\/\/www.zolattitude.com\/index.php\/wp-json\/wp\/v2\/product\/27763","targetHints":{"allow":["GET"]}}],"collection":[{"href":"https:\/\/www.zolattitude.com\/index.php\/wp-json\/wp\/v2\/product"}],"about":[{"href":"https:\/\/www.zolattitude.com\/index.php\/wp-json\/wp\/v2\/types\/product"}],"replies":[{"embeddable":true,"href":"https:\/\/www.zolattitude.com\/index.php\/wp-json\/wp\/v2\/comments?post=27763"}],"wp:featuredmedia":[{"embeddable":true,"href":"https:\/\/www.zolattitude.com\/index.php\/wp-json\/wp\/v2\/media\/27764"}],"wp:attachment":[{"href":"https:\/\/www.zolattitude.com\/index.php\/wp-json\/wp\/v2\/media?parent=27763"}],"wp:term":[{"taxonomy":"store","embeddable":true,"href":"https:\/\/www.zolattitude.com\/index.php\/wp-json\/wp\/v2\/store?post=27763"},{"taxonomy":"product_brand","embeddable":true,"href":"https:\/\/www.zolattitude.com\/index.php\/wp-json\/wp\/v2\/product_brand?post=27763"},{"taxonomy":"product_cat","embeddable":true,"href":"https:\/\/www.zolattitude.com\/index.php\/wp-json\/wp\/v2\/product_cat?post=27763"},{"taxonomy":"product_tag","embeddable":true,"href":"https:\/\/www.zolattitude.com\/index.php\/wp-json\/wp\/v2\/product_tag?post=27763"}],"curies":[{"name":"wp","href":"https:\/\/api.w.org\/{rel}","templated":true}]}}