{"id":27789,"date":"2026-04-15T01:28:52","date_gmt":"2026-04-15T01:28:52","guid":{"rendered":"https:\/\/www.zolattitude.com\/index.php\/product\/immune-defenses-complex-echinacea-propolis-reishi-vit-c-zinc-selenium-iron-immune-system-vitamins-60-capsules-immunity-booster-complex-nutralie\/"},"modified":"2026-04-15T01:29:00","modified_gmt":"2026-04-15T01:29:00","slug":"immune-defenses-complex-echinacea-propolis-reishi-vit-c-zinc-selenium-iron-immune-system-vitamins-60-capsules-immunity-booster-complex-nutralie","status":"publish","type":"product","link":"https:\/\/www.zolattitude.com\/index.php\/product\/immune-defenses-complex-echinacea-propolis-reishi-vit-c-zinc-selenium-iron-immune-system-vitamins-60-capsules-immunity-booster-complex-nutralie\/","title":{"rendered":"Immune Defenses Complex Echinacea + Propolis + Reishi + Vit C + Zinc + Selenium + Iron + Immune System Vitamins &#8211; 60 Capsules Immunity Booster Complex Nutralie"},"content":{"rendered":"<p>Price: <span style=\"color:#b12704\">\u20ac19.90<\/span><br \/><i><small>(as of Apr 15, 2026 01:28:52 UTC &#8211; <span class=\"wp_automatic_amazon_disclaimer\" title=\"Product prices and availability are accurate as of the date\/time indicated and are subject to change. Any price and availability information displayed on [relevant Amazon Site(s), as applicable] at the time of purchase will apply to the purchase of this product.\">Details<\/span>)<\/small><\/i><br \/><a href=\"https:\/\/amazon.fr\/dp\/B0BVN3G7ST?tag=onamzmoukoubl-21\"><img decoding=\"async\" src=\"https:\/\/valvepress.s3.amazonaws.com\/imgs\/buy_now.png\"><\/a><br \/>\n<\/p>\n<p>                                             From the brand   <\/p>\n<p>                                              <img decoding=\"async\" alt=\"une cha\u00eene de montagnes avec une cha\u00eene de montagnes couverte d&amp;#39;arbres en arri\u00e8re-plan.\" src=\"https:\/\/images-na.ssl-images-amazon.com\/images\/G\/01\/x-locale\/common\/grey-pixel.gif\" class=\"a-lazy-loaded\" data-src=\"https:\/\/m.media-amazon.com\/images\/S\/aplus-media-library-service-media\/de15de65-5e1c-453d-bdf3-77f3a70df2a9.__CR0,0,1464,625_PT0_SX1464_V1___.jpg\"><img decoding=\"async\" alt=\"une cha\u00eene de montagnes avec une cha\u00eene de montagnes couverte d&amp;#39;arbres en arri\u00e8re-plan.\" src=\"https:\/\/m.media-amazon.com\/images\/S\/aplus-media-library-service-media\/de15de65-5e1c-453d-bdf3-77f3a70df2a9.__CR0,0,1464,625_PT0_SX1464_V1___.jpg\">  <\/p>\n<p>                                              <img decoding=\"async\" alt=\"\" src=\"https:\/\/images-na.ssl-images-amazon.com\/images\/G\/01\/x-locale\/common\/grey-pixel.gif\" class=\"a-lazy-loaded\" data-src=\"https:\/\/m.media-amazon.com\/images\/S\/aplus-media-library-service-media\/be9e0ffa-b381-4c0f-9b27-8c52cf1c6109.__CR0,0,315,145_PT0_SX315_V1___.jpg\"><img decoding=\"async\" alt=\"\" src=\"https:\/\/m.media-amazon.com\/images\/S\/aplus-media-library-service-media\/be9e0ffa-b381-4c0f-9b27-8c52cf1c6109.__CR0,0,315,145_PT0_SX315_V1___.jpg\">  <\/p>\n<p> \u00c0 votre c\u00f4t\u00e9 chaque jour dans votre parcours vers le bien-\u00eatre <\/p>\n<p> Nutralie a \u00e9t\u00e9 cr\u00e9\u00e9e avec l&#8217;objectif de transformer l&#8217;industrie des compl\u00e9ments alimentaires avec une approche innovante qui se concentre enti\u00e8rement sur vous et vos besoins. <\/p>\n<p> D\u00e9couvrez nos 5 univers et profitez de notre large gamme de produits d\u00e9velopp\u00e9s pour vous aider \u00e0 trouver l&#8217;\u00e9quilibre et le bien-\u00eatre de l&#8217;int\u00e9rieur, \u00ab Start from the Inside \u00bb. <\/p>\n<h3> D\u00e9couvrez nos produits ! <\/h3>\n<p class=\"apm-brand-story-stores-link\">\n<p> Package Dimensions                                            \u200f                                            :                                            \u200e                                            10.2 x 4.6 x 4.4 cm; 70 g   <br \/> Manufacturer                                            \u200f                                            :                                            \u200e                                            NUTRIEXPERTS SL   <br \/> ASIN                                            \u200f                                            :                                            \u200e                                            B0BVN3G7ST   <br \/> Manufacturer reference                                            \u200f                                            :                                            \u200e                                            NUTIMMUNI60   <br \/> Country of origin                                            \u200f                                            :                                            \u200e                                            Spain   <br \/>  Customer reviews:                                                                                            4.5               4.5 out of 5 stars                                  (257)                                              var dpAcrHasRegisteredArcLinkClickAction;                    P.when(&#8216;A&#8217;, &#8216;ready&#8217;).execute(function(A) {                        if (dpAcrHasRegisteredArcLinkClickAction !== true) {                            dpAcrHasRegisteredArcLinkClickAction = true;                            A.declarative(                                &#8216;acrLink-click-metrics&#8217;, &#8216;click&#8217;,                                { &#8220;allowLinkDefault&#8221;: true },                                function (event) {                                    if (window.ue) {                                        ue.count(&#8220;acrLinkClickCount&#8221;, (ue.count(&#8220;acrLinkClickCount&#8221;) || 0) + 1);                                    }                                }                            );                        }                    });                                             P.when(&#8216;A&#8217;, &#8216;cf&#8217;).execute(function(A) {                A.declarative(&#8216;acrStarsLink-click-metrics&#8217;, &#8216;click&#8217;, { &#8220;allowLinkDefault&#8221; : true },  function(event){                    if(window.ue) {                        ue.count(&#8220;acrStarsLinkWithPopoverClickCount&#8221;, (ue.count(&#8220;acrStarsLinkWithPopoverClickCount&#8221;) || 0) + 1);                    }                });            });                          <br \/>IMMUNIT BOOSTER: Each dose of 2 capsules contains purple echinacea extract, polyphenols, reishi extract, polysaccharides, propolis, flavonoids, zinc, iron, selenium and copper. *Zinc, copper and iron contribute to the normal functioning of the immune system. Statements supported by EFSA (European Food Safety Authority).<br \/>VITAMIN C + ECHINACEA + PROPLIS + REISHI + ZINC + SELENUM + IRON: Immunity Booster Complex from Nutralia, in addition to containing Echinacea Purpurea, Polyphenols, Reishi Extract, Polysaccharides, Propolis, Flavonoids, Zinc, Iron, Selenium and Copper, also contains Vitamin C, Vitamin A, Riboflavin, Vitamin B6, Folic Acid, Vitamin D and Vitamin B12. *Vitamins C, D, B6 and B12 contribute to the normal functioning of the immune system. Statements supported by EFSA (European Food Safety Authority).<br \/>\ufe0f14 ACTIVES: Immunity Booster Complex from Nutralia in addition to containing echinacea, reishi, propolis and vitamins C, A, D, B2, B6, B9 and B12, also contains zinc, iron, selenium and copper.<br \/>For 1 month: Take 2 capsules daily, in the morning or in the evening with food. Contains 60 capsules, so Nutralia&#8217;s Immunity Booster Complex lasts 1 month.<br \/>NUTRALIE for your everyday life. Discover all the products of Nutralie, we have more than 40 references to accompany you on a daily basis.<\/p>\n\n","protected":false},"excerpt":{"rendered":"<p> From the brand \u00c0 votre c\u00f4t\u00e9 chaque jour dans votre parcours vers le bien-\u00eatre Nutralie a \u00e9t\u00e9 cr\u00e9\u00e9e avec l&#8217;objectif de transformer l&#8217;industrie des compl\u00e9ments alimentaires avec une approche innovante qui se concentre enti\u00e8rement sur vous et vos besoins. D\u00e9couvrez nos 5 univers et profitez de notre large gamme de [&hellip;]<\/p>\n","protected":false},"featured_media":27790,"comment_status":"open","ping_status":"closed","template":"","meta":{"_gspb_post_css":"","om_disable_all_campaigns":false,"_monsterinsights_skip_tracking":false,"_monsterinsights_sitenote_active":false,"_monsterinsights_sitenote_note":"","_monsterinsights_sitenote_category":0},"store":[],"product_brand":[],"product_cat":[143],"product_tag":[1496,198,173,815,4553,814,272,279,1442,4913,1362,192,401,1537,274,172],"class_list":{"0":"post-27789","1":"product","2":"type-product","3":"status-publish","4":"has-post-thumbnail","6":"product_cat-mineraux","7":"product_tag-booster","8":"product_tag-capsules","9":"product_tag-complex","10":"product_tag-defenses","11":"product_tag-echinacea","12":"product_tag-immune","13":"product_tag-immunity","14":"product_tag-iron","15":"product_tag-nutralie","16":"product_tag-propolis","17":"product_tag-reishi","18":"product_tag-selenium","19":"product_tag-system","20":"product_tag-vit","21":"product_tag-vitamins","22":"product_tag-zinc","24":"first","25":"instock","26":"shipping-taxable","27":"product-type-external"},"aioseo_notices":[],"jetpack_sharing_enabled":true,"_links":{"self":[{"href":"https:\/\/www.zolattitude.com\/index.php\/wp-json\/wp\/v2\/product\/27789","targetHints":{"allow":["GET"]}}],"collection":[{"href":"https:\/\/www.zolattitude.com\/index.php\/wp-json\/wp\/v2\/product"}],"about":[{"href":"https:\/\/www.zolattitude.com\/index.php\/wp-json\/wp\/v2\/types\/product"}],"replies":[{"embeddable":true,"href":"https:\/\/www.zolattitude.com\/index.php\/wp-json\/wp\/v2\/comments?post=27789"}],"wp:featuredmedia":[{"embeddable":true,"href":"https:\/\/www.zolattitude.com\/index.php\/wp-json\/wp\/v2\/media\/27790"}],"wp:attachment":[{"href":"https:\/\/www.zolattitude.com\/index.php\/wp-json\/wp\/v2\/media?parent=27789"}],"wp:term":[{"taxonomy":"store","embeddable":true,"href":"https:\/\/www.zolattitude.com\/index.php\/wp-json\/wp\/v2\/store?post=27789"},{"taxonomy":"product_brand","embeddable":true,"href":"https:\/\/www.zolattitude.com\/index.php\/wp-json\/wp\/v2\/product_brand?post=27789"},{"taxonomy":"product_cat","embeddable":true,"href":"https:\/\/www.zolattitude.com\/index.php\/wp-json\/wp\/v2\/product_cat?post=27789"},{"taxonomy":"product_tag","embeddable":true,"href":"https:\/\/www.zolattitude.com\/index.php\/wp-json\/wp\/v2\/product_tag?post=27789"}],"curies":[{"name":"wp","href":"https:\/\/api.w.org\/{rel}","templated":true}]}}