{"id":27888,"date":"2026-04-16T01:30:04","date_gmt":"2026-04-16T01:30:04","guid":{"rendered":"https:\/\/www.zolattitude.com\/index.php\/product\/nutri-co-multivitamins-and-minerals-25-nutrients-vitamins-a-b-c-d3-e-k2-minerals-including-magnesium-and-zinc-high-absorption-90-vegan-friendly-capsules-packaged-in-france\/"},"modified":"2026-04-16T01:30:15","modified_gmt":"2026-04-16T01:30:15","slug":"nutri-co-multivitamins-and-minerals-25-nutrients-vitamins-a-b-c-d3-e-k2-minerals-including-magnesium-and-zinc-high-absorption-90-vegan-friendly-capsules-packaged-in-france","status":"publish","type":"product","link":"https:\/\/www.zolattitude.com\/index.php\/product\/nutri-co-multivitamins-and-minerals-25-nutrients-vitamins-a-b-c-d3-e-k2-minerals-including-magnesium-and-zinc-high-absorption-90-vegan-friendly-capsules-packaged-in-france\/","title":{"rendered":"NUTRI &#038; CO Multivitamins and Minerals 25 Nutrients &#8211; Vitamins A B C D3 E K2 + Minerals Including Magnesium and Zinc &#8211; High Absorption &#8211; 90 Vegan Friendly Capsules Packaged in France"},"content":{"rendered":"<p>Price: <span style=\"color:#b12704\">\u20ac27.90<\/span><br \/><i><small>(as of Apr 16, 2026 01:30:04 UTC &#8211; <span class=\"wp_automatic_amazon_disclaimer\" title=\"Product prices and availability are accurate as of the date\/time indicated and are subject to change. Any price and availability information displayed on [relevant Amazon Site(s), as applicable] at the time of purchase will apply to the purchase of this product.\">Details<\/span>)<\/small><\/i><br \/><a href=\"https:\/\/amazon.fr\/dp\/B0CNTKHXB5?tag=onamzmoukoubl-21\"><img decoding=\"async\" src=\"https:\/\/valvepress.s3.amazonaws.com\/imgs\/buy_now.png\"><\/a><br \/>\n<\/p>\n<p>                                             From the brand   <\/p>\n<p>                                              <img decoding=\"async\" alt=\"Le texte indique \u00ab NUTRI&amp;amp;CO \u00bb. Image marketing montrant l&amp;#39;emballage du produit de couleur orange sur fond bleu fonc\u00e9 avec des \u00e9l\u00e9ments graphiques.\" src=\"https:\/\/images-na.ssl-images-amazon.com\/images\/G\/01\/x-locale\/common\/grey-pixel.gif\" class=\"a-lazy-loaded\" data-src=\"https:\/\/m.media-amazon.com\/images\/S\/aplus-media-library-service-media\/bc68d366-dde2-4e8b-b39a-9c6b8559ac67.__CR0,0,1464,625_PT0_SX1464_V1___.png\"><img decoding=\"async\" alt=\"Le texte indique \u00ab NUTRI&amp;amp;CO \u00bb. Image marketing montrant l&amp;#39;emballage du produit de couleur orange sur fond bleu fonc\u00e9 avec des \u00e9l\u00e9ments graphiques.\" src=\"https:\/\/m.media-amazon.com\/images\/S\/aplus-media-library-service-media\/bc68d366-dde2-4e8b-b39a-9c6b8559ac67.__CR0,0,1464,625_PT0_SX1464_V1___.png\">  <\/p>\n<p>                                              <img decoding=\"async\" alt=\"aplus content image\" src=\"https:\/\/images-na.ssl-images-amazon.com\/images\/G\/01\/x-locale\/common\/grey-pixel.gif\" class=\"a-lazy-loaded\" data-src=\"https:\/\/m.media-amazon.com\/images\/S\/aplus-media-library-service-media\/dc566344-7730-43ab-947d-fe4f20753bfb.__CR0,0,362,453_PT0_SX362_V1___.png\"><img decoding=\"async\" alt=\"aplus content image\" src=\"https:\/\/m.media-amazon.com\/images\/S\/aplus-media-library-service-media\/dc566344-7730-43ab-947d-fe4f20753bfb.__CR0,0,362,453_PT0_SX362_V1___.png\">  <\/p>\n<h3> Sant\u00e9 <\/h3>\n<p class=\"apm-brand-story-stores-link\">\n<p>                                              <img decoding=\"async\" alt=\"aplus content image\" src=\"https:\/\/images-na.ssl-images-amazon.com\/images\/G\/01\/x-locale\/common\/grey-pixel.gif\" class=\"a-lazy-loaded\" data-src=\"https:\/\/m.media-amazon.com\/images\/S\/aplus-media-library-service-media\/2fd170eb-52d2-4975-9462-61ecbc7389bc.__CR0,0,362,453_PT0_SX362_V1___.png\"><img decoding=\"async\" alt=\"aplus content image\" src=\"https:\/\/m.media-amazon.com\/images\/S\/aplus-media-library-service-media\/2fd170eb-52d2-4975-9462-61ecbc7389bc.__CR0,0,362,453_PT0_SX362_V1___.png\">  <\/p>\n<h3> Sport <\/h3>\n<p class=\"apm-brand-story-stores-link\">\n<p>                                              <img decoding=\"async\" alt=\"aplus content image\" src=\"https:\/\/images-na.ssl-images-amazon.com\/images\/G\/01\/x-locale\/common\/grey-pixel.gif\" class=\"a-lazy-loaded\" data-src=\"https:\/\/m.media-amazon.com\/images\/S\/aplus-media-library-service-media\/8ff90505-c330-49e7-a8b7-f7101878650f.__CR0,0,362,453_PT0_SX362_V1___.png\"><img decoding=\"async\" alt=\"aplus content image\" src=\"https:\/\/m.media-amazon.com\/images\/S\/aplus-media-library-service-media\/8ff90505-c330-49e7-a8b7-f7101878650f.__CR0,0,362,453_PT0_SX362_V1___.png\">  <\/p>\n<p>                                              <img decoding=\"async\" alt=\"aplus content image\" src=\"https:\/\/images-na.ssl-images-amazon.com\/images\/G\/01\/x-locale\/common\/grey-pixel.gif\" class=\"a-lazy-loaded\" data-src=\"https:\/\/m.media-amazon.com\/images\/S\/aplus-media-library-service-media\/5c2745ed-349f-4fd8-b42f-2b61dd4d0fc4.__CR0,0,362,453_PT0_SX362_V1___.png\"><img decoding=\"async\" alt=\"aplus content image\" src=\"https:\/\/m.media-amazon.com\/images\/S\/aplus-media-library-service-media\/5c2745ed-349f-4fd8-b42f-2b61dd4d0fc4.__CR0,0,362,453_PT0_SX362_V1___.png\">  <\/p>\n<h3> Beaut\u00e9 <\/h3>\n<p class=\"apm-brand-story-stores-link\">\n<p>                                              <img decoding=\"async\" alt=\"aplus content image\" src=\"https:\/\/images-na.ssl-images-amazon.com\/images\/G\/01\/x-locale\/common\/grey-pixel.gif\" class=\"a-lazy-loaded\" data-src=\"https:\/\/m.media-amazon.com\/images\/S\/aplus-media-library-service-media\/84981cd7-9a65-4842-97d9-4c947a86677d.__CR0,0,362,453_PT0_SX362_V1___.png\"><img decoding=\"async\" alt=\"aplus content image\" src=\"https:\/\/m.media-amazon.com\/images\/S\/aplus-media-library-service-media\/84981cd7-9a65-4842-97d9-4c947a86677d.__CR0,0,362,453_PT0_SX362_V1___.png\">  <\/p>\n<p> Package Dimensions                                            \u200f                                            :                                            \u200e                                            9.7 x 4.9 x 4.8 cm; 45 g   <br \/> Manufacturer                                            \u200f                                            :                                            \u200e                                            NUTRI &#038; CO   <br \/> ASIN                                            \u200f                                            :                                            \u200e                                            B0CNTKHXB5   <br \/> Country of origin                                            \u200f                                            :                                            \u200e                                            France   <br \/>  Customer reviews:                                                                                            4.4               4.4 out of 5 stars                                  (3,021)                                              var dpAcrHasRegisteredArcLinkClickAction;                    P.when(&#8216;A&#8217;, &#8216;ready&#8217;).execute(function(A) {                        if (dpAcrHasRegisteredArcLinkClickAction !== true) {                            dpAcrHasRegisteredArcLinkClickAction = true;                            A.declarative(                                &#8216;acrLink-click-metrics&#8217;, &#8216;click&#8217;,                                { &#8220;allowLinkDefault&#8221;: true },                                function (event) {                                    if (window.ue) {                                        ue.count(&#8220;acrLinkClickCount&#8221;, (ue.count(&#8220;acrLinkClickCount&#8221;) || 0) + 1);                                    }                                }                            );                        }                    });                                             P.when(&#8216;A&#8217;, &#8216;cf&#8217;).execute(function(A) {                A.declarative(&#8216;acrStarsLink-click-metrics&#8217;, &#8216;click&#8217;, { &#8220;allowLinkDefault&#8221; : true },  function(event){                    if(window.ue) {                        ue.count(&#8220;acrStarsLinkWithPopoverClickCount&#8221;, (ue.count(&#8220;acrStarsLinkWithPopoverClickCount&#8221;) || 0) + 1);                    }                });            });                          <br \/>Rich in nutrients \u2013 Multi Nutri&#038;Co contains many vitamins including vitamin C, B (including B9 and B12), vitamin D, vitamin E, K2 as well as zinc and magnesium, as well as many plant cofactors such as carotenoids and bioflavonoids, coenzyme Q10 and alpha-lipoic acid. (May contain traces of fish, molluscs, crustaceans)<br \/>MANY BENEFITS &#8211; Our multivitamin formula helps boost your defenses to maintain a normal immune system. The many vitamins present help keep your hair, skin and nails healthy. Regain a normal energy metabolism as well as a normal bone and teething thanks to Nutri&#038;Co Multivitamins<br \/>SAVES &#8211; Vitamins are good, but active and absorbable is even better. That is why Nutri&#038;Co has selected co-enzymed vitamin forms (pyridoxal-5-phosphate, folate, methylcobalamin, vitamins A, E and D3 plant) and for the first time high content AND high absorption liposomed minerals<br \/>JUST THE ESSENTIAL: Our multivitamin concentrates only those active ingredients that are proven to be healthy. It contains neither iron nor copper, overdose pro-oxidants. Our adaptable dosage allows men and women, athletes or not, to reach their RDA<br \/>NUTRI &#038; CO TRANSPARENCE &#8211; At Nutri&#038;Co, developing the perfect multi-vitamin is much more than a nutrient combination. We pay particular attention to knowing and showing the origin of each material and only work with producers who share our quality standards<\/p>\n\n","protected":false},"excerpt":{"rendered":"<p> From the brand Sant\u00e9 Sport Beaut\u00e9 Package Dimensions \u200f : \u200e 9.7 x 4.9 x 4.8 cm; 45 g Manufacturer \u200f : \u200e NUTRI &#038; CO ASIN \u200f : \u200e B0CNTKHXB5 Country of origin \u200f : \u200e France Customer reviews: 4.4 4.4 out of 5 stars (3,021) var dpAcrHasRegisteredArcLinkClickAction; P.when(&#8216;A&#8217;, [&hellip;]<\/p>\n","protected":false},"featured_media":27889,"comment_status":"open","ping_status":"closed","template":"","meta":{"_gspb_post_css":"","om_disable_all_campaigns":false,"_monsterinsights_skip_tracking":false,"_monsterinsights_sitenote_active":false,"_monsterinsights_sitenote_note":"","_monsterinsights_sitenote_category":0},"store":[],"product_brand":[],"product_cat":[143],"product_tag":[295,198,201,3095,294,578,287,265,264,546,463,581,261,274,172],"class_list":{"0":"post-27888","1":"product","2":"type-product","3":"status-publish","4":"has-post-thumbnail","6":"product_cat-mineraux","7":"product_tag-absorption","8":"product_tag-capsules","9":"product_tag-france","10":"product_tag-friendly","11":"product_tag-high","12":"product_tag-including","13":"product_tag-magnesium","14":"product_tag-minerals","15":"product_tag-multivitamins","16":"product_tag-nutri","17":"product_tag-nutrients","18":"product_tag-packaged","19":"product_tag-vegan","20":"product_tag-vitamins","21":"product_tag-zinc","23":"first","24":"instock","25":"shipping-taxable","26":"product-type-external"},"aioseo_notices":[],"jetpack_sharing_enabled":true,"_links":{"self":[{"href":"https:\/\/www.zolattitude.com\/index.php\/wp-json\/wp\/v2\/product\/27888","targetHints":{"allow":["GET"]}}],"collection":[{"href":"https:\/\/www.zolattitude.com\/index.php\/wp-json\/wp\/v2\/product"}],"about":[{"href":"https:\/\/www.zolattitude.com\/index.php\/wp-json\/wp\/v2\/types\/product"}],"replies":[{"embeddable":true,"href":"https:\/\/www.zolattitude.com\/index.php\/wp-json\/wp\/v2\/comments?post=27888"}],"wp:featuredmedia":[{"embeddable":true,"href":"https:\/\/www.zolattitude.com\/index.php\/wp-json\/wp\/v2\/media\/27889"}],"wp:attachment":[{"href":"https:\/\/www.zolattitude.com\/index.php\/wp-json\/wp\/v2\/media?parent=27888"}],"wp:term":[{"taxonomy":"store","embeddable":true,"href":"https:\/\/www.zolattitude.com\/index.php\/wp-json\/wp\/v2\/store?post=27888"},{"taxonomy":"product_brand","embeddable":true,"href":"https:\/\/www.zolattitude.com\/index.php\/wp-json\/wp\/v2\/product_brand?post=27888"},{"taxonomy":"product_cat","embeddable":true,"href":"https:\/\/www.zolattitude.com\/index.php\/wp-json\/wp\/v2\/product_cat?post=27888"},{"taxonomy":"product_tag","embeddable":true,"href":"https:\/\/www.zolattitude.com\/index.php\/wp-json\/wp\/v2\/product_tag?post=27888"}],"curies":[{"name":"wp","href":"https:\/\/api.w.org\/{rel}","templated":true}]}}