{"id":27993,"date":"2026-04-17T01:20:17","date_gmt":"2026-04-17T01:20:17","guid":{"rendered":"https:\/\/www.zolattitude.com\/index.php\/product\/nutrisolution-100-organic-moringa-capsules-superfood-rich-in-multivitamins-and-minerals-moringa-oleifera-leaf-powder-90-vegetable-capsules-made-in-france-1\/"},"modified":"2026-04-17T01:20:29","modified_gmt":"2026-04-17T01:20:29","slug":"nutrisolution-100-organic-moringa-capsules-superfood-rich-in-multivitamins-and-minerals-moringa-oleifera-leaf-powder-90-vegetable-capsules-made-in-france-1","status":"publish","type":"product","link":"https:\/\/www.zolattitude.com\/index.php\/product\/nutrisolution-100-organic-moringa-capsules-superfood-rich-in-multivitamins-and-minerals-moringa-oleifera-leaf-powder-90-vegetable-capsules-made-in-france-1\/","title":{"rendered":"NutriSolution 100% Organic Moringa Capsules &#8211; Superfood Rich in Multivitamins and Minerals &#8211; Moringa Oleifera Leaf Powder &#8211; 90 Vegetable Capsules &#8211; Made in France (1)"},"content":{"rendered":"<p>Price: <span style=\"color:#b12704\">\u20ac49.00<\/span><br \/><i><small>(as of Apr 17, 2026 01:20:17 UTC &#8211; <span class=\"wp_automatic_amazon_disclaimer\" title=\"Product prices and availability are accurate as of the date\/time indicated and are subject to change. Any price and availability information displayed on [relevant Amazon Site(s), as applicable] at the time of purchase will apply to the purchase of this product.\">Details<\/span>)<\/small><\/i><br \/><a href=\"https:\/\/amazon.fr\/dp\/B0DKXKYG7K?tag=onamzmoukoubl-21\"><img decoding=\"async\" src=\"https:\/\/valvepress.s3.amazonaws.com\/imgs\/buy_now.png\"><\/a><br \/>\n<\/p>\n<p>                                             From the brand   <\/p>\n<p>                                              <img decoding=\"async\" alt=\"une femme qui court dans un parc\" src=\"https:\/\/images-na.ssl-images-amazon.com\/images\/G\/01\/x-locale\/common\/grey-pixel.gif\" class=\"a-lazy-loaded\" data-src=\"https:\/\/m.media-amazon.com\/images\/S\/aplus-media-library-service-media\/689925a0-aaac-41b3-a92e-a6a60abfc726.__CR0,0,4575,1953_PT0_SX1464_V1___.jpg\"><img decoding=\"async\" alt=\"une femme qui court dans un parc\" src=\"https:\/\/m.media-amazon.com\/images\/S\/aplus-media-library-service-media\/689925a0-aaac-41b3-a92e-a6a60abfc726.__CR0,0,4575,1953_PT0_SX1464_V1___.jpg\">  <\/p>\n<p>                                              <img decoding=\"async\" alt=\"\" src=\"https:\/\/images-na.ssl-images-amazon.com\/images\/G\/01\/x-locale\/common\/grey-pixel.gif\" class=\"a-lazy-loaded\" data-src=\"https:\/\/m.media-amazon.com\/images\/S\/aplus-media-library-service-media\/10aa1a3f-e007-44d8-9948-d8a6e901fb68.__CR206,0,1637,2048_PT0_SX362_V1___.png\"><img decoding=\"async\" alt=\"\" src=\"https:\/\/m.media-amazon.com\/images\/S\/aplus-media-library-service-media\/10aa1a3f-e007-44d8-9948-d8a6e901fb68.__CR206,0,1637,2048_PT0_SX362_V1___.png\">  <\/p>\n<h3> Floravia <\/h3>\n<p> Le compl\u00e9ment probiotique am\u00e9liore la sant\u00e9, r\u00e9duit le bloating et soutient la digestion saine et la flore intestinale. <\/p>\n<p>                                              <img decoding=\"async\" alt=\"\" src=\"https:\/\/images-na.ssl-images-amazon.com\/images\/G\/01\/x-locale\/common\/grey-pixel.gif\" class=\"a-lazy-loaded\" data-src=\"https:\/\/m.media-amazon.com\/images\/S\/aplus-media-library-service-media\/d2784606-8544-4062-a3c4-7c10f58262c5.__CR206,0,1637,2048_PT0_SX362_V1___.png\"><img decoding=\"async\" alt=\"\" src=\"https:\/\/m.media-amazon.com\/images\/S\/aplus-media-library-service-media\/d2784606-8544-4062-a3c4-7c10f58262c5.__CR206,0,1637,2048_PT0_SX362_V1___.png\">  <\/p>\n<h3> HepaLiv <\/h3>\n<p> Suppl\u00e9ment de d\u00e9sintoxication du foie avec chardon-Marie et th\u00e9 vert pour soutenir la fonction h\u00e9patique et br\u00fbler les graisses. <\/p>\n<p>                                              <img decoding=\"async\" alt=\"\" src=\"https:\/\/images-na.ssl-images-amazon.com\/images\/G\/01\/x-locale\/common\/grey-pixel.gif\" class=\"a-lazy-loaded\" data-src=\"https:\/\/m.media-amazon.com\/images\/S\/aplus-media-library-service-media\/a3948d1c-c538-48c4-984b-4e85a6e7d3fd.__CR206,0,1637,2048_PT0_SX362_V1___.jpg\"><img decoding=\"async\" alt=\"\" src=\"https:\/\/m.media-amazon.com\/images\/S\/aplus-media-library-service-media\/a3948d1c-c538-48c4-984b-4e85a6e7d3fd.__CR206,0,1637,2048_PT0_SX362_V1___.jpg\">  <\/p>\n<h3> Artivita+ <\/h3>\n<p> Compl\u00e9ment alimentaire naturel pour soutenir la sant\u00e9 des articulations avec du collag\u00e8ne et de l&#8217;acide boswellique. <\/p>\n<p> Package Dimensions                                            \u200f                                            :                                            \u200e                                            5 x 5 x 5 cm; 40 g   <br \/> Manufacturer                                            \u200f                                            :                                            \u200e                                            NutriSolution   <br \/> ASIN                                            \u200f                                            :                                            \u200e                                            B0DKXKYG7K   <br \/>  Customer reviews:                                                                                            5.0               5.0 out of 5 stars                                  (1)                                              var dpAcrHasRegisteredArcLinkClickAction;                    P.when(&#8216;A&#8217;, &#8216;ready&#8217;).execute(function(A) {                        if (dpAcrHasRegisteredArcLinkClickAction !== true) {                            dpAcrHasRegisteredArcLinkClickAction = true;                            A.declarative(                                &#8216;acrLink-click-metrics&#8217;, &#8216;click&#8217;,                                { &#8220;allowLinkDefault&#8221;: true },                                function (event) {                                    if (window.ue) {                                        ue.count(&#8220;acrLinkClickCount&#8221;, (ue.count(&#8220;acrLinkClickCount&#8221;) || 0) + 1);                                    }                                }                            );                        }                    });                                             P.when(&#8216;A&#8217;, &#8216;cf&#8217;).execute(function(A) {                A.declarative(&#8216;acrStarsLink-click-metrics&#8217;, &#8216;click&#8217;, { &#8220;allowLinkDefault&#8221; : true },  function(event){                    if(window.ue) {                        ue.count(&#8220;acrStarsLinkWithPopoverClickCount&#8221;, (ue.count(&#8220;acrStarsLinkWithPopoverClickCount&#8221;) || 0) + 1);                    }                });            });                          <br \/>IMPROVED COGNITIVE FUNCTION &#8211; Premium organic moringa oleifera leaf extract standardized to 10% polyphenols to improve memory, concentration and mental clarity while fighting brain fatigue for optimized cognitive performance<br \/>NATURAL ENERGY &#038; BLOOD SUGAR CONTROL &#8211; Rich in 15 amino acids and essential nutrients, helps regulate blood sugar, reduces cravings and provides lasting energy all day long without artificial stimulants<br \/>POWERFUL ANTIOXIDANT PROTECTION &#8211; Contains 7 times more vitamin C than oranges and an exceptional concentration of antioxidants to fight cell aging, boost immunity and protect against oxidative stress<br \/>SUPERFOOD NUTRITIONAL BALANCE &#8211; Provides 14 times more potassium than bananas, essential vitamins and minerals as well as micronutrients, in easy-to-take vegetarian capsules made with organic maltodextrin and natural chlorophylline<br \/>SATISFACTION GUARANTEE &#8211; Take 2 capsules daily during the meal as part of a balanced diet. Made in the EU to exacting standards. Not recommended for pregnant or lactating women. Full refund guaranteed<\/p>\n\n","protected":false},"excerpt":{"rendered":"<p> From the brand Floravia Le compl\u00e9ment probiotique am\u00e9liore la sant\u00e9, r\u00e9duit le bloating et soutient la digestion saine et la flore intestinale. HepaLiv Suppl\u00e9ment de d\u00e9sintoxication du foie avec chardon-Marie et th\u00e9 vert pour soutenir la fonction h\u00e9patique et br\u00fbler les graisses. Artivita+ Compl\u00e9ment alimentaire naturel pour soutenir la sant\u00e9 [&hellip;]<\/p>\n","protected":false},"featured_media":27994,"comment_status":"open","ping_status":"closed","template":"","meta":{"_gspb_post_css":"","om_disable_all_campaigns":false,"_monsterinsights_skip_tracking":false,"_monsterinsights_sitenote_active":false,"_monsterinsights_sitenote_note":"","_monsterinsights_sitenote_category":0},"store":[],"product_brand":[],"product_cat":[146],"product_tag":[198,201,1114,265,373,264,4049,374,238,214,258,387,197],"class_list":{"0":"post-27993","1":"product","2":"type-product","3":"status-publish","4":"has-post-thumbnail","6":"product_cat-superaliments-verts","7":"product_tag-capsules","8":"product_tag-france","9":"product_tag-leaf","10":"product_tag-minerals","11":"product_tag-moringa","12":"product_tag-multivitamins","13":"product_tag-nutrisolution","14":"product_tag-oleifera","15":"product_tag-organic","16":"product_tag-powder","17":"product_tag-rich","18":"product_tag-superfood","19":"product_tag-vegetable","21":"first","22":"instock","23":"shipping-taxable","24":"product-type-external"},"aioseo_notices":[],"jetpack_sharing_enabled":true,"_links":{"self":[{"href":"https:\/\/www.zolattitude.com\/index.php\/wp-json\/wp\/v2\/product\/27993","targetHints":{"allow":["GET"]}}],"collection":[{"href":"https:\/\/www.zolattitude.com\/index.php\/wp-json\/wp\/v2\/product"}],"about":[{"href":"https:\/\/www.zolattitude.com\/index.php\/wp-json\/wp\/v2\/types\/product"}],"replies":[{"embeddable":true,"href":"https:\/\/www.zolattitude.com\/index.php\/wp-json\/wp\/v2\/comments?post=27993"}],"wp:featuredmedia":[{"embeddable":true,"href":"https:\/\/www.zolattitude.com\/index.php\/wp-json\/wp\/v2\/media\/27994"}],"wp:attachment":[{"href":"https:\/\/www.zolattitude.com\/index.php\/wp-json\/wp\/v2\/media?parent=27993"}],"wp:term":[{"taxonomy":"store","embeddable":true,"href":"https:\/\/www.zolattitude.com\/index.php\/wp-json\/wp\/v2\/store?post=27993"},{"taxonomy":"product_brand","embeddable":true,"href":"https:\/\/www.zolattitude.com\/index.php\/wp-json\/wp\/v2\/product_brand?post=27993"},{"taxonomy":"product_cat","embeddable":true,"href":"https:\/\/www.zolattitude.com\/index.php\/wp-json\/wp\/v2\/product_cat?post=27993"},{"taxonomy":"product_tag","embeddable":true,"href":"https:\/\/www.zolattitude.com\/index.php\/wp-json\/wp\/v2\/product_tag?post=27993"}],"curies":[{"name":"wp","href":"https:\/\/api.w.org\/{rel}","templated":true}]}}