{"id":28017,"date":"2026-04-17T01:37:52","date_gmt":"2026-04-17T01:37:52","guid":{"rendered":"https:\/\/www.zolattitude.com\/index.php\/product\/omegor-mind-supplement-for-memory-and-congnitive-functions-omega-3-dha-and-bacopa-monnieri-extract-borage-oil-zinc-and-b-vitamins-60-capsule\/"},"modified":"2026-04-17T01:38:02","modified_gmt":"2026-04-17T01:38:02","slug":"omegor-mind-supplement-for-memory-and-congnitive-functions-omega-3-dha-and-bacopa-monnieri-extract-borage-oil-zinc-and-b-vitamins-60-capsule","status":"publish","type":"product","link":"https:\/\/www.zolattitude.com\/index.php\/product\/omegor-mind-supplement-for-memory-and-congnitive-functions-omega-3-dha-and-bacopa-monnieri-extract-borage-oil-zinc-and-b-vitamins-60-capsule\/","title":{"rendered":"OMEGOR Mind &#8211; Supplement for Memory and Congnitive Functions &#8211; Omega 3 DHA and Bacopa Monnieri Extract, Borage Oil, Zinc and B Vitamins (60 Capsule)"},"content":{"rendered":"<p>Price: <span style=\"color:#b12704\">\u20ac28.41<\/span><br \/><i><small>(as of Apr 17, 2026 01:37:53 UTC &#8211; <span class=\"wp_automatic_amazon_disclaimer\" title=\"Product prices and availability are accurate as of the date\/time indicated and are subject to change. Any price and availability information displayed on [relevant Amazon Site(s), as applicable] at the time of purchase will apply to the purchase of this product.\">Details<\/span>)<\/small><\/i><br \/><a href=\"https:\/\/amazon.fr\/dp\/B07NVZRXMW?tag=onamzmoukoubl-21\"><img decoding=\"async\" src=\"https:\/\/valvepress.s3.amazonaws.com\/imgs\/buy_now.png\"><\/a><br \/>\n<\/p>\n<p>                                             From the brand   <\/p>\n<p>                                              <img decoding=\"async\" alt=\"un chien bleu avec un nez rouge et un fond blanc\" src=\"https:\/\/images-na.ssl-images-amazon.com\/images\/G\/01\/x-locale\/common\/grey-pixel.gif\" class=\"a-lazy-loaded\" data-src=\"https:\/\/m.media-amazon.com\/images\/S\/aplus-media-library-service-media\/ce164c2e-aed3-4b9d-ba2a-41f42629ba67.__CR0,25,3000,1281_PT0_SX1464_V1___.png\"><img decoding=\"async\" alt=\"un chien bleu avec un nez rouge et un fond blanc\" src=\"https:\/\/m.media-amazon.com\/images\/S\/aplus-media-library-service-media\/ce164c2e-aed3-4b9d-ba2a-41f42629ba67.__CR0,25,3000,1281_PT0_SX1464_V1___.png\">  <\/p>\n<p>                                              <img decoding=\"async\" alt=\"\" src=\"https:\/\/images-na.ssl-images-amazon.com\/images\/G\/01\/x-locale\/common\/grey-pixel.gif\" class=\"a-lazy-loaded\" data-src=\"https:\/\/m.media-amazon.com\/images\/S\/aplus-media-library-service-media\/8e4d06f5-7f72-406f-a0a5-43b62733f03b.__CR0,0,315,145_PT0_SX315_V1___.png\"><img decoding=\"async\" alt=\"\" src=\"https:\/\/m.media-amazon.com\/images\/S\/aplus-media-library-service-media\/8e4d06f5-7f72-406f-a0a5-43b62733f03b.__CR0,0,315,145_PT0_SX315_V1___.png\">  <\/p>\n<h3> U.G.A. Nutraceuticals <\/h3>\n<p> Notre engagement est d&#8217;\u00e9lever le bien-\u00eatre quotidien, en mettant au centre la personne et la qualit\u00e9. <\/p>\n<p> Depuis 2005, nous guidons la recherche, la science et l&#8217;innovation, avec l&#8217;objectif de porter l&#8217;int\u00e9gration alimentaire \u00e0 de nouveaux niveaux, en alliant efficacit\u00e9 et naturel. <\/p>\n<p> Nous voulons \u00eatre l&#8217;alli\u00e9 id\u00e9al pour chaque personne, avec des produits con\u00e7us pour faire la diff\u00e9rence. <\/p>\n<h3> Bien-\u00eatre <\/h3>\n<p class=\"apm-brand-story-stores-link\">\n<h3> Sport et fitness <\/h3>\n<p class=\"apm-brand-story-stores-link\">\n<h3> grossesse <\/h3>\n<p class=\"apm-brand-story-stores-link\">\n<h3> Antiage <\/h3>\n<p class=\"apm-brand-story-stores-link\">\n<h3> Enfance et croissance <\/h3>\n<p class=\"apm-brand-story-stores-link\">\n<h3> baby <\/h3>\n<p class=\"apm-brand-story-stores-link\">\n<p>                                              <img decoding=\"async\" alt=\"\" src=\"https:\/\/images-na.ssl-images-amazon.com\/images\/G\/01\/x-locale\/common\/grey-pixel.gif\" class=\"a-lazy-loaded\" data-src=\"https:\/\/m.media-amazon.com\/images\/S\/aplus-media-library-service-media\/82ce13fd-6862-4bab-97b7-5bc6183a2690.__CR0,0,362,453_PT0_SX362_V1___.png\"><img decoding=\"async\" alt=\"\" src=\"https:\/\/m.media-amazon.com\/images\/S\/aplus-media-library-service-media\/82ce13fd-6862-4bab-97b7-5bc6183a2690.__CR0,0,362,453_PT0_SX362_V1___.png\">  <\/p>\n<h3> Nos certifications <\/h3>\n<p>                                                         Qu&#8217;est ce que votre huile de poisson a de sp\u00e9cial ?                                       <\/p>\n<p> Avec notre m\u00e9thode brevet\u00e9e, l&#8217;huile en forme de triglyc\u00e9ride est facile \u00e0 dig\u00e9rer, sans arri\u00e8re-go\u00fbt et, surtout, riche en EPA et DHA. <\/p>\n<p>                                                         Vos produits sont-ils de qualit\u00e9 ?                                       <\/p>\n<p> La concentration en EPA et DHA, l&#8217;absence de m\u00e9taux lourds ou polluants et la fra\u00eecheur de l&#8217;huile de poisson que nous utilisons dans nos compl\u00e9ments est contr\u00f4l\u00e9e par IFOS et ISO 9001. <\/p>\n<p>                                                         Quel est le produit le plus adapt\u00e9 pour moi ?                                       <\/p>\n<p> U.G.A. Neutraceuticals a une ligne de produits pour am\u00e9liorer la sant\u00e9 de chaque \u00e9tape de la vie. <\/p>\n<p> Jetez un coup d&#8217;\u0153il \u00e0 notre store. <\/p>\n<p> Package Dimensions                                            \u200f                                            :                                            \u200e                                            10.9 x 7.3 x 5.2 cm; 100 g   <br \/> Manufacturer                                            \u200f                                            :                                            \u200e                                            U.G.A. Nutraceuticals   <br \/> ASIN                                            \u200f                                            :                                            \u200e                                            B07NVZRXMW   <br \/> Item model number                                            \u200f                                            :                                            \u200e                                            972681478   <br \/>  Customer reviews:                                                                                            4.4               4.4 out of 5 stars                                  (162)                                              var dpAcrHasRegisteredArcLinkClickAction;                    P.when(&#8216;A&#8217;, &#8216;ready&#8217;).execute(function(A) {                        if (dpAcrHasRegisteredArcLinkClickAction !== true) {                            dpAcrHasRegisteredArcLinkClickAction = true;                            A.declarative(                                &#8216;acrLink-click-metrics&#8217;, &#8216;click&#8217;,                                { &#8220;allowLinkDefault&#8221;: true },                                function (event) {                                    if (window.ue) {                                        ue.count(&#8220;acrLinkClickCount&#8221;, (ue.count(&#8220;acrLinkClickCount&#8221;) || 0) + 1);                                    }                                }                            );                        }                    });                                             P.when(&#8216;A&#8217;, &#8216;cf&#8217;).execute(function(A) {                A.declarative(&#8216;acrStarsLink-click-metrics&#8217;, &#8216;click&#8217;, { &#8220;allowLinkDefault&#8221; : true },  function(event){                    if(window.ue) {                        ue.count(&#8220;acrStarsLinkWithPopoverClickCount&#8221;, (ue.count(&#8220;acrStarsLinkWithPopoverClickCount&#8221;) || 0) + 1);                    }                });            });                          <br \/>Natural Cognitive Enhancement: Experience the power of supplementation with OMEGOR Mind, formulated with Omega 3 DHA and Bacopa Monnieri extract to support memory and cognitive function. Ideal for students, professionals and seniors who want to keep the mind agile.<br \/>Rich source of omega-3: OMEGOR Mind contains EPA and DHA, fatty acids essential for cell membrane health and the proper functioning of the nervous system. A valuable ally for your well-being every day.<br \/>Bacopa Monnieri Extract: Benefit from the ancient properties of Bacopa Monnieri, a plant renowned in Ayurvedic medicine to improve memory and cognitive performance. One step closer to a clearer and more responsive mind.<br \/>Borage Oil &#038; Essential Nutrients: Enrich your diet with borage oil, known for the integrity of cell membranes, and a complex of zinc and B vitamins to nourish your body and support cognitive functions.<br \/>COMPLETE SUPPORT FOR Mental Well-Being &#8211; OMEGOR Mind combines natural ingredients with cutting-edge science to provide you with comprehensive support. Improve focus, reduce fatigue and support your mental health with an integrated solution.<\/p>\n\n","protected":false},"excerpt":{"rendered":"<p> From the brand U.G.A. Nutraceuticals Notre engagement est d&#8217;\u00e9lever le bien-\u00eatre quotidien, en mettant au centre la personne et la qualit\u00e9. Depuis 2005, nous guidons la recherche, la science et l&#8217;innovation, avec l&#8217;objectif de porter l&#8217;int\u00e9gration alimentaire \u00e0 de nouveaux niveaux, en alliant efficacit\u00e9 et naturel. Nous voulons \u00eatre l&#8217;alli\u00e9 [&hellip;]<\/p>\n","protected":false},"featured_media":28018,"comment_status":"open","ping_status":"closed","template":"","meta":{"_gspb_post_css":"","om_disable_all_campaigns":false,"_monsterinsights_skip_tracking":false,"_monsterinsights_sitenote_active":false,"_monsterinsights_sitenote_note":"","_monsterinsights_sitenote_category":0},"store":[],"product_brand":[],"product_cat":[140],"product_tag":[4941,237,1097,6977,324,422,329,424,5029,4942,243,259,6976,200,274,172],"class_list":{"0":"post-28017","1":"product","2":"type-product","3":"status-publish","4":"has-post-thumbnail","6":"product_cat-huiles-de-bourrache-onagre","7":"product_tag-bacopa","8":"product_tag-borage","9":"product_tag-capsule","10":"product_tag-congnitive","11":"product_tag-dha","12":"product_tag-extract","13":"product_tag-functions","14":"product_tag-memory","15":"product_tag-mind","16":"product_tag-monnieri","17":"product_tag-oil","18":"product_tag-omega","19":"product_tag-omegor","20":"product_tag-supplement","21":"product_tag-vitamins","22":"product_tag-zinc","24":"first","25":"instock","26":"shipping-taxable","27":"product-type-external"},"aioseo_notices":[],"jetpack_sharing_enabled":true,"_links":{"self":[{"href":"https:\/\/www.zolattitude.com\/index.php\/wp-json\/wp\/v2\/product\/28017","targetHints":{"allow":["GET"]}}],"collection":[{"href":"https:\/\/www.zolattitude.com\/index.php\/wp-json\/wp\/v2\/product"}],"about":[{"href":"https:\/\/www.zolattitude.com\/index.php\/wp-json\/wp\/v2\/types\/product"}],"replies":[{"embeddable":true,"href":"https:\/\/www.zolattitude.com\/index.php\/wp-json\/wp\/v2\/comments?post=28017"}],"wp:featuredmedia":[{"embeddable":true,"href":"https:\/\/www.zolattitude.com\/index.php\/wp-json\/wp\/v2\/media\/28018"}],"wp:attachment":[{"href":"https:\/\/www.zolattitude.com\/index.php\/wp-json\/wp\/v2\/media?parent=28017"}],"wp:term":[{"taxonomy":"store","embeddable":true,"href":"https:\/\/www.zolattitude.com\/index.php\/wp-json\/wp\/v2\/store?post=28017"},{"taxonomy":"product_brand","embeddable":true,"href":"https:\/\/www.zolattitude.com\/index.php\/wp-json\/wp\/v2\/product_brand?post=28017"},{"taxonomy":"product_cat","embeddable":true,"href":"https:\/\/www.zolattitude.com\/index.php\/wp-json\/wp\/v2\/product_cat?post=28017"},{"taxonomy":"product_tag","embeddable":true,"href":"https:\/\/www.zolattitude.com\/index.php\/wp-json\/wp\/v2\/product_tag?post=28017"}],"curies":[{"name":"wp","href":"https:\/\/api.w.org\/{rel}","templated":true}]}}