{"id":28271,"date":"2026-04-19T23:28:03","date_gmt":"2026-04-19T23:28:03","guid":{"rendered":"https:\/\/www.zolattitude.com\/index.php\/product\/neocell-super-collagen-with-vitamin-c-and-biotin-high-dosed-270-tablets-gluten-free-soy-free-non-gmo\/"},"modified":"2026-04-19T23:28:10","modified_gmt":"2026-04-19T23:28:10","slug":"neocell-super-collagen-with-vitamin-c-and-biotin-high-dosed-270-tablets-gluten-free-soy-free-non-gmo","status":"publish","type":"product","link":"https:\/\/www.zolattitude.com\/index.php\/product\/neocell-super-collagen-with-vitamin-c-and-biotin-high-dosed-270-tablets-gluten-free-soy-free-non-gmo\/","title":{"rendered":"NeoCell, Super Collagen, with Vitamin C and Biotin &#8211; High Dosed, 270 Tablets, Gluten Free, Soy Free, Non-GMO"},"content":{"rendered":"<p>Price: <span style=\"color:#b12704\">\u20ac34.47<\/span><br \/><i><small>(as of Apr 19, 2026 23:28:03 UTC &#8211; <span class=\"wp_automatic_amazon_disclaimer\" title=\"Product prices and availability are accurate as of the date\/time indicated and are subject to change. Any price and availability information displayed on [relevant Amazon Site(s), as applicable] at the time of purchase will apply to the purchase of this product.\">Details<\/span>)<\/small><\/i><br \/><a href=\"https:\/\/amazon.fr\/dp\/B0C89DT9NJ?tag=onamzmoukoubl-21\"><img decoding=\"async\" src=\"https:\/\/valvepress.s3.amazonaws.com\/imgs\/buy_now.png\"><\/a><br \/>\n<\/p>\n<p>                                             From the brand   <\/p>\n<p>                                              <img decoding=\"async\" alt=\"Neo\" src=\"https:\/\/images-na.ssl-images-amazon.com\/images\/G\/01\/x-locale\/common\/grey-pixel.gif\" class=\"a-lazy-loaded\" data-src=\"https:\/\/m.media-amazon.com\/images\/S\/aplus-media-library-service-media\/f89b7071-8cfa-4443-a155-a53c72243a51.__CR0,0,1464,625_PT0_SX1464_V1___.jpg\"><img decoding=\"async\" alt=\"Neo\" src=\"https:\/\/m.media-amazon.com\/images\/S\/aplus-media-library-service-media\/f89b7071-8cfa-4443-a155-a53c72243a51.__CR0,0,1464,625_PT0_SX1464_V1___.jpg\">  <\/p>\n<p>                                              <img decoding=\"async\" alt=\"\" src=\"https:\/\/images-na.ssl-images-amazon.com\/images\/G\/01\/x-locale\/common\/grey-pixel.gif\" class=\"a-lazy-loaded\" data-src=\"https:\/\/m.media-amazon.com\/images\/S\/aplus-media-library-service-media\/2cb12ac1-53bf-4f70-88b2-2d7d20fda717.__CR0,0,362,453_PT0_SX362_V1___.jpg\"><img decoding=\"async\" alt=\"\" src=\"https:\/\/m.media-amazon.com\/images\/S\/aplus-media-library-service-media\/2cb12ac1-53bf-4f70-88b2-2d7d20fda717.__CR0,0,362,453_PT0_SX362_V1___.jpg\">  <\/p>\n<h3> Beauty has a power source. You <\/h3>\n<p> En toi se trouve ta propre fontaine de jouvence. Une brillance qui attend juste sous la surface. <\/p>\n<p>                                              <img decoding=\"async\" alt=\"\" src=\"https:\/\/images-na.ssl-images-amazon.com\/images\/G\/01\/x-locale\/common\/grey-pixel.gif\" class=\"a-lazy-loaded\" data-src=\"https:\/\/m.media-amazon.com\/images\/S\/aplus-media-library-service-media\/6dea6a73-902b-4bfc-bfc8-dcb8ef8a2695.__CR0,0,315,145_PT0_SX315_V1___.jpg\"><img decoding=\"async\" alt=\"\" src=\"https:\/\/m.media-amazon.com\/images\/S\/aplus-media-library-service-media\/6dea6a73-902b-4bfc-bfc8-dcb8ef8a2695.__CR0,0,315,145_PT0_SX315_V1___.jpg\">  <\/p>\n<p> Nous sommes NeoCell &#8211; une marque de collag\u00e8ne de confiance depuis 1998. Nous savons donc ce qu&#8217;il faut pour faire briller votre beaut\u00e9 de l&#8217;int\u00e9rieur. Et nous avons la base scientifique pour le faire. <\/p>\n<p> Nous savons qu&#8217;il y a encore plus de beaut\u00e9 en toi. Parce que nous te voyons diff\u00e9remment. Nous regardons au-del\u00e0 de ce qui est superficiel. Et nous voyons au-del\u00e0 de ce que les autres voient. <\/p>\n<h3> D\u00e9couvre plus de produits <\/h3>\n<p class=\"apm-brand-story-stores-link\">\n<p> Package Dimensions                                            \u200f                                            :                                            \u200e                                            15.6 x 7.8 x 7.8 cm; 340 g   <br \/> Manufacturer                                            \u200f                                            :                                            \u200e                                            NeoCell   <br \/> ASIN                                            \u200f                                            :                                            \u200e                                            B0C89DT9NJ   <br \/> Manufacturer reference                                            \u200f                                            :                                            \u200e                                            NEO-0051   <br \/>  Customer reviews:                                                                                            4.3               4.3 out of 5 stars                                  (122)                                              var dpAcrHasRegisteredArcLinkClickAction;                    P.when(&#8216;A&#8217;, &#8216;ready&#8217;).execute(function(A) {                        if (dpAcrHasRegisteredArcLinkClickAction !== true) {                            dpAcrHasRegisteredArcLinkClickAction = true;                            A.declarative(                                &#8216;acrLink-click-metrics&#8217;, &#8216;click&#8217;,                                { &#8220;allowLinkDefault&#8221;: true },                                function (event) {                                    if (window.ue) {                                        ue.count(&#8220;acrLinkClickCount&#8221;, (ue.count(&#8220;acrLinkClickCount&#8221;) || 0) + 1);                                    }                                }                            );                        }                    });                                             P.when(&#8216;A&#8217;, &#8216;cf&#8217;).execute(function(A) {                A.declarative(&#8216;acrStarsLink-click-metrics&#8217;, &#8216;click&#8217;, { &#8220;allowLinkDefault&#8221; : true },  function(event){                    if(window.ue) {                        ue.count(&#8220;acrStarsLinkWithPopoverClickCount&#8221;, (ue.count(&#8220;acrStarsLinkWithPopoverClickCount&#8221;) || 0) + 1);                    }                });            });                          <br \/>FOOD SUPPLEMENTS<br \/>NeoCell<\/p>\n\n","protected":false},"excerpt":{"rendered":"<p> From the brand Beauty has a power source. You En toi se trouve ta propre fontaine de jouvence. Une brillance qui attend juste sous la surface. Nous sommes NeoCell &#8211; une marque de collag\u00e8ne de confiance depuis 1998. Nous savons donc ce qu&#8217;il faut pour faire briller votre beaut\u00e9 de [&hellip;]<\/p>\n","protected":false},"featured_media":28272,"comment_status":"open","ping_status":"closed","template":"","meta":{"_gspb_post_css":"","om_disable_all_campaigns":false,"_monsterinsights_skip_tracking":false,"_monsterinsights_sitenote_active":false,"_monsterinsights_sitenote_note":"","_monsterinsights_sitenote_category":0},"store":[],"product_brand":[],"product_cat":[137],"product_tag":[170,168,430,263,310,294,7040,362,1061,822,179,178],"class_list":{"0":"post-28271","1":"product","2":"type-product","3":"status-publish","4":"has-post-thumbnail","6":"product_cat-collagene-biotine","7":"product_tag-biotin","8":"product_tag-collagen","9":"product_tag-dosed","10":"product_tag-free","11":"product_tag-gluten","12":"product_tag-high","13":"product_tag-neocell","14":"product_tag-nongmo","15":"product_tag-soy","16":"product_tag-super","17":"product_tag-tablets","18":"product_tag-vitamin","20":"first","21":"instock","22":"shipping-taxable","23":"product-type-external"},"aioseo_notices":[],"jetpack_sharing_enabled":true,"_links":{"self":[{"href":"https:\/\/www.zolattitude.com\/index.php\/wp-json\/wp\/v2\/product\/28271","targetHints":{"allow":["GET"]}}],"collection":[{"href":"https:\/\/www.zolattitude.com\/index.php\/wp-json\/wp\/v2\/product"}],"about":[{"href":"https:\/\/www.zolattitude.com\/index.php\/wp-json\/wp\/v2\/types\/product"}],"replies":[{"embeddable":true,"href":"https:\/\/www.zolattitude.com\/index.php\/wp-json\/wp\/v2\/comments?post=28271"}],"wp:featuredmedia":[{"embeddable":true,"href":"https:\/\/www.zolattitude.com\/index.php\/wp-json\/wp\/v2\/media\/28272"}],"wp:attachment":[{"href":"https:\/\/www.zolattitude.com\/index.php\/wp-json\/wp\/v2\/media?parent=28271"}],"wp:term":[{"taxonomy":"store","embeddable":true,"href":"https:\/\/www.zolattitude.com\/index.php\/wp-json\/wp\/v2\/store?post=28271"},{"taxonomy":"product_brand","embeddable":true,"href":"https:\/\/www.zolattitude.com\/index.php\/wp-json\/wp\/v2\/product_brand?post=28271"},{"taxonomy":"product_cat","embeddable":true,"href":"https:\/\/www.zolattitude.com\/index.php\/wp-json\/wp\/v2\/product_cat?post=28271"},{"taxonomy":"product_tag","embeddable":true,"href":"https:\/\/www.zolattitude.com\/index.php\/wp-json\/wp\/v2\/product_tag?post=28271"}],"curies":[{"name":"wp","href":"https:\/\/api.w.org\/{rel}","templated":true}]}}