{"id":28285,"date":"2026-04-20T00:04:30","date_gmt":"2026-04-20T00:04:30","guid":{"rendered":"https:\/\/www.zolattitude.com\/index.php\/product\/dijo-focus-weight-weight-management-prebiotic-flavonoids-strengthens-microbiota-and-immune-system-increases-energy-expenditure-and-fat-burns-30-day-course-made-in-france\/"},"modified":"2026-04-20T00:04:38","modified_gmt":"2026-04-20T00:04:38","slug":"dijo-focus-weight-weight-management-prebiotic-flavonoids-strengthens-microbiota-and-immune-system-increases-energy-expenditure-and-fat-burns-30-day-course-made-in-france","status":"publish","type":"product","link":"https:\/\/www.zolattitude.com\/index.php\/product\/dijo-focus-weight-weight-management-prebiotic-flavonoids-strengthens-microbiota-and-immune-system-increases-energy-expenditure-and-fat-burns-30-day-course-made-in-france\/","title":{"rendered":"DIJO &#8211; Focus Weight &#8211; Weight Management &#8211; Prebiotic Flavonoids &#8211; Strengthens Microbiota and Immune System &#8211; Increases Energy Expenditure and Fat Burns &#8211; 30 Day Course &#8211; Made in France"},"content":{"rendered":"<p>Price: <span style=\"color:#b12704\">\u20ac39.00<\/span><br \/><i><small>(as of Apr 20, 2026 00:04:30 UTC &#8211; <span class=\"wp_automatic_amazon_disclaimer\" title=\"Product prices and availability are accurate as of the date\/time indicated and are subject to change. Any price and availability information displayed on [relevant Amazon Site(s), as applicable] at the time of purchase will apply to the purchase of this product.\">Details<\/span>)<\/small><\/i><br \/><a href=\"https:\/\/amazon.fr\/dp\/B0D8PT7P1F?tag=onamzmoukoubl-21\"><img decoding=\"async\" src=\"https:\/\/valvepress.s3.amazonaws.com\/imgs\/buy_now.png\"><\/a><br \/>\n<\/p>\n<p>                                             From the brand   <\/p>\n<p>                                              <img decoding=\"async\" alt=\"une bouteille de [unused0] et des capsules dans une assiette\" src=\"https:\/\/images-na.ssl-images-amazon.com\/images\/G\/01\/x-locale\/common\/grey-pixel.gif\" class=\"a-lazy-loaded\" data-src=\"https:\/\/m.media-amazon.com\/images\/S\/aplus-media-library-service-media\/408fbeda-0281-48dd-ae9c-8e223abd09ae.__CR0,0,1464,625_PT0_SX1464_V1___.jpg\"><img decoding=\"async\" alt=\"une bouteille de [unused0] et des capsules dans une assiette\" src=\"https:\/\/m.media-amazon.com\/images\/S\/aplus-media-library-service-media\/408fbeda-0281-48dd-ae9c-8e223abd09ae.__CR0,0,1464,625_PT0_SX1464_V1___.jpg\">  <\/p>\n<p>                                              <img decoding=\"async\" alt=\"une bouteille de d\u00e9sob\u00e9issance et une bouteille de\" src=\"https:\/\/images-na.ssl-images-amazon.com\/images\/G\/01\/x-locale\/common\/grey-pixel.gif\" class=\"a-lazy-loaded\" data-src=\"https:\/\/m.media-amazon.com\/images\/S\/aplus-media-library-service-media\/5fd92258-4350-44a2-b68c-1c08c0e7496e.__CR0,26,1467,1836_PT0_SX362_V1___.jpg\"><img decoding=\"async\" alt=\"une bouteille de d\u00e9sob\u00e9issance et une bouteille de\" src=\"https:\/\/m.media-amazon.com\/images\/S\/aplus-media-library-service-media\/5fd92258-4350-44a2-b68c-1c08c0e7496e.__CR0,26,1467,1836_PT0_SX362_V1___.jpg\">  <\/p>\n<p>                                              <img decoding=\"async\" alt=\"une s\u00e9lection de produits pour l&amp;#39;industrie de la sant\u00e9 et du bien-\u00eatre\" src=\"https:\/\/images-na.ssl-images-amazon.com\/images\/G\/01\/x-locale\/common\/grey-pixel.gif\" class=\"a-lazy-loaded\" data-src=\"https:\/\/m.media-amazon.com\/images\/S\/aplus-media-library-service-media\/72f33a10-8db1-4e76-a10a-6eab21dcd22d.__CR0,26,1467,1836_PT0_SX362_V1___.jpg\"><img decoding=\"async\" alt=\"une s\u00e9lection de produits pour l&amp;#39;industrie de la sant\u00e9 et du bien-\u00eatre\" src=\"https:\/\/m.media-amazon.com\/images\/S\/aplus-media-library-service-media\/72f33a10-8db1-4e76-a10a-6eab21dcd22d.__CR0,26,1467,1836_PT0_SX362_V1___.jpg\">  <\/p>\n<p>                                              <img decoding=\"async\" alt=\"Vitamines et Min\u00e9raux DIJO Magn\u00e9sium Vitamine D\" src=\"https:\/\/images-na.ssl-images-amazon.com\/images\/G\/01\/x-locale\/common\/grey-pixel.gif\" class=\"a-lazy-loaded\" data-src=\"https:\/\/m.media-amazon.com\/images\/S\/aplus-media-library-service-media\/02cd5ee1-c147-4694-bd80-b3797ebaf2ea.__CR0,26,1467,1836_PT0_SX362_V1___.jpg\"><img decoding=\"async\" alt=\"Vitamines et Min\u00e9raux DIJO Magn\u00e9sium Vitamine D\" src=\"https:\/\/m.media-amazon.com\/images\/S\/aplus-media-library-service-media\/02cd5ee1-c147-4694-bd80-b3797ebaf2ea.__CR0,26,1467,1836_PT0_SX362_V1___.jpg\">  <\/p>\n<p>                                              <img decoding=\"async\" alt=\"comprenant des compl\u00e9ments d\u00e9toxifiants et de sant\u00e9 f\u00e9minine DIJO. Comprend une potion d\u00e9tox, une infusion drainante, des g\u00e9lules de confort urinaire et des g\u00e9lules probiotiques\" src=\"https:\/\/images-na.ssl-images-amazon.com\/images\/G\/01\/x-locale\/common\/grey-pixel.gif\" class=\"a-lazy-loaded\" data-src=\"https:\/\/m.media-amazon.com\/images\/S\/aplus-media-library-service-media\/cfcb87f8-34d9-4d6a-ae0c-708dd81f518c.__CR0,26,1467,1836_PT0_SX362_V1___.jpg\"><img decoding=\"async\" alt=\"comprenant des compl\u00e9ments d\u00e9toxifiants et de sant\u00e9 f\u00e9minine DIJO. Comprend une potion d\u00e9tox, une infusion drainante, des g\u00e9lules de confort urinaire et des g\u00e9lules probiotiques\" src=\"https:\/\/m.media-amazon.com\/images\/S\/aplus-media-library-service-media\/cfcb87f8-34d9-4d6a-ae0c-708dd81f518c.__CR0,26,1467,1836_PT0_SX362_V1___.jpg\">  <\/p>\n<p>                                              <img decoding=\"async\" alt=\"les meilleurs produits pour perdre du poids\" src=\"https:\/\/images-na.ssl-images-amazon.com\/images\/G\/01\/x-locale\/common\/grey-pixel.gif\" class=\"a-lazy-loaded\" data-src=\"https:\/\/m.media-amazon.com\/images\/S\/aplus-media-library-service-media\/07674dbb-d731-4f4d-a909-17825ea44168.__CR0,26,1467,1836_PT0_SX362_V1___.jpg\"><img decoding=\"async\" alt=\"les meilleurs produits pour perdre du poids\" src=\"https:\/\/m.media-amazon.com\/images\/S\/aplus-media-library-service-media\/07674dbb-d731-4f4d-a909-17825ea44168.__CR0,26,1467,1836_PT0_SX362_V1___.jpg\">  <\/p>\n<p>                                              <img decoding=\"async\" alt=\"Quatre flacons de suppl\u00e9ments blancs \u00e9tiquet\u00e9s DIJO, divis\u00e9s en deux gammes de produits : \u00ab Beaut\u00e9 \u00bb pour la sant\u00e9 de la peau et des cheveux, et \u00ab \u00c9nergie &amp;amp; Immunit\u00e9 \u00bb pour les vitamines\" src=\"https:\/\/images-na.ssl-images-amazon.com\/images\/G\/01\/x-locale\/common\/grey-pixel.gif\" class=\"a-lazy-loaded\" data-src=\"https:\/\/m.media-amazon.com\/images\/S\/aplus-media-library-service-media\/52cbd329-ef25-4bfc-a88e-12ad84320cca.__CR0,26,1467,1836_PT0_SX362_V1___.jpg\"><img decoding=\"async\" alt=\"Quatre flacons de suppl\u00e9ments blancs \u00e9tiquet\u00e9s DIJO, divis\u00e9s en deux gammes de produits : \u00ab Beaut\u00e9 \u00bb pour la sant\u00e9 de la peau et des cheveux, et \u00ab \u00c9nergie &amp;amp; Immunit\u00e9 \u00bb pour les vitamines\" src=\"https:\/\/m.media-amazon.com\/images\/S\/aplus-media-library-service-media\/52cbd329-ef25-4bfc-a88e-12ad84320cca.__CR0,26,1467,1836_PT0_SX362_V1___.jpg\">  <\/p>\n<p> Package Dimensions                                            \u200f                                            :                                            \u200e                                            8.8 x 4.6 x 4.5 cm; 40 g   <br \/> Manufacturer                                            \u200f                                            :                                            \u200e                                            DIJO   <br \/> ASIN                                            \u200f                                            :                                            \u200e                                            B0D8PT7P1F   <br \/> Country of origin                                            \u200f                                            :                                            \u200e                                            France   <br \/>  Customer reviews:                                                                                            4.0               4.0 out of 5 stars                                  (40)                                              var dpAcrHasRegisteredArcLinkClickAction;                    P.when(&#8216;A&#8217;, &#8216;ready&#8217;).execute(function(A) {                        if (dpAcrHasRegisteredArcLinkClickAction !== true) {                            dpAcrHasRegisteredArcLinkClickAction = true;                            A.declarative(                                &#8216;acrLink-click-metrics&#8217;, &#8216;click&#8217;,                                { &#8220;allowLinkDefault&#8221;: true },                                function (event) {                                    if (window.ue) {                                        ue.count(&#8220;acrLinkClickCount&#8221;, (ue.count(&#8220;acrLinkClickCount&#8221;) || 0) + 1);                                    }                                }                            );                        }                    });                                             P.when(&#8216;A&#8217;, &#8216;cf&#8217;).execute(function(A) {                A.declarative(&#8216;acrStarsLink-click-metrics&#8217;, &#8216;click&#8217;, { &#8220;allowLinkDefault&#8221; : true },  function(event){                    if(window.ue) {                        ue.count(&#8220;acrStarsLinkWithPopoverClickCount&#8221;, (ue.count(&#8220;acrStarsLinkWithPopoverClickCount&#8221;) || 0) + 1);                    }                });            });                          <br \/>WEIGHT MANAGEMENT WITH PREBIO SLIM: Prebio Slim combines active ingredients for weight management. Patented prebiotic flavonoids strengthen the gut microbiota and improve the benefits of probiotics. Plants and nutrients are added to increase energy expenditure and fat burning.<br \/>THE BENEFITS: MicrobiomeX supports the immune system, helping to strengthen your body&#8217;s natural defenses. Guarana helps burn fat and increases energy expenditure, boosting your metabolism. The gym facilitates weight loss when used as a supplement to dietary measures, providing additional support to achieve your health and fitness goals.<br \/>DOSAGE &#8211; 30-DAY CURE: Take 2 capsules daily in the morning on an empty stomach. Follow a 30-day cure, renewable after a break of one month. Renew at least with each change of season for optimal results.<br \/>PRECAUTIONS FOR USE: Use is not recommended in pregnant women, children and people on anti-diabetic treatment. Consult your doctor or pharmacist if you are using diabetes treatment at the same time.<br \/>Our commitments: DIJO products are manufactured and stored in France in a short circuit to guarantee the freshness and effectiveness of bacteria. All our products are developed by experts in microbiology and micronutrition and manufactured to ISO 9001 and ISO 22,000 standards.<\/p>\n\n","protected":false},"excerpt":{"rendered":"<p> From the brand Package Dimensions \u200f : \u200e 8.8 x 4.6 x 4.5 cm; 40 g Manufacturer \u200f : \u200e DIJO ASIN \u200f : \u200e B0D8PT7P1F Country of origin \u200f : \u200e France Customer reviews: 4.0 4.0 out of 5 stars (40) var dpAcrHasRegisteredArcLinkClickAction; P.when(&#8216;A&#8217;, &#8216;ready&#8217;).execute(function(A) { if (dpAcrHasRegisteredArcLinkClickAction !== [&hellip;]<\/p>\n","protected":false},"featured_media":28286,"comment_status":"open","ping_status":"closed","template":"","meta":{"_gspb_post_css":"","om_disable_all_campaigns":false,"_monsterinsights_skip_tracking":false,"_monsterinsights_sitenote_active":false,"_monsterinsights_sitenote_note":"","_monsterinsights_sitenote_category":0},"store":[],"product_brand":[],"product_cat":[154],"product_tag":[7045,280,7042,289,7044,3996,7043,5592,201,814,4540,576,436,491,1109,401,497],"class_list":{"0":"post-28285","1":"product","2":"type-product","3":"status-publish","4":"has-post-thumbnail","6":"product_cat-sante-intestinale","7":"product_tag-burns","8":"product_tag-day","9":"product_tag-dijo","10":"product_tag-energy","11":"product_tag-expenditure","12":"product_tag-fat","13":"product_tag-flavonoids","14":"product_tag-focus","15":"product_tag-france","16":"product_tag-immune","17":"product_tag-increases","18":"product_tag-management","19":"product_tag-microbiota","20":"product_tag-prebiotic","21":"product_tag-strengthens","22":"product_tag-system","23":"product_tag-weight","25":"first","26":"instock","27":"shipping-taxable","28":"product-type-external"},"aioseo_notices":[],"jetpack_sharing_enabled":true,"_links":{"self":[{"href":"https:\/\/www.zolattitude.com\/index.php\/wp-json\/wp\/v2\/product\/28285","targetHints":{"allow":["GET"]}}],"collection":[{"href":"https:\/\/www.zolattitude.com\/index.php\/wp-json\/wp\/v2\/product"}],"about":[{"href":"https:\/\/www.zolattitude.com\/index.php\/wp-json\/wp\/v2\/types\/product"}],"replies":[{"embeddable":true,"href":"https:\/\/www.zolattitude.com\/index.php\/wp-json\/wp\/v2\/comments?post=28285"}],"wp:featuredmedia":[{"embeddable":true,"href":"https:\/\/www.zolattitude.com\/index.php\/wp-json\/wp\/v2\/media\/28286"}],"wp:attachment":[{"href":"https:\/\/www.zolattitude.com\/index.php\/wp-json\/wp\/v2\/media?parent=28285"}],"wp:term":[{"taxonomy":"store","embeddable":true,"href":"https:\/\/www.zolattitude.com\/index.php\/wp-json\/wp\/v2\/store?post=28285"},{"taxonomy":"product_brand","embeddable":true,"href":"https:\/\/www.zolattitude.com\/index.php\/wp-json\/wp\/v2\/product_brand?post=28285"},{"taxonomy":"product_cat","embeddable":true,"href":"https:\/\/www.zolattitude.com\/index.php\/wp-json\/wp\/v2\/product_cat?post=28285"},{"taxonomy":"product_tag","embeddable":true,"href":"https:\/\/www.zolattitude.com\/index.php\/wp-json\/wp\/v2\/product_tag?post=28285"}],"curies":[{"name":"wp","href":"https:\/\/api.w.org\/{rel}","templated":true}]}}