{"id":28341,"date":"2026-04-20T18:33:39","date_gmt":"2026-04-20T18:33:39","guid":{"rendered":"https:\/\/www.zolattitude.com\/index.php\/product\/aloe-vera-gel-500ml-soothing-and-moisturizing-nourishing-for-all-skin-types-aloe-barbadensis-hair-aloe-gel-for-skin-and-hair-soothing-and-refreshing\/"},"modified":"2026-04-20T18:33:51","modified_gmt":"2026-04-20T18:33:51","slug":"aloe-vera-gel-500ml-soothing-and-moisturizing-nourishing-for-all-skin-types-aloe-barbadensis-hair-aloe-gel-for-skin-and-hair-soothing-and-refreshing","status":"publish","type":"product","link":"https:\/\/www.zolattitude.com\/index.php\/product\/aloe-vera-gel-500ml-soothing-and-moisturizing-nourishing-for-all-skin-types-aloe-barbadensis-hair-aloe-gel-for-skin-and-hair-soothing-and-refreshing\/","title":{"rendered":"Aloe Vera Gel 500ml &#8211; Soothing and Moisturizing Nourishing for All Skin Types &#8211; Aloe Barbadensis &#8211; Hair &#8211; Aloe Gel for Skin and Hair &#8211; Soothing and Refreshing"},"content":{"rendered":"<p>Price: <span style=\"color:#b12704\">\u20ac21.89<\/span><br \/><i><small>(as of Apr 20, 2026 18:33:39 UTC &#8211; <span class=\"wp_automatic_amazon_disclaimer\" title=\"Product prices and availability are accurate as of the date\/time indicated and are subject to change. Any price and availability information displayed on [relevant Amazon Site(s), as applicable] at the time of purchase will apply to the purchase of this product.\">Details<\/span>)<\/small><\/i><br \/><a href=\"https:\/\/www.amazon.fr\/gp\/aws\/cart\/add.html?AssociateTag=onamzmoukoubl-21&#038;ASIN.1=B0BB3CB6K9&#038;Quantity.1=1&#038;SubscriptionId=\"><img decoding=\"async\" src=\"https:\/\/valvepress.s3.amazonaws.com\/imgs\/buy_now.png\"><\/a><br \/>\n<\/p>\n<p>                                             Product Description   <\/p>\n<p>                                                         <img decoding=\"async\" alt=\"Beurre de Karit\u00e9 Africain 500g - Raffin\u00e9 - Ghana - 100% Pur &amp;amp; Naturel - Beurre de Karit\u00e9 Id\u00e9al pour\" src=\"https:\/\/images-na.ssl-images-amazon.com\/images\/G\/01\/x-locale\/common\/grey-pixel.gif\" class=\"a-lazy-loaded\" data-src=\"https:\/\/m.media-amazon.com\/images\/S\/aplus-media\/sc\/57756902-4d21-4db3-b4dc-179b43c70100.__CR0,0,600,180_PT0_SX600_V1___.jpg\"><img decoding=\"async\" alt=\"Beurre de Karit\u00e9 Africain 500g - Raffin\u00e9 - Ghana - 100% Pur &amp;amp; Naturel - Beurre de Karit\u00e9 Id\u00e9al pour\" src=\"https:\/\/m.media-amazon.com\/images\/S\/aplus-media\/sc\/57756902-4d21-4db3-b4dc-179b43c70100.__CR0,0,600,180_PT0_SX600_V1___.jpg\">      <\/p>\n<p>                                                  <img decoding=\"async\" alt=\"Le Gel d&amp;#39;Aloe Vera - 500ml\" src=\"https:\/\/images-na.ssl-images-amazon.com\/images\/G\/01\/x-locale\/common\/grey-pixel.gif\" class=\"a-lazy-loaded\" data-src=\"https:\/\/m.media-amazon.com\/images\/S\/aplus-media-library-service-media\/4d877f79-4468-4c5b-9048-5ca67365cf76.__CR0,0,300,300_PT0_SX300_V1___.jpg\"><img decoding=\"async\" alt=\"Le Gel d&amp;#39;Aloe Vera - 500ml\" src=\"https:\/\/m.media-amazon.com\/images\/S\/aplus-media-library-service-media\/4d877f79-4468-4c5b-9048-5ca67365cf76.__CR0,0,300,300_PT0_SX300_V1___.jpg\">  <\/p>\n<h3 class=\"a-spacing-mini\"> Le Gel d&#8217;Aloe Vera &#8211; 500ml <\/h3>\n<p> Le Nom Botanique &#8211; Aloe Barbadensis <\/p>\n<p> Le Soin de la peau et des Cheveux <\/p>\n<p> Le Gel d&#8217;Alo\u00e8s Vera est l\u2019extrait des feuilles de la plante d&#8217;Alo\u00e8s Vera et contient plus de 200 ingr\u00e9dients avec des propri\u00e9t\u00e9s positives. Appliquez sur votre corps pour obtenir de bons r\u00e9sultats. On p\u00e9n\u00e8tre vite sans laisser de r\u00e9sidu collant. <\/p>\n<p> Le Gel d&#8217;Alo\u00e8s Vera pour l\u2019usage externe : <\/p>\n<\/p>\n<p>le soin de la peaule soin des l\u00e8vresle soin des mains et des onglesle soin des cheveuxle massage     <\/p>\n<p>                                                  <img decoding=\"async\" alt=\"Le Gel d&amp;#39;Aloe Vera - 500ml\" src=\"https:\/\/images-na.ssl-images-amazon.com\/images\/G\/01\/x-locale\/common\/grey-pixel.gif\" class=\"a-lazy-loaded\" data-src=\"https:\/\/m.media-amazon.com\/images\/S\/aplus-media-library-service-media\/204d442b-2e5b-414b-be3b-96160ec41933.__CR0,0,970,300_PT0_SX970_V1___.jpg\"><img decoding=\"async\" alt=\"Le Gel d&amp;#39;Aloe Vera - 500ml\" src=\"https:\/\/m.media-amazon.com\/images\/S\/aplus-media-library-service-media\/204d442b-2e5b-414b-be3b-96160ec41933.__CR0,0,970,300_PT0_SX970_V1___.jpg\">  <\/p>\n<p>                                                  <img decoding=\"async\" alt=\"Le Gel d&amp;#39;Aloe Vera - 500ml\" src=\"https:\/\/images-na.ssl-images-amazon.com\/images\/G\/01\/x-locale\/common\/grey-pixel.gif\" class=\"a-lazy-loaded\" data-src=\"https:\/\/m.media-amazon.com\/images\/S\/aplus-media-library-service-media\/9d3d557d-b267-4fa9-bac8-4b1aa7fa43c4.__CR0,0,300,300_PT0_SX300_V1___.jpg\"><img decoding=\"async\" alt=\"Le Gel d&amp;#39;Aloe Vera - 500ml\" src=\"https:\/\/m.media-amazon.com\/images\/S\/aplus-media-library-service-media\/9d3d557d-b267-4fa9-bac8-4b1aa7fa43c4.__CR0,0,300,300_PT0_SX300_V1___.jpg\">  <\/p>\n<h3 class=\"a-spacing-mini\"> Mode d&#8217;emploi: <\/h3>\n<\/p>\n<p>Le Soin de la peau      <\/p>\n<p> Appliquez sur la peau. R\u00e9p\u00e9tez aussi souvent qu\u2019il est n\u00e9cessaire. On convient pour l\u2019 utilisation sur tout le corps. <\/p>\n<\/p>\n<p>Le Soin hydratant pour les cheveux      <\/p>\n<p> Appliquez une quantit\u00e9 de gel d&#8217;alo\u00e8s vera sur les cheveux avant que les cheveux deviennent secs pour les rendre lisses et souples. <\/p>\n<p> L\u2019Information de la s\u00e9curit\u00e9: <\/p>\n<p> Seulement pour l\u2019usage externe. Tenez hors de port\u00e9e des enfants. \u00c9vitez le contact visuel. En cas d&#8217;irritation ou de rougeur, veuillez cesser l&#8217;utilisation. <\/p>\n<p> Product Dimensions                                            \u200f                                            :                                            \u200e                                            11.5 x 11.5 x 8.5 cm; 535 g   <br \/> Manufacturer                                            \u200f                                            :                                            \u200e                                            AROMATIKA trust the power of nature   <br \/> ASIN                                            \u200f                                            :                                            \u200e                                            B0BB3CB6K9   <br \/> Item model number                                            \u200f                                            :                                            \u200e                                            0941   <br \/> Country of origin                                            \u200f                                            :                                            \u200e                                            Netherlands   <br \/>  Customer reviews:                                                                                            4.5               4.5 out of 5 stars                                  (32)                                              var dpAcrHasRegisteredArcLinkClickAction;                    P.when(&#8216;A&#8217;, &#8216;ready&#8217;).execute(function(A) {                        if (dpAcrHasRegisteredArcLinkClickAction !== true) {                            dpAcrHasRegisteredArcLinkClickAction = true;                            A.declarative(                                &#8216;acrLink-click-metrics&#8217;, &#8216;click&#8217;,                                { &#8220;allowLinkDefault&#8221;: true },                                function (event) {                                    if (window.ue) {                                        ue.count(&#8220;acrLinkClickCount&#8221;, (ue.count(&#8220;acrLinkClickCount&#8221;) || 0) + 1);                                    }                                }                            );                        }                    });                                             P.when(&#8216;A&#8217;, &#8216;cf&#8217;).execute(function(A) {                A.declarative(&#8216;acrStarsLink-click-metrics&#8217;, &#8216;click&#8217;, { &#8220;allowLinkDefault&#8221; : true },  function(event){                    if(window.ue) {                        ue.count(&#8220;acrStarsLinkWithPopoverClickCount&#8221;, (ue.count(&#8220;acrStarsLinkWithPopoverClickCount&#8221;) || 0) + 1);                    }                });            });                          <br \/>Aloe Vera is a versatile plant that can be used almost anywhere it is one of the natural beauty products that makes your beauty routine easy<br \/>Aloe gel is effective and absorbs oil well and can be used every day to make your skin soft, smooth and moisturized, moisturizing and leaving no sticky residue<br \/>Aloe vera gel is versatile and can be used as a shaving gel, hair care is suitable for all skin types<br \/>Pure aloe vera gel can be used in many ways, such as skin care, hair care or as the valuable ingredient for cosmetics<br \/>Aloe vera gel is refreshing and can be used for face, body and hair you are natural and quickly penetrates the skin, perfect when you are in a hurry<\/p>\n\n","protected":false},"excerpt":{"rendered":"<p>\n                                             Product Description   <\/p>\n<p>                                                         <img decoding=\"async\" alt=\"Beurre de Karit\u00e9 Africain 500g - Raffin\u00e9 - Ghana - 100% Pur &amp;amp; Naturel - Beurre de Karit\u00e9 Id\u00e9al pour\" src=\"https:\/\/images-na.ssl-images-amazon.com\/images\/G\/01\/x-locale\/common\/grey-pixel.gif\" class=\"a-lazy-loaded\" data-src=\"https:\/\/m.media-amazon.com\/images\/S\/aplus-media\/sc\/57756902-4d21-4db3-b4dc-179b43c70100.__CR0,0,600,180_PT0_SX600_V1___.jpg\"><img decoding=\"async\" alt=\"Beurre de Karit\u00e9 Africain 500g - Raffin\u00e9 - Ghana - 100% Pur &amp;amp; Naturel - Beurre de Karit\u00e9 Id\u00e9al pour\" src=\"https:\/\/m.media-amazon.com\/images\/S\/aplus-media\/sc\/57756902-4d21-4db3-b4dc-179b43c70100.__CR0,0,600,180_PT0_SX600_V1___.jpg\">      <\/p>\n<p>                                                  <img decoding=\"async\" alt=\"Le Gel d&amp;#39;Aloe Vera - 500ml\" src=\"https:\/\/images-na.ssl-images-amazon.com\/images\/G\/01\/x-locale\/common\/grey-pixel.gif\" class=\"a-lazy-loaded\" data-src=\"https:\/\/m.media-amazon.com\/images\/S\/aplus-media-library-service-media\/4d877f79-4468-4c5b-9048-5ca67365cf76.__CR0,0,300,300_PT0_SX300_V1___.jpg\"><img decoding=\"async\" alt=\"Le Gel d&amp;#39;Aloe Vera - 500ml\" src=\"https:\/\/m.media-amazon.com\/images\/S\/aplus-media-library-service-media\/4d877f79-4468-4c5b-9048-5ca67365cf76.__CR0,0,300,300_PT0_SX300_V1___.jpg\">  <\/p>\n<h3 class=\"a-spacing-mini\"> Le Gel d&#8217;Aloe Vera &#8211; 500ml <\/h3>\n<p> Le Nom Botanique &#8211; Aloe Barbadensis <\/p>\n<p> Le Soin de la peau et des Cheveux <\/p>\n<p> Le Gel d&#8217;Alo\u00e8s Vera est l\u2019extrait des feuilles de la plante d&#8217;Alo\u00e8s Vera et contient plus de 200 ingr\u00e9dients avec des propri\u00e9t\u00e9s positives. Appliquez sur votre corps pour obtenir de bons r\u00e9sultats. On p\u00e9n\u00e8tre vite sans laisser de r\u00e9sidu collant. <\/p>\n<p> Le Gel d&#8217;Alo\u00e8s Vera pour l\u2019usage externe : <\/p>\n<\/p>\n<p>le soin de la peaule soin des l\u00e8vresle soin des mains et des onglesle soin des cheveuxle massage     <\/p>\n<p>                                                  <img decoding=\"async\" alt=\"Le Gel d&amp;#39;Aloe Vera - 500ml\" src=\"https:\/\/images-na.ssl-images-amazon.com\/images\/G\/01\/x-locale\/common\/grey-pixel.gif\" class=\"a-lazy-loaded\" data-src=\"https:\/\/m.media-amazon.com\/images\/S\/aplus-media-library-service-media\/204d442b-2e5b-414b-be3b-96160ec41933.__CR0,0,970,300_PT0_SX970_V1___.jpg\"><img decoding=\"async\" alt=\"Le Gel d&amp;#39;Aloe Vera - 500ml\" src=\"https:\/\/m.media-amazon.com\/images\/S\/aplus-media-library-service-media\/204d442b-2e5b-414b-be3b-96160ec41933.__CR0,0,970,300_PT0_SX970_V1___.jpg\">  <\/p>\n<p>                                                  <img decoding=\"async\" alt=\"Le Gel d&amp;#39;Aloe Vera - 500ml\" src=\"https:\/\/images-na.ssl-images-amazon.com\/images\/G\/01\/x-locale\/common\/grey-pixel.gif\" class=\"a-lazy-loaded\" data-src=\"https:\/\/m.media-amazon.com\/images\/S\/aplus-media-library-service-media\/9d3d557d-b267-4fa9-bac8-4b1aa7fa43c4.__CR0,0,300,300_PT0_SX300_V1___.jpg\"><img decoding=\"async\" alt=\"Le Gel d&amp;#39;Aloe Vera - 500ml\" src=\"https:\/\/m.media-amazon.com\/images\/S\/aplus-media-library-service-media\/9d3d557d-b267-4fa9-bac8-4b1aa7fa43c4.__CR0,0,300,300_PT0_SX300_V1___.jpg\">  <\/p>\n<h3 class=\"a-spacing-mini\"> Mode d&#8217;emploi: <\/h3>\n<\/p>\n<p>Le Soin de la peau      <\/p>\n<p> Appliquez sur la peau. R\u00e9p\u00e9tez aussi souvent qu\u2019il est n\u00e9cessaire. On convient pour l\u2019 utilisation sur tout le corps. <\/p>\n<\/p>\n<p>Le Soin hydratant pour les cheveux      <\/p>\n<p> Appliquez une quantit\u00e9 de gel d&#8217;alo\u00e8s vera sur les cheveux avant que les cheveux deviennent secs pour les rendre lisses et souples. <\/p>\n<p> L\u2019Information de la s\u00e9curit\u00e9: <\/p>\n<p> Seulement pour l\u2019usage externe. Tenez hors de port\u00e9e des enfants. \u00c9vitez le contact visuel. En cas d&#8217;irritation ou de rougeur, veuillez cesser l&#8217;utilisation. <\/p>\n<p> Product Dimensions                                            \u200f                                            :                                            \u200e                                            11.5 x 11.5 x 8.5 cm; 535 g   <br \/> Manufacturer                                            \u200f                                            :                                            \u200e                                            AROMATIKA trust the power of nature   <br \/> ASIN                                            \u200f                                            :                                            \u200e                                            B0BB3CB6K9   <br \/> Item model number                                            \u200f                                            :                                            \u200e                                            0941   <br \/> Country of origin                                            \u200f                                            :                                            \u200e                                            Netherlands   <br \/>  Customer reviews:                                                                                            4.5               4.5 out of 5 stars                                  (32)                                              var dpAcrHasRegisteredArcLinkClickAction;                    P.when(&#8216;A&#8217;, &#8216;ready&#8217;).execute(function(A) {                        if (dpAcrHasRegisteredArcLinkClickAction !== true) {                            dpAcrHasRegisteredArcLinkClickAction = true;                            A.declarative(                                &#8216;acrLink-click-metrics&#8217;, &#8216;click&#8217;,                                { &#8220;allowLinkDefault&#8221;: true },                                function (event) {                                    if (window.ue) {                                        ue.count(&#8220;acrLinkClickCount&#8221;, (ue.count(&#8220;acrLinkClickCount&#8221;) || 0) + 1);                                    }                                }                            );                        }                    });                                             P.when(&#8216;A&#8217;, &#8216;cf&#8217;).execute(function(A) {                A.declarative(&#8216;acrStarsLink-click-metrics&#8217;, &#8216;click&#8217;, { &#8220;allowLinkDefault&#8221; : true },  function(event){                    if(window.ue) {                        ue.count(&#8220;acrStarsLinkWithPopoverClickCount&#8221;, (ue.count(&#8220;acrStarsLinkWithPopoverClickCount&#8221;) || 0) + 1);                    }                });            });                          <\/p>\n<p>Aloe Vera is a versatile plant that can be used almost anywhere it is one of the natural beauty products that makes your beauty routine easy<br \/>Aloe gel is effective and absorbs oil well and can be used every day to make your skin soft, smooth and moisturized, moisturizing and leaving no sticky residue<br \/>Aloe vera gel is versatile and can be used as a shaving gel, hair care is suitable for all skin types<br \/>Pure aloe vera gel can be used in many ways, such as skin care, hair care or as the valuable ingredient for cosmetics<br \/>Aloe vera gel is refreshing and can be used for face, body and hair you are natural and quickly penetrates the skin, perfect when you are in a hurry<\/p>\n","protected":false},"featured_media":28342,"comment_status":"open","ping_status":"closed","template":"","meta":{"_gspb_post_css":"","om_disable_all_campaigns":false,"_monsterinsights_skip_tracking":false,"_monsterinsights_sitenote_active":false,"_monsterinsights_sitenote_note":"","_monsterinsights_sitenote_category":0},"store":[],"product_brand":[],"product_cat":[155],"product_tag":[452,522,7058,524,175,525,1884,5909,176,1883,183,523],"class_list":{"0":"post-28341","1":"product","2":"type-product","3":"status-publish","4":"has-post-thumbnail","6":"product_cat-detox-purification","7":"product_tag-500ml","8":"product_tag-aloe","9":"product_tag-barbadensis","10":"product_tag-gel","11":"product_tag-hair","12":"product_tag-moisturizing","13":"product_tag-nourishing","14":"product_tag-refreshing","15":"product_tag-skin","16":"product_tag-soothing","17":"product_tag-types","18":"product_tag-vera","20":"first","21":"instock","22":"shipping-taxable","23":"product-type-external"},"aioseo_notices":[],"jetpack_sharing_enabled":true,"_links":{"self":[{"href":"https:\/\/www.zolattitude.com\/index.php\/wp-json\/wp\/v2\/product\/28341","targetHints":{"allow":["GET"]}}],"collection":[{"href":"https:\/\/www.zolattitude.com\/index.php\/wp-json\/wp\/v2\/product"}],"about":[{"href":"https:\/\/www.zolattitude.com\/index.php\/wp-json\/wp\/v2\/types\/product"}],"replies":[{"embeddable":true,"href":"https:\/\/www.zolattitude.com\/index.php\/wp-json\/wp\/v2\/comments?post=28341"}],"wp:featuredmedia":[{"embeddable":true,"href":"https:\/\/www.zolattitude.com\/index.php\/wp-json\/wp\/v2\/media\/28342"}],"wp:attachment":[{"href":"https:\/\/www.zolattitude.com\/index.php\/wp-json\/wp\/v2\/media?parent=28341"}],"wp:term":[{"taxonomy":"store","embeddable":true,"href":"https:\/\/www.zolattitude.com\/index.php\/wp-json\/wp\/v2\/store?post=28341"},{"taxonomy":"product_brand","embeddable":true,"href":"https:\/\/www.zolattitude.com\/index.php\/wp-json\/wp\/v2\/product_brand?post=28341"},{"taxonomy":"product_cat","embeddable":true,"href":"https:\/\/www.zolattitude.com\/index.php\/wp-json\/wp\/v2\/product_cat?post=28341"},{"taxonomy":"product_tag","embeddable":true,"href":"https:\/\/www.zolattitude.com\/index.php\/wp-json\/wp\/v2\/product_tag?post=28341"}],"curies":[{"name":"wp","href":"https:\/\/api.w.org\/{rel}","templated":true}]}}