{"id":28513,"date":"2026-04-22T00:08:02","date_gmt":"2026-04-22T00:08:02","guid":{"rendered":"https:\/\/www.zolattitude.com\/index.php\/product\/ln-magnesium-bisglycinate-gelules-120-vegan-supplements-magnesium-glycinate-1000mg-provides-200mg-of-elemental-mag-per-serving-non-gmo-no-gluten-nor-allergens\/"},"modified":"2026-04-22T00:08:09","modified_gmt":"2026-04-22T00:08:09","slug":"ln-magnesium-bisglycinate-gelules-120-vegan-supplements-magnesium-glycinate-1000mg-provides-200mg-of-elemental-mag-per-serving-non-gmo-no-gluten-nor-allergens","status":"publish","type":"product","link":"https:\/\/www.zolattitude.com\/index.php\/product\/ln-magnesium-bisglycinate-gelules-120-vegan-supplements-magnesium-glycinate-1000mg-provides-200mg-of-elemental-mag-per-serving-non-gmo-no-gluten-nor-allergens\/","title":{"rendered":"LN Magnesium Bisglycinate Gelules | 120 Vegan Supplements Magnesium Glycinate 1000mg Provides 200mg of Elemental Mag Per Serving | Non-GMO No Gluten Nor Allergens"},"content":{"rendered":"<p>Price: <span style=\"color:#b12704\">\u20ac17.99<\/span><br \/><i><small>(as of Apr 22, 2026 00:08:02 UTC &#8211; <span class=\"wp_automatic_amazon_disclaimer\" title=\"Product prices and availability are accurate as of the date\/time indicated and are subject to change. Any price and availability information displayed on [relevant Amazon Site(s), as applicable] at the time of purchase will apply to the purchase of this product.\">Details<\/span>)<\/small><\/i><br \/><a href=\"https:\/\/amazon.fr\/dp\/B08LZL73GN?tag=onamzmoukoubl-21\"><img decoding=\"async\" src=\"https:\/\/valvepress.s3.amazonaws.com\/imgs\/buy_now.png\"><\/a><br \/>\n<\/p>\n<p>                                             Product Description   <\/p>\n<p>                                                                             <img decoding=\"async\" alt=\". Fond vert avec motif solaire. 200 mg par portion, 120 g\u00e9lules. Le logo de Life Brand est visible.\" src=\"https:\/\/images-na.ssl-images-amazon.com\/images\/G\/01\/x-locale\/common\/grey-pixel.gif\" class=\"a-spacing-base a-lazy-loaded\" data-src=\"https:\/\/m.media-amazon.com\/images\/S\/aplus-media-library-service-media\/724d78ad-10a8-47aa-87cd-f1fe6a474adc.__CR0,0,970,600_PT0_SX970_V1___.jpg\"><img decoding=\"async\" alt=\". Fond vert avec motif solaire. 200 mg par portion, 120 g\u00e9lules. Le logo de Life Brand est visible.\" src=\"https:\/\/m.media-amazon.com\/images\/S\/aplus-media-library-service-media\/724d78ad-10a8-47aa-87cd-f1fe6a474adc.__CR0,0,970,600_PT0_SX970_V1___.jpg\">                                                                    <\/p>\n<p>                                                                             <img decoding=\"async\" alt=\"Quatre ic\u00f4nes circulaires vertes repr\u00e9sentant les caract\u00e9ristiques du suppl\u00e9ment de magn\u00e9sium : 200 mg par portion, r\u00e9gulation de l&amp;#39;\u00e9nergie, approvisionnement en 2 mois et soutien enzymatique. Le texte fran\u00e7ais explique l&amp;#39;importance du magn\u00e9sium.\" src=\"https:\/\/images-na.ssl-images-amazon.com\/images\/G\/01\/x-locale\/common\/grey-pixel.gif\" class=\"a-spacing-base a-lazy-loaded\" data-src=\"https:\/\/m.media-amazon.com\/images\/S\/aplus-media-library-service-media\/61d34bfe-5506-454c-87fb-60fc268f909c.__CR0,0,970,600_PT0_SX970_V1___.jpg\"><img decoding=\"async\" alt=\"Quatre ic\u00f4nes circulaires vertes repr\u00e9sentant les caract\u00e9ristiques du suppl\u00e9ment de magn\u00e9sium : 200 mg par portion, r\u00e9gulation de l&amp;#39;\u00e9nergie, approvisionnement en 2 mois et soutien enzymatique. Le texte fran\u00e7ais explique l&amp;#39;importance du magn\u00e9sium.\" src=\"https:\/\/m.media-amazon.com\/images\/S\/aplus-media-library-service-media\/61d34bfe-5506-454c-87fb-60fc268f909c.__CR0,0,970,600_PT0_SX970_V1___.jpg\">                                                                    <\/p>\n<p>                                                                             <img decoding=\"async\" alt=\"Suppl\u00e9ment de glycinate de magn\u00e9sium en bouteille et en sachet. Le produit comporte des ic\u00f4nes indiquant les caract\u00e9ristiques v\u00e9g\u00e9tariennes, sans gluten et autres caract\u00e9ristiques alimentaires.\" src=\"https:\/\/images-na.ssl-images-amazon.com\/images\/G\/01\/x-locale\/common\/grey-pixel.gif\" class=\"a-spacing-base a-lazy-loaded\" data-src=\"https:\/\/m.media-amazon.com\/images\/S\/aplus-media-library-service-media\/db518167-99dc-4db6-83ba-6f47b0301798.__CR0,0,970,600_PT0_SX970_V1___.jpg\"><img decoding=\"async\" alt=\"Suppl\u00e9ment de glycinate de magn\u00e9sium en bouteille et en sachet. Le produit comporte des ic\u00f4nes indiquant les caract\u00e9ristiques v\u00e9g\u00e9tariennes, sans gluten et autres caract\u00e9ristiques alimentaires.\" src=\"https:\/\/m.media-amazon.com\/images\/S\/aplus-media-library-service-media\/db518167-99dc-4db6-83ba-6f47b0301798.__CR0,0,970,600_PT0_SX970_V1___.jpg\">                                                                    <\/p>\n<p>                                                                             <img decoding=\"async\" alt=\"Cinq bouteilles de suppl\u00e9ments expos\u00e9es sur l&amp;#39;herbe. Les \u00e9tiquettes indiquent le L-Gasseri, l&amp;#39;inositol, le glycinate de magn\u00e9sium, le palmier nain et le bore. Le texte d\u00e9crit Life Nutrition comme une marque de confiance fabriqu\u00e9e au Royaume-Uni.\" src=\"https:\/\/images-na.ssl-images-amazon.com\/images\/G\/01\/x-locale\/common\/grey-pixel.gif\" class=\"a-spacing-base a-lazy-loaded\" data-src=\"https:\/\/m.media-amazon.com\/images\/S\/aplus-media-library-service-media\/f6cffcd3-765a-4227-b32b-23a184e21625.__CR0,0,970,600_PT0_SX970_V1___.jpg\"><img decoding=\"async\" alt=\"Cinq bouteilles de suppl\u00e9ments expos\u00e9es sur l&amp;#39;herbe. Les \u00e9tiquettes indiquent le L-Gasseri, l&amp;#39;inositol, le glycinate de magn\u00e9sium, le palmier nain et le bore. Le texte d\u00e9crit Life Nutrition comme une marque de confiance fabriqu\u00e9e au Royaume-Uni.\" src=\"https:\/\/m.media-amazon.com\/images\/S\/aplus-media-library-service-media\/f6cffcd3-765a-4227-b32b-23a184e21625.__CR0,0,970,600_PT0_SX970_V1___.jpg\">                                                                    <\/p>\n<p> Package Dimensions                                            \u200f                                            :                                            \u200e                                            11.5 x 6.1 x 6.1 cm; 1 g   <br \/> Manufacturer                                            \u200f                                            :                                            \u200e                                            L1fe Nutrition   <br \/> ASIN                                            \u200f                                            :                                            \u200e                                            B08LZL73GN   <br \/> Manufacturer reference                                            \u200f                                            :                                            \u200e                                            LN-MagGlyc-120   <br \/> Country of origin                                            \u200f                                            :                                            \u200e                                            United Kingdom   <br \/>  Customer reviews:                                                                                            4.6               4.6 out of 5 stars                                  (221)                                              var dpAcrHasRegisteredArcLinkClickAction;                    P.when(&#8216;A&#8217;, &#8216;ready&#8217;).execute(function(A) {                        if (dpAcrHasRegisteredArcLinkClickAction !== true) {                            dpAcrHasRegisteredArcLinkClickAction = true;                            A.declarative(                                &#8216;acrLink-click-metrics&#8217;, &#8216;click&#8217;,                                { &#8220;allowLinkDefault&#8221;: true },                                function (event) {                                    if (window.ue) {                                        ue.count(&#8220;acrLinkClickCount&#8221;, (ue.count(&#8220;acrLinkClickCount&#8221;) || 0) + 1);                                    }                                }                            );                        }                    });                                             P.when(&#8216;A&#8217;, &#8216;cf&#8217;).execute(function(A) {                A.declarative(&#8216;acrStarsLink-click-metrics&#8217;, &#8216;click&#8217;, { &#8220;allowLinkDefault&#8221; : true },  function(event){                    if(window.ue) {                        ue.count(&#8220;acrStarsLinkWithPopoverClickCount&#8221;, (ue.count(&#8220;acrStarsLinkWithPopoverClickCount&#8221;) || 0) + 1);                    }                });            });                          <br \/>HIGH BIOAVAILABILITY &#8211; Magnesium glycinate is one of the most easily absorbed forms of magnesium that can be taken as a supplement. Each daily serving of 2 capsules contains 1000mg of magnesium glycinate providing 100mg of elemental magnesium. Each bottle contains 120 capsules<br \/>MAGNESIUM GLYCINATE &#8211; Magnesium glycinate is formed by combining magnesium with the amino acid glycine. Glycine acts as a carrier allowing this supplement to be more easily absorbed by the body.<br \/>NUTRIENT ESSENTIAL &#8211; Magnesium is important for the body and can be found in many food sources, including nuts, seeds, beans, leafy greens, and dark chocolate.<br \/>MAKE L1FE NUTRITION YOUR CHOICE OF SUPPLEMENTS &#8211; Our capsules are dairy-free, gluten-free, allergen-free, and GMO free. Our capsules are also suitable for vegans and vegetarians.<br \/>L1FE NUTRITION WARRANTY &#8211; L1fe Nutrition is a reliable route from source to supplement. We buy high quality herbal ingredients and extractions, ensuring you receive the best quality products. Our products are manufactured in the UK with regular quality checks, meaning you can buy and use with confidence.<\/p>\n\n","protected":false},"excerpt":{"rendered":"<p> Product Description Package Dimensions \u200f : \u200e 11.5 x 6.1 x 6.1 cm; 1 g Manufacturer \u200f : \u200e L1fe Nutrition ASIN \u200f : \u200e B08LZL73GN Manufacturer reference \u200f : \u200e LN-MagGlyc-120 Country of origin \u200f : \u200e United Kingdom Customer reviews: 4.6 4.6 out of 5 stars (221) var [&hellip;]<\/p>\n","protected":false},"featured_media":28514,"comment_status":"open","ping_status":"closed","template":"","meta":{"_gspb_post_css":"","om_disable_all_campaigns":false,"_monsterinsights_skip_tracking":false,"_monsterinsights_sitenote_active":false,"_monsterinsights_sitenote_note":"","_monsterinsights_sitenote_category":0},"store":[],"product_brand":[],"product_cat":[152],"product_tag":[323,2821,4324,293,2356,2029,310,3494,1367,287,362,1757,275,261],"class_list":{"0":"post-28513","1":"product","2":"type-product","3":"status-publish","4":"has-post-thumbnail","6":"product_cat-magnesium-marin","7":"product_tag-1000mg","8":"product_tag-200mg","9":"product_tag-allergens","10":"product_tag-bisglycinate","11":"product_tag-elemental","12":"product_tag-gelules","13":"product_tag-gluten","14":"product_tag-glycinate","15":"product_tag-mag","16":"product_tag-magnesium","17":"product_tag-nongmo","18":"product_tag-serving","19":"product_tag-supplements","20":"product_tag-vegan","22":"first","23":"instock","24":"shipping-taxable","25":"product-type-external"},"aioseo_notices":[],"jetpack_sharing_enabled":true,"_links":{"self":[{"href":"https:\/\/www.zolattitude.com\/index.php\/wp-json\/wp\/v2\/product\/28513","targetHints":{"allow":["GET"]}}],"collection":[{"href":"https:\/\/www.zolattitude.com\/index.php\/wp-json\/wp\/v2\/product"}],"about":[{"href":"https:\/\/www.zolattitude.com\/index.php\/wp-json\/wp\/v2\/types\/product"}],"replies":[{"embeddable":true,"href":"https:\/\/www.zolattitude.com\/index.php\/wp-json\/wp\/v2\/comments?post=28513"}],"wp:featuredmedia":[{"embeddable":true,"href":"https:\/\/www.zolattitude.com\/index.php\/wp-json\/wp\/v2\/media\/28514"}],"wp:attachment":[{"href":"https:\/\/www.zolattitude.com\/index.php\/wp-json\/wp\/v2\/media?parent=28513"}],"wp:term":[{"taxonomy":"store","embeddable":true,"href":"https:\/\/www.zolattitude.com\/index.php\/wp-json\/wp\/v2\/store?post=28513"},{"taxonomy":"product_brand","embeddable":true,"href":"https:\/\/www.zolattitude.com\/index.php\/wp-json\/wp\/v2\/product_brand?post=28513"},{"taxonomy":"product_cat","embeddable":true,"href":"https:\/\/www.zolattitude.com\/index.php\/wp-json\/wp\/v2\/product_cat?post=28513"},{"taxonomy":"product_tag","embeddable":true,"href":"https:\/\/www.zolattitude.com\/index.php\/wp-json\/wp\/v2\/product_tag?post=28513"}],"curies":[{"name":"wp","href":"https:\/\/api.w.org\/{rel}","templated":true}]}}