{"id":28857,"date":"2026-04-25T01:17:03","date_gmt":"2026-04-25T01:17:03","guid":{"rendered":"https:\/\/www.zolattitude.com\/index.php\/product\/organic-reishi-extract-12000-mg-201-50-polysaccharides-20-beta-glucans-2-triterpenes-ganoderma-lucidum-180-vegan-capsules-6-months-no-additives-no-gmo-zenement\/"},"modified":"2026-04-25T01:17:12","modified_gmt":"2026-04-25T01:17:12","slug":"organic-reishi-extract-12000-mg-201-50-polysaccharides-20-beta-glucans-2-triterpenes-ganoderma-lucidum-180-vegan-capsules-6-months-no-additives-no-gmo-zenement","status":"publish","type":"product","link":"https:\/\/www.zolattitude.com\/index.php\/product\/organic-reishi-extract-12000-mg-201-50-polysaccharides-20-beta-glucans-2-triterpenes-ganoderma-lucidum-180-vegan-capsules-6-months-no-additives-no-gmo-zenement\/","title":{"rendered":"Organic Reishi Extract 12000 mg (20:1) &#8211; 50% Polysaccharides, 20% Beta Glucans, 2% Triterpenes (Ganoderma Lucidum) &#8211; 180 Vegan Capsules (6 Months) &#8211; No Additives, No GMO &#8211; Zenement"},"content":{"rendered":"<p>Price: <span style=\"color:#b12704\"><del>\u20ac22.97<\/del> - \u20ac21.81<\/span><br \/><i><small>(as of Apr 25, 2026 01:17:04 UTC &#8211; <span class=\"wp_automatic_amazon_disclaimer\" title=\"Product prices and availability are accurate as of the date\/time indicated and are subject to change. Any price and availability information displayed on [relevant Amazon Site(s), as applicable] at the time of purchase will apply to the purchase of this product.\">Details<\/span>)<\/small><\/i><br \/><a href=\"https:\/\/amazon.fr\/dp\/B08R68NN74?tag=onamzmoukoubl-21\"><img decoding=\"async\" src=\"https:\/\/valvepress.s3.amazonaws.com\/imgs\/buy_now.png\"><\/a><br \/>\n<\/p>\n<p>                                                 From the brand   <\/p>\n<p>                                              <img decoding=\"async\" alt=\"aplus content image\" src=\"https:\/\/images-na.ssl-images-amazon.com\/images\/G\/01\/x-locale\/common\/grey-pixel.gif\" class=\"a-lazy-loaded\" data-src=\"https:\/\/m.media-amazon.com\/images\/S\/aplus-media-library-service-media\/b56263ea-b220-4f56-b0c9-f04d6dc6b974.__CR0,0,1464,625_PT0_SX1464_V1___.jpg\"><img decoding=\"async\" alt=\"aplus content image\" src=\"https:\/\/m.media-amazon.com\/images\/S\/aplus-media-library-service-media\/b56263ea-b220-4f56-b0c9-f04d6dc6b974.__CR0,0,1464,625_PT0_SX1464_V1___.jpg\">  <\/p>\n<p>                                              <img decoding=\"async\" alt=\"\" src=\"https:\/\/images-na.ssl-images-amazon.com\/images\/G\/01\/x-locale\/common\/grey-pixel.gif\" class=\"a-lazy-loaded\" data-src=\"https:\/\/m.media-amazon.com\/images\/S\/aplus-media-library-service-media\/29ecf7fe-7b93-4448-a4a2-0c9ad1799292.__CR0,0,362,453_PT0_SX362_V1___.jpg\"><img decoding=\"async\" alt=\"\" src=\"https:\/\/m.media-amazon.com\/images\/S\/aplus-media-library-service-media\/29ecf7fe-7b93-4448-a4a2-0c9ad1799292.__CR0,0,362,453_PT0_SX362_V1___.jpg\">  <\/p>\n<p> Inspir\u00e9 par la philosophie Zen : Nous recherchons l&#8217;\u00e9quilibre entre bien-\u00eatre physique et mental <\/p>\n<p>                                              <img decoding=\"async\" alt=\"\" src=\"https:\/\/images-na.ssl-images-amazon.com\/images\/G\/01\/x-locale\/common\/grey-pixel.gif\" class=\"a-lazy-loaded\" data-src=\"https:\/\/m.media-amazon.com\/images\/S\/aplus-media-library-service-media\/55713f5f-c3ea-4093-b441-a79a32e57cf4.__CR0,0,362,453_PT0_SX362_V1___.jpg\"><img decoding=\"async\" alt=\"\" src=\"https:\/\/m.media-amazon.com\/images\/S\/aplus-media-library-service-media\/55713f5f-c3ea-4093-b441-a79a32e57cf4.__CR0,0,362,453_PT0_SX362_V1___.jpg\">  <\/p>\n<p> Innovation depuis le Barcelona Health Hub : Formules exclusives et ingr\u00e9dients s\u00e9lectionn\u00e9s <\/p>\n<p>                                              <img decoding=\"async\" alt=\"\" src=\"https:\/\/images-na.ssl-images-amazon.com\/images\/G\/01\/x-locale\/common\/grey-pixel.gif\" class=\"a-lazy-loaded\" data-src=\"https:\/\/m.media-amazon.com\/images\/S\/aplus-media-library-service-media\/92c9a142-eb2e-4fcb-8b59-dcf20d984afc.__CR0,0,362,453_PT0_SX362_V1___.jpg\"><img decoding=\"async\" alt=\"\" src=\"https:\/\/m.media-amazon.com\/images\/S\/aplus-media-library-service-media\/92c9a142-eb2e-4fcb-8b59-dcf20d984afc.__CR0,0,362,453_PT0_SX362_V1___.jpg\">  <\/p>\n<p> Innovation depuis le Barcelona Health Hub : Formules exclusives et ingr\u00e9dients s\u00e9lectionn\u00e9s <\/p>\n<h3> Meilleures Ventes <\/h3>\n<p class=\"apm-brand-story-stores-link\">\n<h3> Nos nouveaut\u00e9s <\/h3>\n<p class=\"apm-brand-story-stores-link\">\n<p>                                              <img decoding=\"async\" alt=\"aplus content image\" src=\"https:\/\/images-na.ssl-images-amazon.com\/images\/G\/01\/x-locale\/common\/grey-pixel.gif\" class=\"a-lazy-loaded\" data-src=\"https:\/\/m.media-amazon.com\/images\/S\/aplus-media-library-service-media\/39b5fa11-d4a7-426a-a545-63f73bcbe0c4.__CR0,0,362,453_PT0_SX362_V1___.jpg\"><img decoding=\"async\" alt=\"aplus content image\" src=\"https:\/\/m.media-amazon.com\/images\/S\/aplus-media-library-service-media\/39b5fa11-d4a7-426a-a545-63f73bcbe0c4.__CR0,0,362,453_PT0_SX362_V1___.jpg\">  <\/p>\n<h3> Vieillissement en bonne sant\u00e9 <\/h3>\n<p class=\"apm-brand-story-stores-link\">\n<p>                                              <img decoding=\"async\" alt=\"aplus content image\" src=\"https:\/\/images-na.ssl-images-amazon.com\/images\/G\/01\/x-locale\/common\/grey-pixel.gif\" class=\"a-lazy-loaded\" data-src=\"https:\/\/m.media-amazon.com\/images\/S\/aplus-media-library-service-media\/74206599-3142-4e2c-b21c-5613725a670e.__CR0,0,1509,1888_PT0_SX362_V1___.png\"><img decoding=\"async\" alt=\"aplus content image\" src=\"https:\/\/m.media-amazon.com\/images\/S\/aplus-media-library-service-media\/74206599-3142-4e2c-b21c-5613725a670e.__CR0,0,1509,1888_PT0_SX362_V1___.png\">  <\/p>\n<h3> Soutenez votre c\u0153ur <\/h3>\n<p class=\"apm-brand-story-stores-link\">\n<p>                                              <img decoding=\"async\" alt=\"aplus content image\" src=\"https:\/\/images-na.ssl-images-amazon.com\/images\/G\/01\/x-locale\/common\/grey-pixel.gif\" class=\"a-lazy-loaded\" data-src=\"https:\/\/m.media-amazon.com\/images\/S\/aplus-media-library-service-media\/af326839-1e09-4069-95c5-4d1c2bc7c06a.__CR0,0,1509,1888_PT0_SX362_V1___.png\"><img decoding=\"async\" alt=\"aplus content image\" src=\"https:\/\/m.media-amazon.com\/images\/S\/aplus-media-library-service-media\/af326839-1e09-4069-95c5-4d1c2bc7c06a.__CR0,0,1509,1888_PT0_SX362_V1___.png\">  <\/p>\n<h3> Aidez votre mobilit\u00e9 <\/h3>\n<p class=\"apm-brand-story-stores-link\">\n<p>                                              <img decoding=\"async\" alt=\"\" src=\"https:\/\/images-na.ssl-images-amazon.com\/images\/G\/01\/x-locale\/common\/grey-pixel.gif\" class=\"a-lazy-loaded\" data-src=\"https:\/\/m.media-amazon.com\/images\/S\/aplus-media-library-service-media\/079b40e9-8bdf-42ce-ae3a-8c449b6c1d79.__CR0,0,362,453_PT0_SX362_V1___.jpg\"><img decoding=\"async\" alt=\"\" src=\"https:\/\/m.media-amazon.com\/images\/S\/aplus-media-library-service-media\/079b40e9-8bdf-42ce-ae3a-8c449b6c1d79.__CR0,0,362,453_PT0_SX362_V1___.jpg\">  <\/p>\n<p> Accompagnement personnalis\u00e9 : Notre \u00e9quipe d\u2019experts vous offre les meilleurs conseils en sant\u00e9 <\/p>\n<p> Product Dimensions                                            \u200f                                            :                                            \u200e                                            6.9 x 6.9 x 12.1 cm; 11.97 g   <br \/> Manufacturer                                            \u200f                                            :                                            \u200e                                            Zenement   <br \/> ASIN                                            \u200f                                            :                                            \u200e                                            B08R68NN74   <br \/> Manufacturer reference                                            \u200f                                            :                                            \u200e                                            Z-20RE01-E   <br \/> Country of origin                                            \u200f                                            :                                            \u200e                                            Espa\u00f1a   <br \/>  Customer reviews:                                                                                            4.6               4.6 out of 5 stars                                  (1,061)                                              var dpAcrHasRegisteredArcLinkClickAction;                    P.when(&#8216;A&#8217;, &#8216;ready&#8217;).execute(function(A) {                        if (dpAcrHasRegisteredArcLinkClickAction !== true) {                            dpAcrHasRegisteredArcLinkClickAction = true;                            A.declarative(                                &#8216;acrLink-click-metrics&#8217;, &#8216;click&#8217;,                                { &#8220;allowLinkDefault&#8221;: true },                                function (event) {                                    if (window.ue) {                                        ue.count(&#8220;acrLinkClickCount&#8221;, (ue.count(&#8220;acrLinkClickCount&#8221;) || 0) + 1);                                    }                                }                            );                        }                    });                                             P.when(&#8216;A&#8217;, &#8216;cf&#8217;).execute(function(A) {                A.declarative(&#8216;acrStarsLink-click-metrics&#8217;, &#8216;click&#8217;, { &#8220;allowLinkDefault&#8221; : true },  function(event){                    if(window.ue) {                        ue.count(&#8220;acrStarsLinkWithPopoverClickCount&#8221;, (ue.count(&#8220;acrStarsLinkWithPopoverClickCount&#8221;) || 0) + 1);                    }                });            });                          <br \/>MAXIMUM CONCENTRATION PER DOSE: Our Organic Reishi Extract provides 600 mg of 20:1 extract per capsule, equivalent to 12,000 mg of whole mushroom. Reishi (Ganoderma lucidum) is a traditional ingredient, chosen by those who wish to accompany their daily routine and cope with the most intense periods.<br \/>FORMULA RICH IN ACTIVE COMPOUNDS: Each 600 mg capsule contains 300 mg of polysaccharides, 120 mg of beta glucans and 12 mg of triterpenes, which are naturally present in Reishi. A formula suitable for those who want to maintain a balanced pace, especially during demanding periods.<br \/>VEGAN, NO ADDITIVES AND CONVENIENT FORMAT: Our formula contains only organic Reishi fruiting body extract in vegetable capsules (HPMC), no additives, non-GMO, soy, gluten-free and lactose-free. The format of 180 vegan capsules offers a practical cure for up to 6 months.<br \/>QUALITY AND SATISFACTION: Our supplements, formulated in Barcelona, are made with the highest quality ingredients, under rigorous controls, in order to meet the highest safety and efficacy standards, providing a reliable and healthy option. In addition, we have personalized attention to answer all your questions and help you choose the complement that suits you best.<br \/>ZENEMENT, INSPIRING WELLNESS: Founded in 2017 in Barcelona, Zenement was born with the aim of offering dietary supplements formulated with rigor and backed by science. Inspired by the &#8220;Zen&#8221; philosophy, the name merges &#8220;Zen&#8221; and &#8220;Supplement&#8221;, reflecting a commitment to balance and innovation. As a member of the Barcelona Health Hub, at the Recinto Modernista de Sant Pau de Barcelona, he promotes excellence and development in the health sector.<\/p>\n\n","protected":false},"excerpt":{"rendered":"<p> From the brand Inspir\u00e9 par la philosophie Zen : Nous recherchons l&#8217;\u00e9quilibre entre bien-\u00eatre physique et mental Innovation depuis le Barcelona Health Hub : Formules exclusives et ingr\u00e9dients s\u00e9lectionn\u00e9s Innovation depuis le Barcelona Health Hub : Formules exclusives et ingr\u00e9dients s\u00e9lectionn\u00e9s Meilleures Ventes Nos nouveaut\u00e9s Vieillissement en bonne sant\u00e9 Soutenez [&hellip;]<\/p>\n","protected":false},"featured_media":28858,"comment_status":"open","ping_status":"closed","template":"","meta":{"_gspb_post_css":"","om_disable_all_campaigns":false,"_monsterinsights_skip_tracking":false,"_monsterinsights_sitenote_active":false,"_monsterinsights_sitenote_note":"","_monsterinsights_sitenote_category":0},"store":[],"product_brand":[],"product_cat":[147],"product_tag":[342,4605,198,422,5869,5759,1787,5870,195,238,4702,1362,7173,261,991],"class_list":{"0":"post-28857","1":"product","2":"type-product","3":"status-publish","4":"has-post-thumbnail","6":"product_cat-racines-adaptogenes","7":"product_tag-additives","8":"product_tag-beta","9":"product_tag-capsules","10":"product_tag-extract","11":"product_tag-ganoderma","12":"product_tag-glucans","13":"product_tag-gmo","14":"product_tag-lucidum","15":"product_tag-months","16":"product_tag-organic","17":"product_tag-polysaccharides","18":"product_tag-reishi","19":"product_tag-triterpenes","20":"product_tag-vegan","21":"product_tag-zenement","23":"first","24":"instock","25":"sale","26":"shipping-taxable","27":"product-type-external"},"aioseo_notices":[],"jetpack_sharing_enabled":true,"_links":{"self":[{"href":"https:\/\/www.zolattitude.com\/index.php\/wp-json\/wp\/v2\/product\/28857","targetHints":{"allow":["GET"]}}],"collection":[{"href":"https:\/\/www.zolattitude.com\/index.php\/wp-json\/wp\/v2\/product"}],"about":[{"href":"https:\/\/www.zolattitude.com\/index.php\/wp-json\/wp\/v2\/types\/product"}],"replies":[{"embeddable":true,"href":"https:\/\/www.zolattitude.com\/index.php\/wp-json\/wp\/v2\/comments?post=28857"}],"wp:featuredmedia":[{"embeddable":true,"href":"https:\/\/www.zolattitude.com\/index.php\/wp-json\/wp\/v2\/media\/28858"}],"wp:attachment":[{"href":"https:\/\/www.zolattitude.com\/index.php\/wp-json\/wp\/v2\/media?parent=28857"}],"wp:term":[{"taxonomy":"store","embeddable":true,"href":"https:\/\/www.zolattitude.com\/index.php\/wp-json\/wp\/v2\/store?post=28857"},{"taxonomy":"product_brand","embeddable":true,"href":"https:\/\/www.zolattitude.com\/index.php\/wp-json\/wp\/v2\/product_brand?post=28857"},{"taxonomy":"product_cat","embeddable":true,"href":"https:\/\/www.zolattitude.com\/index.php\/wp-json\/wp\/v2\/product_cat?post=28857"},{"taxonomy":"product_tag","embeddable":true,"href":"https:\/\/www.zolattitude.com\/index.php\/wp-json\/wp\/v2\/product_tag?post=28857"}],"curies":[{"name":"wp","href":"https:\/\/api.w.org\/{rel}","templated":true}]}}