{"id":28878,"date":"2026-04-25T01:48:02","date_gmt":"2026-04-25T01:48:02","guid":{"rendered":"https:\/\/www.zolattitude.com\/index.php\/product\/borage-evening-primrose-500-mg-100-capsules\/"},"modified":"2026-04-25T01:48:10","modified_gmt":"2026-04-25T01:48:10","slug":"borage-evening-primrose-500-mg-100-capsules","status":"publish","type":"product","link":"https:\/\/www.zolattitude.com\/index.php\/product\/borage-evening-primrose-500-mg-100-capsules\/","title":{"rendered":"Borage\/Evening Primrose &#8211; 500 mg &#8211; 100 capsules"},"content":{"rendered":"<p>Price: <span style=\"color:#b12704\">\u20ac8.99<\/span><br \/><i><small>(as of Apr 25, 2026 01:48:02 UTC &#8211; <span class=\"wp_automatic_amazon_disclaimer\" title=\"Product prices and availability are accurate as of the date\/time indicated and are subject to change. Any price and availability information displayed on [relevant Amazon Site(s), as applicable] at the time of purchase will apply to the purchase of this product.\">Details<\/span>)<\/small><\/i><br \/><a href=\"https:\/\/amazon.fr\/dp\/B00JB4FPSI?tag=onamzmoukoubl-21\"><img decoding=\"async\" src=\"https:\/\/valvepress.s3.amazonaws.com\/imgs\/buy_now.png\"><\/a><br \/>\n<\/p>\n<p>                                                 Product Description   <\/p>\n<p>                                                                             <img decoding=\"async\" alt=\"Onagre Bourrache image 1\" src=\"https:\/\/images-na.ssl-images-amazon.com\/images\/G\/01\/x-locale\/common\/grey-pixel.gif\" class=\"a-spacing-base a-lazy-loaded\" data-src=\"https:\/\/m.media-amazon.com\/images\/S\/aplus-media-library-service-media\/9fe0eeb1-06f6-44ef-8d37-679b8d36804d.__CR0,0,970,600_PT0_SX970_V1___.jpg\"><img decoding=\"async\" alt=\"Onagre Bourrache image 1\" src=\"https:\/\/m.media-amazon.com\/images\/S\/aplus-media-library-service-media\/9fe0eeb1-06f6-44ef-8d37-679b8d36804d.__CR0,0,970,600_PT0_SX970_V1___.jpg\">                                         <\/p>\n<h3 class=\"a-spacing-mini\"> QUE SONT L&#8217;ONAGRE ET LA BOURRACHE ? <\/h3>\n<p class=\"a-spacing-base\"> L&#8217;Onagre, Oenothera biennis, qui se fait aussi appeler Primev\u00e8re du soir, est une plante herbac\u00e9e originaire d&#8217;Am\u00e9rique du Nord. Elle est reconnaissable \u00e0 ses grandes fleurs jaunes qui fleurissent en fin de journ\u00e9e, d&#8217;o\u00f9 son surnom de Primev\u00e8re du soir. C&#8217;est une plante qui peut atteindre entre 1 et 2 m\u00e8tres de haut. Elle poss\u00e8de des feuilles allong\u00e9es et dent\u00e9es, dispos\u00e9es en rosettes \u00e0 la base de la plante. <\/p>\n<p class=\"a-spacing-base\"> L&#8217;Onagre est une plante bisannuelle, cela signifie qu&#8217;elle a un cycle de vie de deux ans. Durant la premi\u00e8re ann\u00e9e, elle forme une rosette de feuilles \u00e0 partir de laquelle elle stocke des nutriments. Au cours de la deuxi\u00e8me ann\u00e9e, elle produit des tiges et des fleurs, apr\u00e8s quoi elle meurt g\u00e9n\u00e9ralement. Ses fleurs attirent les pollinisateurs nocturnes, tels que les papillons de nuit et les abeilles nocturnes. <\/p>\n<p class=\"a-spacing-base\"> La Bourrache, Borago officinalis, une jolie plante aux fleurs \u00e9toil\u00e9es vient, quant \u00e0 elle, de Syrie et des pays alentours. Contrairement \u00e0 l&#8217;Onagre, la Bourrache est une plante annuelle, ce qui signifie qu&#8217;elle a un cycle de vie de seulement un an. Elle peut atteindre une hauteur de 60 \u00e0 90 cm et poss\u00e8de de larges feuilles rugueuses et poilues, souvent de forme ovale. Ses fleurs sont remarquables par leur couleur bleu vif caract\u00e9ristique, bien qu&#8217;il existe \u00e9galement des vari\u00e9t\u00e9s \u00e0 fleurs roses ou blanches. <\/p>\n<p class=\"a-spacing-base\"> Les jeunes feuilles et les fleurs de Bourrache sont comestibles et sont parfois utilis\u00e9es dans la cuisine. Les feuilles peuvent \u00eatre ajout\u00e9es aux salades pour leur go\u00fbt l\u00e9g\u00e8rement sucr\u00e9 et leur texture croquante. <\/p>\n<p>                                                  <img decoding=\"async\" alt=\"Onagre Bourrache image 2\" src=\"https:\/\/images-na.ssl-images-amazon.com\/images\/G\/01\/x-locale\/common\/grey-pixel.gif\" class=\"a-lazy-loaded\" data-src=\"https:\/\/m.media-amazon.com\/images\/S\/aplus-media-library-service-media\/095a8b10-37d7-4c02-937e-0eb554481db1.__CR0,0,970,300_PT0_SX970_V1___.jpg\"><img decoding=\"async\" alt=\"Onagre Bourrache image 2\" src=\"https:\/\/m.media-amazon.com\/images\/S\/aplus-media-library-service-media\/095a8b10-37d7-4c02-937e-0eb554481db1.__CR0,0,970,300_PT0_SX970_V1___.jpg\">  <\/p>\n<h3 class=\"a-size-extra-large aplus-13-heading-text a-text-bold\"> COMMENT CONSOMMER L&#8217;ONAGRE ET LA BOURRACHE ? <\/h3>\n<p class=\"description\"> Bien que la racine d&#8217;Onagre, surnomm\u00e9e jambon des jardiniers, puisse \u00eatre consomm\u00e9e \u00e0 l&#8217;instar du Panais, ce sont les graines de la plante qui sont les plus int\u00e9ressantes en nutraceutique. Cela va de m\u00eame avec les graines de Bourrache, qui sont autant comestibles que les feuilles et les fleurs de la plante mais qui sont plus riches en acides gras essentiels. Les graines \u00e9tant difficiles \u00e0 manger telles quelles, l&#8217;huile en est extraite pour le plus grand plaisir de nos clients ! <\/p>\n<p class=\"description\"> Les huiles de Bourrache et d&#8217;Onagre peuvent \u00eatre consomm\u00e9es lors de compl\u00e9mentations. En optant pour cette formule, vous b\u00e9n\u00e9ficiez des propri\u00e9t\u00e9s des plantes sur la dur\u00e9e. Les capsules sont faciles \u00e0 utiliser, elles vous permettent d&#8217;obtenir le bon dosage journalier en une seule prise. Vous pouvez prendre cette compl\u00e9mentation lors de votre repas du midi, avec un simple verre d&#8217;eau. Pour ce qui est de la dur\u00e9e de la compl\u00e9mentation, celle-ci peut varier entre 10 et 30 jours selon l&#8217;effet souhait\u00e9. Il est possible de faire une suppl\u00e9mentation de 3 mois maximum (\u00e0 r\u00e9it\u00e9rer sur l&#8217;ann\u00e9e si n\u00e9cessaire). <\/p>\n<p>                                                  <img decoding=\"async\" alt=\"Onagre Bourrache image 4\" src=\"https:\/\/images-na.ssl-images-amazon.com\/images\/G\/01\/x-locale\/common\/grey-pixel.gif\" class=\"a-lazy-loaded\" data-src=\"https:\/\/m.media-amazon.com\/images\/S\/aplus-media-library-service-media\/9c6849f0-0cab-4dbb-8325-21c72274f14d.__CR0,0,970,300_PT0_SX970_V1___.jpg\"><img decoding=\"async\" alt=\"Onagre Bourrache image 4\" src=\"https:\/\/m.media-amazon.com\/images\/S\/aplus-media-library-service-media\/9c6849f0-0cab-4dbb-8325-21c72274f14d.__CR0,0,970,300_PT0_SX970_V1___.jpg\">  <\/p>\n<h3 class=\"a-size-extra-large aplus-13-heading-text a-text-bold\"> COMMENT SONT FABRIQU\u00c9ES NOS G\u00c9LULES D&#8217;ONAGRE-BOURRACHE ? <\/h3>\n<p class=\"description\"> La fabrication de nos compl\u00e9ments alimentaires d\u00e9bute par la r\u00e9colte de graines sur les plantes fra\u00eeches Celles-ci sont ensuite press\u00e9es \u00e0 froid afin d&#8217;en extraire l&#8217;huile. Enfin, cette huile est encapsul\u00e9e dans les coques souples afin de la prot\u00e9ger de l&#8217;oxydation de l&#8217;air et de faciliter son absorption. De cette mani\u00e8re, nous pouvons vous offrir des compl\u00e9ments alimentaires de qualit\u00e9, issus de plantes soigneusement s\u00e9lectionn\u00e9es. <\/p>\n<p>                                                                             <img decoding=\"async\" alt=\"Onagre Bourrache image 5\" src=\"https:\/\/images-na.ssl-images-amazon.com\/images\/G\/01\/x-locale\/common\/grey-pixel.gif\" class=\"a-spacing-base a-lazy-loaded\" data-src=\"https:\/\/m.media-amazon.com\/images\/S\/aplus-media-library-service-media\/013cb46c-3603-4002-9f67-1296a32d1459.__CR0,0,970,600_PT0_SX970_V1___.jpg\"><img decoding=\"async\" alt=\"Onagre Bourrache image 5\" src=\"https:\/\/m.media-amazon.com\/images\/S\/aplus-media-library-service-media\/013cb46c-3603-4002-9f67-1296a32d1459.__CR0,0,970,600_PT0_SX970_V1___.jpg\">                                                                     <\/p>\n<p class=\"a-spacing-base\"> Nos pilulier sont compos\u00e9s de PEHD (Poly\u00e9thyl\u00e8ne Haute Densit\u00e9), une mati\u00e8re conforme \u00e0 l&#8217;alimentarit\u00e9, compatible avec le contact de la nourriture (R\u00e8glementation CE 10\/2011) et recyclables (NF EN 13430). <\/p>\n<p>                         Add To Basket  <\/p>\n<p>                         Add To Basket  <\/p>\n<p>                         Add To Basket  <\/p>\n<p>                         Add To Basket  <\/p>\n<p>                             Customer Reviews  <\/p>\n<p>                \u2014                                     <\/p>\n<p>                \u2014                                     <\/p>\n<p>                    4.4 out of 5 stars     137    <\/p>\n<p>                    3.8 out of 5 stars     4    <\/p>\n<p>                    3.5 out of 5 stars     7    <\/p>\n<p>                    4.2 out of 5 stars     138    <\/p>\n<p>                             Price  <\/p>\n<p>                                            \u2014 no data<\/p>\n<p>                                            \u2014 no data<br \/>\n                                                       \u20ac9.99\u20ac9.99                  \u20ac9.99\u20ac9.99                  \u20ac25.99\u20ac25.99                  \u20ac9.99\u20ac9.99        <\/p>\n<p>                             Dosage par g\u00e9lule<br \/>\n                                250 mg               220 mg               220 mg               200 mg               200 mg               250 mg        <\/p>\n<p>                             Quantit\u00e9<br \/>\n                                200 g\u00e9lules               200 g\u00e9lules               200 g\u00e9lules               200 g\u00e9lules               200 g\u00e9lules               200 g\u00e9lules        <\/p>\n<p>                             Dur\u00e9e de compl\u00e9mentation<br \/>\n                                60 jours               60 jours               60 jours               60 jours               60 jours               60 jours        <\/p>\n<p> Is discontinued by manufacturer                                            \u200f                                            :                                            \u200e                                            No   <br \/> Product Dimensions                                            \u200f                                            :                                            \u200e                                            5.5 x 5.5 x 8.5 cm; 85.5 g   <br \/> Manufacturer                                            \u200f                                            :                                            \u200e                                            GPH   <br \/> ASIN                                            \u200f                                            :                                            \u200e                                            B00JB4FPSI   <br \/> Country of origin                                            \u200f                                            :                                            \u200e                                            France   <br \/>  Customer reviews:                                                                                            4.6               4.6 out of 5 stars                                  (4)                                              var dpAcrHasRegisteredArcLinkClickAction;                    P.when(&#8216;A&#8217;, &#8216;ready&#8217;).execute(function(A) {                        if (dpAcrHasRegisteredArcLinkClickAction !== true) {                            dpAcrHasRegisteredArcLinkClickAction = true;                            A.declarative(                                &#8216;acrLink-click-metrics&#8217;, &#8216;click&#8217;,                                { &#8220;allowLinkDefault&#8221;: true },                                function (event) {                                    if (window.ue) {                                        ue.count(&#8220;acrLinkClickCount&#8221;, (ue.count(&#8220;acrLinkClickCount&#8221;) || 0) + 1);                                    }                                }                            );                        }                    });                                             P.when(&#8216;A&#8217;, &#8216;cf&#8217;).execute(function(A) {                A.declarative(&#8216;acrStarsLink-click-metrics&#8217;, &#8216;click&#8217;, { &#8220;allowLinkDefault&#8221; : true },  function(event){                    if(window.ue) {                        ue.count(&#8220;acrStarsLinkWithPopoverClickCount&#8221;, (ue.count(&#8220;acrStarsLinkWithPopoverClickCount&#8221;) || 0) + 1);                    }                });            });                          <br \/>Borage \/ Evening Primrose &#8211; 503 mg &#8211; 100 capsules<br \/>2 to 3 capsules daily with a full glass of water during meals and as part of a balanced diet.<\/p>\n\n","protected":false},"excerpt":{"rendered":"<p> Product Description QUE SONT L&#8217;ONAGRE ET LA BOURRACHE ? L&#8217;Onagre, Oenothera biennis, qui se fait aussi appeler Primev\u00e8re du soir, est une plante herbac\u00e9e originaire d&#8217;Am\u00e9rique du Nord. Elle est reconnaissable \u00e0 ses grandes fleurs jaunes qui fleurissent en fin de journ\u00e9e, d&#8217;o\u00f9 son surnom de Primev\u00e8re du soir. C&#8217;est [&hellip;]<\/p>\n","protected":false},"featured_media":28879,"comment_status":"open","ping_status":"closed","template":"","meta":{"_gspb_post_css":"","om_disable_all_campaigns":false,"_monsterinsights_skip_tracking":false,"_monsterinsights_sitenote_active":false,"_monsterinsights_sitenote_note":"","_monsterinsights_sitenote_category":0},"store":[],"product_brand":[],"product_cat":[140],"product_tag":[7176,198,252],"class_list":{"0":"post-28878","1":"product","2":"type-product","3":"status-publish","4":"has-post-thumbnail","6":"product_cat-huiles-de-bourrache-onagre","7":"product_tag-borageevening","8":"product_tag-capsules","9":"product_tag-primrose","11":"first","12":"instock","13":"shipping-taxable","14":"product-type-external"},"aioseo_notices":[],"jetpack_sharing_enabled":true,"_links":{"self":[{"href":"https:\/\/www.zolattitude.com\/index.php\/wp-json\/wp\/v2\/product\/28878","targetHints":{"allow":["GET"]}}],"collection":[{"href":"https:\/\/www.zolattitude.com\/index.php\/wp-json\/wp\/v2\/product"}],"about":[{"href":"https:\/\/www.zolattitude.com\/index.php\/wp-json\/wp\/v2\/types\/product"}],"replies":[{"embeddable":true,"href":"https:\/\/www.zolattitude.com\/index.php\/wp-json\/wp\/v2\/comments?post=28878"}],"wp:featuredmedia":[{"embeddable":true,"href":"https:\/\/www.zolattitude.com\/index.php\/wp-json\/wp\/v2\/media\/28879"}],"wp:attachment":[{"href":"https:\/\/www.zolattitude.com\/index.php\/wp-json\/wp\/v2\/media?parent=28878"}],"wp:term":[{"taxonomy":"store","embeddable":true,"href":"https:\/\/www.zolattitude.com\/index.php\/wp-json\/wp\/v2\/store?post=28878"},{"taxonomy":"product_brand","embeddable":true,"href":"https:\/\/www.zolattitude.com\/index.php\/wp-json\/wp\/v2\/product_brand?post=28878"},{"taxonomy":"product_cat","embeddable":true,"href":"https:\/\/www.zolattitude.com\/index.php\/wp-json\/wp\/v2\/product_cat?post=28878"},{"taxonomy":"product_tag","embeddable":true,"href":"https:\/\/www.zolattitude.com\/index.php\/wp-json\/wp\/v2\/product_tag?post=28878"}],"curies":[{"name":"wp","href":"https:\/\/api.w.org\/{rel}","templated":true}]}}