{"id":28919,"date":"2026-04-26T00:09:34","date_gmt":"2026-04-26T00:09:34","guid":{"rendered":"https:\/\/www.zolattitude.com\/index.php\/product\/extra-strong-milk-thistle-with-artichoke-and-dandelion-1-daily-piulife-200mg-silymarin-powerful-and-fast-liver-detox-milk-thistle-liver-and-intestine-purifying-with-zinc-antioxidant-360-capsules\/"},"modified":"2026-04-26T00:09:36","modified_gmt":"2026-04-26T00:09:36","slug":"extra-strong-milk-thistle-with-artichoke-and-dandelion-1-daily-piulife-200mg-silymarin-powerful-and-fast-liver-detox-milk-thistle-liver-and-intestine-purifying-with-zinc-antioxidant-360-capsules","status":"publish","type":"product","link":"https:\/\/www.zolattitude.com\/index.php\/product\/extra-strong-milk-thistle-with-artichoke-and-dandelion-1-daily-piulife-200mg-silymarin-powerful-and-fast-liver-detox-milk-thistle-liver-and-intestine-purifying-with-zinc-antioxidant-360-capsules\/","title":{"rendered":"Extra Strong Milk Thistle With Artichoke And Dandelion 1 Daily Pi\u00f9Life, 200mg Silymarin, Powerful And Fast Liver Detox, Milk Thistle Liver And Intestine, Purifying, With Zinc Antioxidant, 360 Capsules"},"content":{"rendered":"<p>Price: <span style=\"color:#b12704\">\u20ac35.90<\/span><br \/><i><small>(as of Apr 26, 2026 00:09:34 UTC &#8211; <span class=\"wp_automatic_amazon_disclaimer\" title=\"Product prices and availability are accurate as of the date\/time indicated and are subject to change. Any price and availability information displayed on [relevant Amazon Site(s), as applicable] at the time of purchase will apply to the purchase of this product.\">Details<\/span>)<\/small><\/i><br \/><a href=\"https:\/\/amazon.fr\/dp\/B0D5HMRMXV?tag=onamzmoukoubl-21\"><img decoding=\"async\" src=\"https:\/\/valvepress.s3.amazonaws.com\/imgs\/buy_now.png\"><\/a><br \/>\n<\/p>\n<p>                                                 From the brand   <\/p>\n<p>                                              <img decoding=\"async\" alt=\"Capsules ou suppl\u00e9ments beiges \u00e9parpill\u00e9s pr\u00e8s d&amp;#39;un contenant cylindrique blanc, avec des feuilles vertes de plantes l\u00e9g\u00e8rement floues.\" src=\"https:\/\/images-na.ssl-images-amazon.com\/images\/G\/01\/x-locale\/common\/grey-pixel.gif\" class=\"a-lazy-loaded\" data-src=\"https:\/\/m.media-amazon.com\/images\/S\/aplus-media-library-service-media\/eb573752-c59a-49ce-a731-b860b74cdb6d.__CR0,0,1464,625_PT0_SX1464_V1___.jpg\"><img decoding=\"async\" alt=\"Capsules ou suppl\u00e9ments beiges \u00e9parpill\u00e9s pr\u00e8s d&amp;#39;un contenant cylindrique blanc, avec des feuilles vertes de plantes l\u00e9g\u00e8rement floues.\" src=\"https:\/\/m.media-amazon.com\/images\/S\/aplus-media-library-service-media\/eb573752-c59a-49ce-a731-b860b74cdb6d.__CR0,0,1464,625_PT0_SX1464_V1___.jpg\">  <\/p>\n<p>                                              <img decoding=\"async\" alt=\"\" src=\"https:\/\/images-na.ssl-images-amazon.com\/images\/G\/01\/x-locale\/common\/grey-pixel.gif\" class=\"a-lazy-loaded\" data-src=\"https:\/\/m.media-amazon.com\/images\/S\/aplus-media-library-service-media\/0f0f1d3b-a3c5-4342-a2e2-d54d374c74ee.__CR0,0,315,145_PT0_SX315_V1___.jpg\"><img decoding=\"async\" alt=\"\" src=\"https:\/\/m.media-amazon.com\/images\/S\/aplus-media-library-service-media\/0f0f1d3b-a3c5-4342-a2e2-d54d374c74ee.__CR0,0,315,145_PT0_SX315_V1___.jpg\">  <\/p>\n<p> Pi\u00f9Life est la ligne de compl\u00e9ments alimentaires pour ceux qui veulent ajouter quelque chose \u00e0 leur quotidien: \u00e9nergie, vitalit\u00e9 et bien-\u00eatre! <\/p>\n<p> Pi\u00f9Life s\u00e9lectionne les meilleures mati\u00e8res premi\u00e8res et r\u00e9alise ses compl\u00e9ments exclusivement en Italie, selon les standards de qualit\u00e9 les plus \u00e9lev\u00e9s du Made in Italy. <\/p>\n<h3> \u00c9quilibre in &amp; out <\/h3>\n<p class=\"apm-brand-story-stores-link\">\n<h3> Va droit au but <\/h3>\n<p class=\"apm-brand-story-stores-link\">\n<h3> Force antioxydante <\/h3>\n<p class=\"apm-brand-story-stores-link\">\n<h3> Faites le plein d&#8217;\u00e9nergie <\/h3>\n<p class=\"apm-brand-story-stores-link\">\n<p> Product Dimensions                                            \u200f                                            :                                            \u200e                                            14 x 7 x 9.5 cm; 200 g   <br \/> Manufacturer                                            \u200f                                            :                                            \u200e                                            +LIFE   <br \/> ASIN                                            \u200f                                            :                                            \u200e                                            B0D5HMRMXV   <br \/> Country of origin                                            \u200f                                            :                                            \u200e                                            Italy   <br \/>  Customer reviews:                                                                                            4.2               4.2 out of 5 stars                                  (667)                                              var dpAcrHasRegisteredArcLinkClickAction;                    P.when(&#8216;A&#8217;, &#8216;ready&#8217;).execute(function(A) {                        if (dpAcrHasRegisteredArcLinkClickAction !== true) {                            dpAcrHasRegisteredArcLinkClickAction = true;                            A.declarative(                                &#8216;acrLink-click-metrics&#8217;, &#8216;click&#8217;,                                { &#8220;allowLinkDefault&#8221;: true },                                function (event) {                                    if (window.ue) {                                        ue.count(&#8220;acrLinkClickCount&#8221;, (ue.count(&#8220;acrLinkClickCount&#8221;) || 0) + 1);                                    }                                }                            );                        }                    });                                             P.when(&#8216;A&#8217;, &#8216;cf&#8217;).execute(function(A) {                A.declarative(&#8216;acrStarsLink-click-metrics&#8217;, &#8216;click&#8217;, { &#8220;allowLinkDefault&#8221; : true },  function(event){                    if(window.ue) {                        ue.count(&#8220;acrStarsLinkWithPopoverClickCount&#8221;, (ue.count(&#8220;acrStarsLinkWithPopoverClickCount&#8221;) || 0) + 1);                    }                });            });                          <br \/>Pi\u00f9Life Liver Integrator combines organic milk thistle, artichoke extract, dandelion and zinc to support proper liver function, aid digestion, help detoxify the body and protect cells from oxidative stress<br \/>Milk thistle silymarin is a powerful antioxidant that protects liver cells from oxidative stress. Silymarin also helps regenerate the liver and supports its natural purification function. Pi\u00f9Life provides 200 mg of silymarin per capsule for enhanced liver action<br \/>Artichoke and dandelion root are essential for their purifying benefits. Artichoke, with 150 mg titrated at 2.5% cynarin per dose, promotes digestion and liver function. Dandelion, with 20 mg per dose, helps to remove toxins naturally<br \/>Pi\u00f9Life Detox Milk Thistle can be useful after periods of heavy feeding, for those who feel tired or lead a stressful lifestyle. It is ideal for supporting liver function during seasonal changes or after overeating<br \/>Pi\u00f9Life offers a wide range of supplements dedicated to the well-being of the liver and the detoxification of the body. Discover Glutathione and NAC, powerful antioxidants, or try Dreactive, perfect for draining and purifying<\/p>\n\n","protected":false},"excerpt":{"rendered":"<p> From the brand Pi\u00f9Life est la ligne de compl\u00e9ments alimentaires pour ceux qui veulent ajouter quelque chose \u00e0 leur quotidien: \u00e9nergie, vitalit\u00e9 et bien-\u00eatre! Pi\u00f9Life s\u00e9lectionne les meilleures mati\u00e8res premi\u00e8res et r\u00e9alise ses compl\u00e9ments exclusivement en Italie, selon les standards de qualit\u00e9 les plus \u00e9lev\u00e9s du Made in Italy. \u00c9quilibre [&hellip;]<\/p>\n","protected":false},"featured_media":28920,"comment_status":"open","ping_status":"closed","template":"","meta":{"_gspb_post_css":"","om_disable_all_campaigns":false,"_monsterinsights_skip_tracking":false,"_monsterinsights_sitenote_active":false,"_monsterinsights_sitenote_note":"","_monsterinsights_sitenote_category":0},"store":[],"product_brand":[],"product_cat":[156],"product_tag":[2821,223,445,198,948,568,442,455,915,1713,448,541,774,990,1446,1722,456,542,172],"class_list":{"0":"post-28919","1":"product","2":"type-product","3":"status-publish","4":"has-post-thumbnail","6":"product_cat-foie-drainage","7":"product_tag-200mg","8":"product_tag-antioxidant","9":"product_tag-artichoke","10":"product_tag-capsules","11":"product_tag-daily","12":"product_tag-dandelion","13":"product_tag-detox","14":"product_tag-extra","15":"product_tag-fast","16":"product_tag-intestine","17":"product_tag-liver","18":"product_tag-milk","19":"product_tag-piulife","20":"product_tag-powerful","21":"product_tag-purifying","22":"product_tag-silymarin","23":"product_tag-strong","24":"product_tag-thistle","25":"product_tag-zinc","27":"first","28":"instock","29":"shipping-taxable","30":"product-type-external"},"aioseo_notices":[],"jetpack_sharing_enabled":true,"_links":{"self":[{"href":"https:\/\/www.zolattitude.com\/index.php\/wp-json\/wp\/v2\/product\/28919","targetHints":{"allow":["GET"]}}],"collection":[{"href":"https:\/\/www.zolattitude.com\/index.php\/wp-json\/wp\/v2\/product"}],"about":[{"href":"https:\/\/www.zolattitude.com\/index.php\/wp-json\/wp\/v2\/types\/product"}],"replies":[{"embeddable":true,"href":"https:\/\/www.zolattitude.com\/index.php\/wp-json\/wp\/v2\/comments?post=28919"}],"wp:featuredmedia":[{"embeddable":true,"href":"https:\/\/www.zolattitude.com\/index.php\/wp-json\/wp\/v2\/media\/28920"}],"wp:attachment":[{"href":"https:\/\/www.zolattitude.com\/index.php\/wp-json\/wp\/v2\/media?parent=28919"}],"wp:term":[{"taxonomy":"store","embeddable":true,"href":"https:\/\/www.zolattitude.com\/index.php\/wp-json\/wp\/v2\/store?post=28919"},{"taxonomy":"product_brand","embeddable":true,"href":"https:\/\/www.zolattitude.com\/index.php\/wp-json\/wp\/v2\/product_brand?post=28919"},{"taxonomy":"product_cat","embeddable":true,"href":"https:\/\/www.zolattitude.com\/index.php\/wp-json\/wp\/v2\/product_cat?post=28919"},{"taxonomy":"product_tag","embeddable":true,"href":"https:\/\/www.zolattitude.com\/index.php\/wp-json\/wp\/v2\/product_tag?post=28919"}],"curies":[{"name":"wp","href":"https:\/\/api.w.org\/{rel}","templated":true}]}}