{"id":29031,"date":"2026-04-27T00:18:57","date_gmt":"2026-04-27T00:18:57","guid":{"rendered":"https:\/\/www.zolattitude.com\/index.php\/product\/magnesium-bisglycinate-fights-fatigue-irritability-stress-vitamin-b6-contributes-to-normal-muscle-function-90-capsules-i-vegan-i-made-in-france-valebio\/"},"modified":"2026-04-27T00:19:12","modified_gmt":"2026-04-27T00:19:12","slug":"magnesium-bisglycinate-fights-fatigue-irritability-stress-vitamin-b6-contributes-to-normal-muscle-function-90-capsules-i-vegan-i-made-in-france-valebio","status":"publish","type":"product","link":"https:\/\/www.zolattitude.com\/index.php\/product\/magnesium-bisglycinate-fights-fatigue-irritability-stress-vitamin-b6-contributes-to-normal-muscle-function-90-capsules-i-vegan-i-made-in-france-valebio\/","title":{"rendered":"Magnesium Bisglycinate | Fights Fatigue, Irritability &#038; Stress | Vitamin B6 | Contributes to Normal Muscle Function | 90 Capsules I Vegan I Made in France | Valebio"},"content":{"rendered":"<p>Price: <span style=\"color:#b12704\">\u20ac17.90<\/span><br \/><i><small>(as of Apr 27, 2026 00:18:58 UTC &#8211; <span class=\"wp_automatic_amazon_disclaimer\" title=\"Product prices and availability are accurate as of the date\/time indicated and are subject to change. Any price and availability information displayed on [relevant Amazon Site(s), as applicable] at the time of purchase will apply to the purchase of this product.\">Details<\/span>)<\/small><\/i><br \/><a href=\"https:\/\/amazon.fr\/dp\/B0CJY6CYFP?tag=onamzmoukoubl-21\"><img decoding=\"async\" src=\"https:\/\/valvepress.s3.amazonaws.com\/imgs\/buy_now.png\"><\/a><br \/>\n<\/p>\n<p>                                                 From the brand   <\/p>\n<p>                                              <img decoding=\"async\" alt=\"tenue par la main d&amp;#39;une femme. Capsule dor\u00e9e avec le logo Valerio visible. Le texte d\u00e9crit le produit comme un compl\u00e9ment de soin de la peau naturel, efficace et responsable.\" src=\"https:\/\/images-na.ssl-images-amazon.com\/images\/G\/01\/x-locale\/common\/grey-pixel.gif\" class=\"a-lazy-loaded\" data-src=\"https:\/\/m.media-amazon.com\/images\/S\/aplus-media-library-service-media\/72cbb8e1-ac3c-43af-b9b3-0d5f3cdd3bd7.__CR0,0,4393,1875_PT0_SX1464_V1___.png\"><img decoding=\"async\" alt=\"tenue par la main d&amp;#39;une femme. Capsule dor\u00e9e avec le logo Valerio visible. Le texte d\u00e9crit le produit comme un compl\u00e9ment de soin de la peau naturel, efficace et responsable.\" src=\"https:\/\/m.media-amazon.com\/images\/S\/aplus-media-library-service-media\/72cbb8e1-ac3c-43af-b9b3-0d5f3cdd3bd7.__CR0,0,4393,1875_PT0_SX1464_V1___.png\">  <\/p>\n<h3> D\u00c9COUVRIR LES PRODUITS <\/h3>\n<p class=\"apm-brand-story-stores-link\">\n<p>                                              <img decoding=\"async\" alt=\"Femme en maillot de bain rouge tenant un sachet blanc \u00e9tiquet\u00e9 \u00ab minceur hachoir \u00bb pr\u00e8s d&amp;#39;une piscine. Le texte ci-dessous se lit comme suit : \u00ab Avec Morosil, controlez votre\" src=\"https:\/\/images-na.ssl-images-amazon.com\/images\/G\/01\/x-locale\/common\/grey-pixel.gif\" class=\"a-lazy-loaded\" data-src=\"https:\/\/m.media-amazon.com\/images\/S\/aplus-media-library-service-media\/b10d6da9-2bc4-422f-a199-882e9d79536c.__CR0,0,1087,1360_PT0_SX362_V1___.jpg\"><img decoding=\"async\" alt=\"Femme en maillot de bain rouge tenant un sachet blanc \u00e9tiquet\u00e9 \u00ab minceur hachoir \u00bb pr\u00e8s d&amp;#39;une piscine. Le texte ci-dessous se lit comme suit : \u00ab Avec Morosil, controlez votre\" src=\"https:\/\/m.media-amazon.com\/images\/S\/aplus-media-library-service-media\/b10d6da9-2bc4-422f-a199-882e9d79536c.__CR0,0,1087,1360_PT0_SX362_V1___.jpg\">  <\/p>\n<h3> D\u00c9COUVRIR LES PRODUITS <\/h3>\n<p class=\"apm-brand-story-stores-link\">\n<p>                                              <img decoding=\"async\" alt=\"Trois sachets de poudre de collag\u00e8ne de diff\u00e9rentes saveurs. Femme tenant un verre avec une boisson rose. Le texte mentionne \u00ab 3 saveurs gourmandes pour une efficacit\u00e9 optimale \u00bb en fran\u00e7ais.\" src=\"https:\/\/images-na.ssl-images-amazon.com\/images\/G\/01\/x-locale\/common\/grey-pixel.gif\" class=\"a-lazy-loaded\" data-src=\"https:\/\/m.media-amazon.com\/images\/S\/aplus-media-library-service-media\/4f706da0-dafe-4592-8edb-bad6ea8e2918.__CR0,0,1087,1360_PT0_SX362_V1___.jpg\"><img decoding=\"async\" alt=\"Trois sachets de poudre de collag\u00e8ne de diff\u00e9rentes saveurs. Femme tenant un verre avec une boisson rose. Le texte mentionne \u00ab 3 saveurs gourmandes pour une efficacit\u00e9 optimale \u00bb en fran\u00e7ais.\" src=\"https:\/\/m.media-amazon.com\/images\/S\/aplus-media-library-service-media\/4f706da0-dafe-4592-8edb-bad6ea8e2918.__CR0,0,1087,1360_PT0_SX362_V1___.jpg\">  <\/p>\n<h3> D\u00c9COUVRIR LES PRODUITS <\/h3>\n<p class=\"apm-brand-story-stores-link\">\n<p>                                              <img decoding=\"async\" alt=\"Gros plan d&amp;#39;une femme aux cheveux blonds portant une petite boucle d&amp;#39;oreille. Le texte en fran\u00e7ais traite des produits propres, des prix \u00e9quitables et de la conscience environnementale.\" src=\"https:\/\/images-na.ssl-images-amazon.com\/images\/G\/01\/x-locale\/common\/grey-pixel.gif\" class=\"a-lazy-loaded\" data-src=\"https:\/\/m.media-amazon.com\/images\/S\/aplus-media-library-service-media\/6e339c11-700f-4ef6-929e-29d20a69889c.__CR0,0,1087,1360_PT0_SX362_V1___.jpg\"><img decoding=\"async\" alt=\"Gros plan d&amp;#39;une femme aux cheveux blonds portant une petite boucle d&amp;#39;oreille. Le texte en fran\u00e7ais traite des produits propres, des prix \u00e9quitables et de la conscience environnementale.\" src=\"https:\/\/m.media-amazon.com\/images\/S\/aplus-media-library-service-media\/6e339c11-700f-4ef6-929e-29d20a69889c.__CR0,0,1087,1360_PT0_SX362_V1___.jpg\">  <\/p>\n<p>                                              <img decoding=\"async\" alt=\"en fran\u00e7ais. Caract\u00e9ristiques de la liste : laboratoire fran\u00e7ais, disponible dans plus de 300 pharmacies, produits propres et \u00e9coresponsables, formules valid\u00e9es par un r\u00e9seau d&amp;#39;experts comprenant des professionnels de sant\u00e9\" src=\"https:\/\/images-na.ssl-images-amazon.com\/images\/G\/01\/x-locale\/common\/grey-pixel.gif\" class=\"a-lazy-loaded\" data-src=\"https:\/\/m.media-amazon.com\/images\/S\/aplus-media-library-service-media\/072f64c5-10a7-47ba-8397-898e26fe8822.__CR3,0,1087,1360_PT0_SX362_V1___.jpg\"><img decoding=\"async\" alt=\"en fran\u00e7ais. Caract\u00e9ristiques de la liste : laboratoire fran\u00e7ais, disponible dans plus de 300 pharmacies, produits propres et \u00e9coresponsables, formules valid\u00e9es par un r\u00e9seau d&amp;#39;experts comprenant des professionnels de sant\u00e9\" src=\"https:\/\/m.media-amazon.com\/images\/S\/aplus-media-library-service-media\/072f64c5-10a7-47ba-8397-898e26fe8822.__CR3,0,1087,1360_PT0_SX362_V1___.jpg\">  <\/p>\n<p> Product Dimensions                                            \u200f                                            :                                            \u200e                                            5.5 x 18.5 x 11 cm; 70 g   <br \/> Manufacturer                                            \u200f                                            :                                            \u200e                                            Valebio   <br \/> ASIN                                            \u200f                                            :                                            \u200e                                            B0CJY6CYFP   <br \/>  Customer reviews:                                                                                            4.4               4.4 out of 5 stars                                  (17)                                              var dpAcrHasRegisteredArcLinkClickAction;                    P.when(&#8216;A&#8217;, &#8216;ready&#8217;).execute(function(A) {                        if (dpAcrHasRegisteredArcLinkClickAction !== true) {                            dpAcrHasRegisteredArcLinkClickAction = true;                            A.declarative(                                &#8216;acrLink-click-metrics&#8217;, &#8216;click&#8217;,                                { &#8220;allowLinkDefault&#8221;: true },                                function (event) {                                    if (window.ue) {                                        ue.count(&#8220;acrLinkClickCount&#8221;, (ue.count(&#8220;acrLinkClickCount&#8221;) || 0) + 1);                                    }                                }                            );                        }                    });                                             P.when(&#8216;A&#8217;, &#8216;cf&#8217;).execute(function(A) {                A.declarative(&#8216;acrStarsLink-click-metrics&#8217;, &#8216;click&#8217;, { &#8220;allowLinkDefault&#8221; : true },  function(event){                    if(window.ue) {                        ue.count(&#8220;acrStarsLinkWithPopoverClickCount&#8221;, (ue.count(&#8220;acrStarsLinkWithPopoverClickCount&#8221;) || 0) + 1);                    }                });            });                          <br \/>REDUCES STRESS, ANXIETY AND IRRITABILITABILITY: Valebio Magnesium Bisglycinate is your mental wellness ally. Its highly bioavailable formulation works synergistically with your nervous system, helping to regulate stress responses. By promoting the balance of neurotransmitters, it helps to alleviate anxiety, soothe irritability and give you a feeling of inner calm.<br \/>RELAXING AND REVITALIZING EFFECT: This magnesium supplement also targets muscle tension, providing welcome relief. Thanks to its relaxing action, it promotes relaxation of contracted muscle fibers. Whether after an intense day or following physical exertion, magnesium bisglycinate soothes muscles, allowing you to feel more relaxed and revitalized.<br \/>ENERGY SOURCE AND CLARITY OF MIND: By choosing Valebio Magnesium Bisglycinate, you opt for a natural source of energy. It acts as an essential cofactor in the production of ATP, the body&#8217;s main energy molecule. Thus, it helps you fight fatigue and maintain constant vitality. You can approach your days with renewed energy and clarity of mind.<br \/>BEST ABSORPTION: Buffered Albion Chelated Magnesium Bisglycinate is known for its exceptional bioavailability. This particular form of magnesium ensures optimal absorption by the body (> marine magnesium), ensuring that you take full advantage of its benefits. You benefit from a targeted and effective action on your mental and muscle health.<br \/>CURE 1 TO 3 MONTHS AND MANUFACTURING IN FRANCE: Take 1 to 3 capsules per day during a meal. Valebio magnesium bisglycinate is made in France.<\/p>\n\n","protected":false},"excerpt":{"rendered":"<p> From the brand D\u00c9COUVRIR LES PRODUITS D\u00c9COUVRIR LES PRODUITS D\u00c9COUVRIR LES PRODUITS Product Dimensions \u200f : \u200e 5.5 x 18.5 x 11 cm; 70 g Manufacturer \u200f : \u200e Valebio ASIN \u200f : \u200e B0CJY6CYFP Customer reviews: 4.4 4.4 out of 5 stars (17) var dpAcrHasRegisteredArcLinkClickAction; P.when(&#8216;A&#8217;, &#8216;ready&#8217;).execute(function(A) { if [&hellip;]<\/p>\n","protected":false},"featured_media":29032,"comment_status":"open","ping_status":"closed","template":"","meta":{"_gspb_post_css":"","om_disable_all_campaigns":false,"_monsterinsights_skip_tracking":false,"_monsterinsights_sitenote_active":false,"_monsterinsights_sitenote_note":"","_monsterinsights_sitenote_category":0},"store":[],"product_brand":[],"product_cat":[152],"product_tag":[293,198,1246,270,508,201,909,400,287,1403,335,278,1813,261,178],"class_list":{"0":"post-29031","1":"product","2":"type-product","3":"status-publish","4":"has-post-thumbnail","6":"product_cat-magnesium-marin","7":"product_tag-bisglycinate","8":"product_tag-capsules","9":"product_tag-contributes","10":"product_tag-fatigue","11":"product_tag-fights","12":"product_tag-france","13":"product_tag-function","14":"product_tag-irritability","15":"product_tag-magnesium","16":"product_tag-muscle","17":"product_tag-normal","18":"product_tag-stress","19":"product_tag-valebio","20":"product_tag-vegan","21":"product_tag-vitamin","23":"first","24":"instock","25":"shipping-taxable","26":"product-type-external"},"aioseo_notices":[],"jetpack_sharing_enabled":true,"_links":{"self":[{"href":"https:\/\/www.zolattitude.com\/index.php\/wp-json\/wp\/v2\/product\/29031","targetHints":{"allow":["GET"]}}],"collection":[{"href":"https:\/\/www.zolattitude.com\/index.php\/wp-json\/wp\/v2\/product"}],"about":[{"href":"https:\/\/www.zolattitude.com\/index.php\/wp-json\/wp\/v2\/types\/product"}],"replies":[{"embeddable":true,"href":"https:\/\/www.zolattitude.com\/index.php\/wp-json\/wp\/v2\/comments?post=29031"}],"wp:featuredmedia":[{"embeddable":true,"href":"https:\/\/www.zolattitude.com\/index.php\/wp-json\/wp\/v2\/media\/29032"}],"wp:attachment":[{"href":"https:\/\/www.zolattitude.com\/index.php\/wp-json\/wp\/v2\/media?parent=29031"}],"wp:term":[{"taxonomy":"store","embeddable":true,"href":"https:\/\/www.zolattitude.com\/index.php\/wp-json\/wp\/v2\/store?post=29031"},{"taxonomy":"product_brand","embeddable":true,"href":"https:\/\/www.zolattitude.com\/index.php\/wp-json\/wp\/v2\/product_brand?post=29031"},{"taxonomy":"product_cat","embeddable":true,"href":"https:\/\/www.zolattitude.com\/index.php\/wp-json\/wp\/v2\/product_cat?post=29031"},{"taxonomy":"product_tag","embeddable":true,"href":"https:\/\/www.zolattitude.com\/index.php\/wp-json\/wp\/v2\/product_tag?post=29031"}],"curies":[{"name":"wp","href":"https:\/\/api.w.org\/{rel}","templated":true}]}}