{"id":29060,"date":"2026-04-27T01:09:22","date_gmt":"2026-04-27T01:09:22","guid":{"rendered":"https:\/\/www.zolattitude.com\/index.php\/product\/aragan-synactif-menoactive-menoactive-menopause-supplement-heat-and-fatigue-flashes-organic-pollen-organic-poppy-and-organic-goji-60-capsules-2-months-taken-made-in-france\/"},"modified":"2026-04-27T01:09:30","modified_gmt":"2026-04-27T01:09:30","slug":"aragan-synactif-menoactive-menoactive-menopause-supplement-heat-and-fatigue-flashes-organic-pollen-organic-poppy-and-organic-goji-60-capsules-2-months-taken-made-in-france","status":"publish","type":"product","link":"https:\/\/www.zolattitude.com\/index.php\/product\/aragan-synactif-menoactive-menoactive-menopause-supplement-heat-and-fatigue-flashes-organic-pollen-organic-poppy-and-organic-goji-60-capsules-2-months-taken-made-in-france\/","title":{"rendered":"ARAGAN Synactif Menoactive Menoactive Menopause Supplement Heat and Fatigue Flashes &#8211; Organic Pollen, Organic Poppy and Organic Goji &#8211; 60 Capsules &#8211; 2 Months Taken &#8211; Made in France"},"content":{"rendered":"<p>Price: <span style=\"color:#b12704\">\u20ac27.90<\/span><br \/><i><small>(as of Apr 27, 2026 01:09:22 UTC &#8211; <span class=\"wp_automatic_amazon_disclaimer\" title=\"Product prices and availability are accurate as of the date\/time indicated and are subject to change. Any price and availability information displayed on [relevant Amazon Site(s), as applicable] at the time of purchase will apply to the purchase of this product.\">Details<\/span>)<\/small><\/i><br \/><a href=\"https:\/\/amazon.fr\/dp\/B09CV479B4?tag=onamzmoukoubl-21\"><img decoding=\"async\" src=\"https:\/\/valvepress.s3.amazonaws.com\/imgs\/buy_now.png\"><\/a><br \/>\n<\/p>\n<p>                                                 Product Description   <\/p>\n<p>                                                  <img decoding=\"async\" alt=\"aragan\" src=\"https:\/\/images-na.ssl-images-amazon.com\/images\/G\/01\/x-locale\/common\/grey-pixel.gif\" class=\"a-lazy-loaded\" data-src=\"https:\/\/m.media-amazon.com\/images\/S\/aplus-media-library-service-media\/4bfa8e61-47ef-4772-9887-b4c93bcb5fc3.__CR0,0,970,300_PT0_SX970_V1___.jpg\"><img decoding=\"async\" alt=\"aragan\" src=\"https:\/\/m.media-amazon.com\/images\/S\/aplus-media-library-service-media\/4bfa8e61-47ef-4772-9887-b4c93bcb5fc3.__CR0,0,970,300_PT0_SX970_V1___.jpg\">  <\/p>\n<h3> L&#8217;expertise Aragan <\/h3>\n<p> Nos complexes s&#8217;inspirent pour cela des m\u00e9canismes naturels du vivant alliant nutriments et souches microbiotiques. &gt; visuel de biomim\u00e9tique <\/p>\n<p>                                                                             <img decoding=\"async\" alt=\"ARAGAN\" src=\"https:\/\/images-na.ssl-images-amazon.com\/images\/G\/01\/x-locale\/common\/grey-pixel.gif\" class=\"a-spacing-base a-lazy-loaded\" data-src=\"https:\/\/m.media-amazon.com\/images\/S\/aplus-media-library-service-media\/0f1cb731-5106-4710-9315-7472898be9b5.__CR0,0,1940,1200_PT0_SX970_V1___.jpg\"><img decoding=\"async\" alt=\"ARAGAN\" src=\"https:\/\/m.media-amazon.com\/images\/S\/aplus-media-library-service-media\/0f1cb731-5106-4710-9315-7472898be9b5.__CR0,0,1940,1200_PT0_SX970_V1___.jpg\">                                                                    <\/p>\n<p>                                                                             <img decoding=\"async\" alt=\"ARAGAN\" src=\"https:\/\/images-na.ssl-images-amazon.com\/images\/G\/01\/x-locale\/common\/grey-pixel.gif\" class=\"a-spacing-base a-lazy-loaded\" data-src=\"https:\/\/m.media-amazon.com\/images\/S\/aplus-media-library-service-media\/893f63f8-4b50-477c-88b7-b9ddbb1e42f9.__CR0,0,970,600_PT0_SX970_V1___.jpg\"><img decoding=\"async\" alt=\"ARAGAN\" src=\"https:\/\/m.media-amazon.com\/images\/S\/aplus-media-library-service-media\/893f63f8-4b50-477c-88b7-b9ddbb1e42f9.__CR0,0,970,600_PT0_SX970_V1___.jpg\">                                                                    <\/p>\n<p>                                                                             <img decoding=\"async\" alt=\"ARAGAN\" src=\"https:\/\/images-na.ssl-images-amazon.com\/images\/G\/01\/x-locale\/common\/grey-pixel.gif\" class=\"a-spacing-base a-lazy-loaded\" data-src=\"https:\/\/m.media-amazon.com\/images\/S\/aplus-media-library-service-media\/0658b8b3-82f4-49c3-ae04-344bc187e636.__CR0,0,1940,1200_PT0_SX970_V1___.jpg\"><img decoding=\"async\" alt=\"ARAGAN\" src=\"https:\/\/m.media-amazon.com\/images\/S\/aplus-media-library-service-media\/0658b8b3-82f4-49c3-ae04-344bc187e636.__CR0,0,1940,1200_PT0_SX970_V1___.jpg\">                                                                    <\/p>\n<p>                                                                             <img decoding=\"async\" alt=\"ARAGAN\" src=\"https:\/\/images-na.ssl-images-amazon.com\/images\/G\/01\/x-locale\/common\/grey-pixel.gif\" class=\"a-spacing-base a-lazy-loaded\" data-src=\"https:\/\/m.media-amazon.com\/images\/S\/aplus-media-library-service-media\/654ff42a-7f6e-45c4-9265-8c0e6a3d123c.__CR0,0,970,600_PT0_SX970_V1___.jpg\"><img decoding=\"async\" alt=\"ARAGAN\" src=\"https:\/\/m.media-amazon.com\/images\/S\/aplus-media-library-service-media\/654ff42a-7f6e-45c4-9265-8c0e6a3d123c.__CR0,0,970,600_PT0_SX970_V1___.jpg\">                                                                    <\/p>\n<p>                                                                             <img decoding=\"async\" alt=\"ARAGAN\" src=\"https:\/\/images-na.ssl-images-amazon.com\/images\/G\/01\/x-locale\/common\/grey-pixel.gif\" class=\"a-spacing-base a-lazy-loaded\" data-src=\"https:\/\/m.media-amazon.com\/images\/S\/aplus-media-library-service-media\/d647c85f-e5ff-4a1c-8140-fddbf51119f3.__CR0,0,970,600_PT0_SX970_V1___.jpg\"><img decoding=\"async\" alt=\"ARAGAN\" src=\"https:\/\/m.media-amazon.com\/images\/S\/aplus-media-library-service-media\/d647c85f-e5ff-4a1c-8140-fddbf51119f3.__CR0,0,970,600_PT0_SX970_V1___.jpg\">                                                                    <\/p>\n<p>                         Add To Basket  <\/p>\n<p>                         Add To Basket  <\/p>\n<p>                             Customer Reviews  <\/p>\n<p>                    4.4 out of 5 stars     93    <\/p>\n<p>                    4.5 out of 5 stars     18    <\/p>\n<p>                             Price  <\/p>\n<p>                                    \u20ac37.85\u20ac37.85                  \u20ac39.06\u20ac39.06                    <\/p>\n<p>                             Action<br \/>\n                                Contribue \u00e0 r\u00e9duire la fatigue et contribue au fonctionnement musculaire normal               Contribue \u00e0 la croissance , au d\u00e9veloppement normal des os, et au fonctionnement normal du syst\u00e8me immunitaire chez les enfants                    <\/p>\n<p> Product Dimensions                                            \u200f                                            :                                            \u200e                                            9 x 3 x 6 cm; 60 g   <br \/> Manufacturer                                            \u200f                                            :                                            \u200e                                            SYNACTIFS   <br \/> ASIN                                            \u200f                                            :                                            \u200e                                            B09CV479B4   <br \/> Item model number                                            \u200f                                            :                                            \u200e                                            Ar2711   <br \/>  Customer reviews:                                                                                            3.8               3.8 out of 5 stars                                  (19)                                              var dpAcrHasRegisteredArcLinkClickAction;                    P.when(&#8216;A&#8217;, &#8216;ready&#8217;).execute(function(A) {                        if (dpAcrHasRegisteredArcLinkClickAction !== true) {                            dpAcrHasRegisteredArcLinkClickAction = true;                            A.declarative(                                &#8216;acrLink-click-metrics&#8217;, &#8216;click&#8217;,                                { &#8220;allowLinkDefault&#8221;: true },                                function (event) {                                    if (window.ue) {                                        ue.count(&#8220;acrLinkClickCount&#8221;, (ue.count(&#8220;acrLinkClickCount&#8221;) || 0) + 1);                                    }                                }                            );                        }                    });                                             P.when(&#8216;A&#8217;, &#8216;cf&#8217;).execute(function(A) {                A.declarative(&#8216;acrStarsLink-click-metrics&#8217;, &#8216;click&#8217;, { &#8220;allowLinkDefault&#8221; : true },  function(event){                    if(window.ue) {                        ue.count(&#8220;acrStarsLinkWithPopoverClickCount&#8221;, (ue.count(&#8220;acrStarsLinkWithPopoverClickCount&#8221;) || 0) + 1);                    }                });            });                          <br \/>MENOPAUSE FOOD SUPPLEMENT: The Menoactive dietary supplement from Aragan helps fight hot flashes, night sweats and general fatigue due to menopause. Its formula based on organic pollen, organic poppy and organic goji also reduces nervousness.<br \/>AGAINST FATIGUE AND HEAT PUFFS: Our food supplement helps fight against the most frequent inconveniences related to menopause. Our Menoactif formula improves well-being during menopause by reducing hot flashes and fatigue thanks to the effect of organic pollen. Organic poppy will have a positive impact on nervousness and sleep disorders.<br \/>A DUO OF ORGANIC ACTIVES: Pollen contributes to the balance of hormonal activity for postmenopausal women. It thus acts on hot flashes and night sweats. Natural sedative, poppy has soothing properties to find sleep and fight insomnia. Together with goji, these organic active ingredients improve the well-being of women during menopause.<br \/>USE: The recommendation for the use of the Menoactive Menoactive Aragan Menopause food supplement based on organic pollen, organic poppy and organic gogi is 1 capsule per day. Take with a glass of water. This pack contains 60 capsules or 2 months of use. Our Menoactif food supplement is made in France in Vend\u00e9e.<br \/>TO DISCOVER ALSO: Aragan offers a range of dietary supplements dedicated to female well-being, including CIRCACTIFS to act on circulation problems or DERMACTIVES To preserve the skin from signs of ageing<\/p>\n\n","protected":false},"excerpt":{"rendered":"<p> Product Description L&#8217;expertise Aragan Nos complexes s&#8217;inspirent pour cela des m\u00e9canismes naturels du vivant alliant nutriments et souches microbiotiques. &gt; visuel de biomim\u00e9tique Add To Basket Add To Basket Customer Reviews 4.4 out of 5 stars 93 4.5 out of 5 stars 18 Price \u20ac37.85\u20ac37.85 \u20ac39.06\u20ac39.06 Action Contribue \u00e0 r\u00e9duire [&hellip;]<\/p>\n","protected":false},"featured_media":29061,"comment_status":"open","ping_status":"closed","template":"","meta":{"_gspb_post_css":"","om_disable_all_campaigns":false,"_monsterinsights_skip_tracking":false,"_monsterinsights_sitenote_active":false,"_monsterinsights_sitenote_note":"","_monsterinsights_sitenote_category":0},"store":[],"product_brand":[],"product_cat":[148],"product_tag":[2543,198,270,5732,201,501,3008,7213,2862,195,238,7081,2340,200,6672],"class_list":{"0":"post-29060","1":"product","2":"type-product","3":"status-publish","4":"has-post-thumbnail","6":"product_cat-superaliments-exotiques","7":"product_tag-aragan","8":"product_tag-capsules","9":"product_tag-fatigue","10":"product_tag-flashes","11":"product_tag-france","12":"product_tag-goji","13":"product_tag-heat","14":"product_tag-menoactive","15":"product_tag-menopause","16":"product_tag-months","17":"product_tag-organic","18":"product_tag-pollen","19":"product_tag-poppy","20":"product_tag-supplement","21":"product_tag-synactif","23":"first","24":"instock","25":"shipping-taxable","26":"product-type-external"},"aioseo_notices":[],"jetpack_sharing_enabled":true,"_links":{"self":[{"href":"https:\/\/www.zolattitude.com\/index.php\/wp-json\/wp\/v2\/product\/29060","targetHints":{"allow":["GET"]}}],"collection":[{"href":"https:\/\/www.zolattitude.com\/index.php\/wp-json\/wp\/v2\/product"}],"about":[{"href":"https:\/\/www.zolattitude.com\/index.php\/wp-json\/wp\/v2\/types\/product"}],"replies":[{"embeddable":true,"href":"https:\/\/www.zolattitude.com\/index.php\/wp-json\/wp\/v2\/comments?post=29060"}],"wp:featuredmedia":[{"embeddable":true,"href":"https:\/\/www.zolattitude.com\/index.php\/wp-json\/wp\/v2\/media\/29061"}],"wp:attachment":[{"href":"https:\/\/www.zolattitude.com\/index.php\/wp-json\/wp\/v2\/media?parent=29060"}],"wp:term":[{"taxonomy":"store","embeddable":true,"href":"https:\/\/www.zolattitude.com\/index.php\/wp-json\/wp\/v2\/store?post=29060"},{"taxonomy":"product_brand","embeddable":true,"href":"https:\/\/www.zolattitude.com\/index.php\/wp-json\/wp\/v2\/product_brand?post=29060"},{"taxonomy":"product_cat","embeddable":true,"href":"https:\/\/www.zolattitude.com\/index.php\/wp-json\/wp\/v2\/product_cat?post=29060"},{"taxonomy":"product_tag","embeddable":true,"href":"https:\/\/www.zolattitude.com\/index.php\/wp-json\/wp\/v2\/product_tag?post=29060"}],"curies":[{"name":"wp","href":"https:\/\/api.w.org\/{rel}","templated":true}]}}