{"id":29210,"date":"2026-04-28T23:37:36","date_gmt":"2026-04-28T23:37:36","guid":{"rendered":"https:\/\/www.zolattitude.com\/index.php\/product\/joint-collagen-pain-ovomet-hyaluronic-acid-protocol-for-skin-bone-and-joint-pain-30-vegetarian-capsules-pure-essence-api-nature\/"},"modified":"2026-04-28T23:37:45","modified_gmt":"2026-04-28T23:37:45","slug":"joint-collagen-pain-ovomet-hyaluronic-acid-protocol-for-skin-bone-and-joint-pain-30-vegetarian-capsules-pure-essence-api-nature","status":"publish","type":"product","link":"https:\/\/www.zolattitude.com\/index.php\/product\/joint-collagen-pain-ovomet-hyaluronic-acid-protocol-for-skin-bone-and-joint-pain-30-vegetarian-capsules-pure-essence-api-nature\/","title":{"rendered":"Joint Collagen &#038; Pain | Ovomet &#038; Hyaluronic Acid | Protocol for Skin, Bone and Joint Pain | 30 Vegetarian Capsules | Pure Essence Api-Nature"},"content":{"rendered":"<p>Price: <span style=\"color:#b12704\">\u20ac17.14<\/span><br \/><i><small>(as of Apr 28, 2026 23:37:36 UTC &#8211; <span class=\"wp_automatic_amazon_disclaimer\" title=\"Product prices and availability are accurate as of the date\/time indicated and are subject to change. Any price and availability information displayed on [relevant Amazon Site(s), as applicable] at the time of purchase will apply to the purchase of this product.\">Details<\/span>)<\/small><\/i><br \/><a href=\"https:\/\/amazon.fr\/dp\/B01N58XF8Y?tag=onamzmoukoubl-21\"><img decoding=\"async\" src=\"https:\/\/valvepress.s3.amazonaws.com\/imgs\/buy_now.png\"><\/a><br \/>\n<\/p>\n<p>                                                 From the brand   <\/p>\n<p>                                              <img decoding=\"async\" alt=\"aplus content image\" src=\"https:\/\/images-na.ssl-images-amazon.com\/images\/G\/01\/x-locale\/common\/grey-pixel.gif\" class=\"a-lazy-loaded\" data-src=\"https:\/\/m.media-amazon.com\/images\/S\/aplus-media-library-service-media\/6c6a08df-763a-4936-bd8f-575a19a7727c.__CR0,0,1464,625_PT0_SX1464_V1___.png\"><img decoding=\"async\" alt=\"aplus content image\" src=\"https:\/\/m.media-amazon.com\/images\/S\/aplus-media-library-service-media\/6c6a08df-763a-4936-bd8f-575a19a7727c.__CR0,0,1464,625_PT0_SX1464_V1___.png\">  <\/p>\n<p>                                              <img decoding=\"async\" alt=\"\" src=\"https:\/\/images-na.ssl-images-amazon.com\/images\/G\/01\/x-locale\/common\/grey-pixel.gif\" class=\"a-lazy-loaded\" data-src=\"https:\/\/m.media-amazon.com\/images\/S\/aplus-media-library-service-media\/f9a5120d-852e-4a91-a40b-a0a75c2cd86d.__CR0,0,630,290_PT0_SX315_V1___.jpg\"><img decoding=\"async\" alt=\"\" src=\"https:\/\/m.media-amazon.com\/images\/S\/aplus-media-library-service-media\/f9a5120d-852e-4a91-a40b-a0a75c2cd86d.__CR0,0,630,290_PT0_SX315_V1___.jpg\">  <\/p>\n<h3> 50 ans d\u2019expertise naturelle <\/h3>\n<p> Depuis 1975, nous d\u00e9veloppons des produits qui allient qualit\u00e9, bien-\u00eatre et respect de la nature. Fid\u00e8les \u00e0 notre vision d\u2019origine, nous cr\u00e9ons des solutions pens\u00e9es pour accompagner les familles au quotidien et inspirer un mode de vie plus sain, durable et connect\u00e9 \u00e0 l\u2019essentiel. <\/p>\n<h3> Achetez nos best-sellers <\/h3>\n<p> Product Dimensions                                            \u200f                                            :                                            \u200e                                            5 x 9 x 5 cm; 110 g   <br \/> Manufacturer                                            \u200f                                            :                                            \u200e                                            Api Nature &#8211; Essence pure   <br \/> ASIN                                            \u200f                                            :                                            \u200e                                            B01N58XF8Y   <br \/> Manufacturer reference                                            \u200f                                            :                                            \u200e                                            M14   <br \/> Country of origin                                            \u200f                                            :                                            \u200e                                            Espa\u00f1a   <br \/>  Customer reviews:                                                                                            4.0               4.0 out of 5 stars                                  (112)                                              var dpAcrHasRegisteredArcLinkClickAction;                    P.when(&#8216;A&#8217;, &#8216;ready&#8217;).execute(function(A) {                        if (dpAcrHasRegisteredArcLinkClickAction !== true) {                            dpAcrHasRegisteredArcLinkClickAction = true;                            A.declarative(                                &#8216;acrLink-click-metrics&#8217;, &#8216;click&#8217;,                                { &#8220;allowLinkDefault&#8221;: true },                                function (event) {                                    if (window.ue) {                                        ue.count(&#8220;acrLinkClickCount&#8221;, (ue.count(&#8220;acrLinkClickCount&#8221;) || 0) + 1);                                    }                                }                            );                        }                    });                                             P.when(&#8216;A&#8217;, &#8216;cf&#8217;).execute(function(A) {                A.declarative(&#8216;acrStarsLink-click-metrics&#8217;, &#8216;click&#8217;, { &#8220;allowLinkDefault&#8221; : true },  function(event){                    if(window.ue) {                        ue.count(&#8220;acrStarsLinkWithPopoverClickCount&#8221;, (ue.count(&#8220;acrStarsLinkWithPopoverClickCount&#8221;) || 0) + 1);                    }                });            });                          <br \/>\u27a1 ALTERNATIVE TO MARINE AND BOVINE COLLAGEN &#8211; Our collagen is derived from the egg membrane, providing a humane vegetarian solution, ideal for those looking to avoid marine or bovine collagen while ensuring the same benefits.<br \/>Collagen joints: Naturally enriched with collagen types I, III, V, X, glucosamine, chondroitin and hyaluronic acid, our formula ensures optimal bioavailability for joints, skin and bone health.<br \/>\ud83c\udf1f FAST AND VISIBLE RESULTS &#8211; Our collagen cure protocol helps you see visible improvements from the first weeks. Feel the difference with brighter skin, softer joints and better bone health.<br \/>Eco-friendly packaging &#8211; Presented in a recyclable amber glass bottle, each vegetarian capsule ensures a sufficient daily dose to support your collagen and hyaluronic acid needs in a sustainable and environmentally friendly way.<br \/>Innovation and nature in harmony &#8211; With over 40 years of experience, Api-Nature selects the purest ingredients, processed in our GMP and HACCP certified facilities, to offer the perfect synergy between nature and technology.<br \/>\n<button id=\"nav-assist-product-summary\" role=\"button\" tabindex=\"-1\" class=\"nav-assistant-menu-item nav-assistant-link-item nav-assistant-keyboard-shortcut-item keyboard-shortcut-menu-container a-color-base a-color-link nav-assistant-link-button\" data-nav-assist-menu-item-index=\"13\" data-behavior=\"activate\" data-actuators='[{\"eventKey\":\"\u00ce\",\"eventCode\":\"KeyD\",\"isShiftRequired\":true},{\"eventKey\":\"\u2122\",\"eventCode\":\"KeyD\",\"isShiftRequired\":true},{\"eventKey\":\"\u2206\",\"eventCode\":\"KeyD\",\"isShiftRequired\":true},{\"eventKey\":\"D\",\"isShiftRequired\":true}]' data-target=\"#pqv-trigger\" data-modal-ignore='[data-cel-widget=\"pqv-dpx-widget-desktop\"]' aria-label=\"Product summary, shift, ALT, d\" aria-describedby=\"nav-assist-shortcut-help\"><\/p>\n<div class=\"keyboard-shortcut-container\" aria-hidden=\"true\">\n          <span class=\"shortcut-name nav-assistant-card-font\">Product summary<\/span><\/p>\n<div class=\"shortcut-keys-container\" dir=\"ltr\">\n              <span class=\"shortcut-key nav-assistant-card-font font-color\">shift<\/span><br \/>\n              <span class=\"plus-sign-color\">+<\/span><br \/>\n              <span class=\"shortcut-key nav-assistant-card-font font-color\">ALT<\/span><br \/>\n              <span class=\"plus-sign-color\">+<\/span><br \/>\n              <span class=\"shortcut-key nav-assistant-card-font font-color\">D<\/span><\/p><\/div>\n<\/p><\/div>\n<p>      <\/button><br \/>\n<br \/><\/p>\n","protected":false},"excerpt":{"rendered":"<p> From the brand 50 ans d\u2019expertise naturelle Depuis 1975, nous d\u00e9veloppons des produits qui allient qualit\u00e9, bien-\u00eatre et respect de la nature. Fid\u00e8les \u00e0 notre vision d\u2019origine, nous cr\u00e9ons des solutions pens\u00e9es pour accompagner les familles au quotidien et inspirer un mode de vie plus sain, durable et connect\u00e9 \u00e0 [&hellip;]<\/p>\n","protected":false},"featured_media":29211,"comment_status":"open","ping_status":"closed","template":"","meta":{"_gspb_post_css":"","om_disable_all_campaigns":false,"_monsterinsights_skip_tracking":false,"_monsterinsights_sitenote_active":false,"_monsterinsights_sitenote_note":"","_monsterinsights_sitenote_category":0},"store":[],"product_brand":[],"product_cat":[137],"product_tag":[188,3402,993,198,168,2259,187,244,4612,1624,7236,213,176,1062],"class_list":{"0":"post-29210","1":"product","2":"type-product","3":"status-publish","4":"has-post-thumbnail","6":"product_cat-collagene-biotine","7":"product_tag-acid","8":"product_tag-apinature","9":"product_tag-bone","10":"product_tag-capsules","11":"product_tag-collagen","12":"product_tag-essence","13":"product_tag-hyaluronic","14":"product_tag-joint","15":"product_tag-ovomet","16":"product_tag-pain","17":"product_tag-protocol","18":"product_tag-pure","19":"product_tag-skin","20":"product_tag-vegetarian","22":"first","23":"instock","24":"shipping-taxable","25":"product-type-external"},"aioseo_notices":[],"jetpack_sharing_enabled":true,"_links":{"self":[{"href":"https:\/\/www.zolattitude.com\/index.php\/wp-json\/wp\/v2\/product\/29210","targetHints":{"allow":["GET"]}}],"collection":[{"href":"https:\/\/www.zolattitude.com\/index.php\/wp-json\/wp\/v2\/product"}],"about":[{"href":"https:\/\/www.zolattitude.com\/index.php\/wp-json\/wp\/v2\/types\/product"}],"replies":[{"embeddable":true,"href":"https:\/\/www.zolattitude.com\/index.php\/wp-json\/wp\/v2\/comments?post=29210"}],"wp:featuredmedia":[{"embeddable":true,"href":"https:\/\/www.zolattitude.com\/index.php\/wp-json\/wp\/v2\/media\/29211"}],"wp:attachment":[{"href":"https:\/\/www.zolattitude.com\/index.php\/wp-json\/wp\/v2\/media?parent=29210"}],"wp:term":[{"taxonomy":"store","embeddable":true,"href":"https:\/\/www.zolattitude.com\/index.php\/wp-json\/wp\/v2\/store?post=29210"},{"taxonomy":"product_brand","embeddable":true,"href":"https:\/\/www.zolattitude.com\/index.php\/wp-json\/wp\/v2\/product_brand?post=29210"},{"taxonomy":"product_cat","embeddable":true,"href":"https:\/\/www.zolattitude.com\/index.php\/wp-json\/wp\/v2\/product_cat?post=29210"},{"taxonomy":"product_tag","embeddable":true,"href":"https:\/\/www.zolattitude.com\/index.php\/wp-json\/wp\/v2\/product_tag?post=29210"}],"curies":[{"name":"wp","href":"https:\/\/api.w.org\/{rel}","templated":true}]}}