{"id":29226,"date":"2026-04-29T00:15:27","date_gmt":"2026-04-29T00:15:27","guid":{"rendered":"https:\/\/www.zolattitude.com\/index.php\/product\/perfect-health-vegan-psyllium-husk-fibres-90-probiotic-fiber-capsules-1500mg-inulin-for-digestion-intestinal-transit-and-gut-health\/"},"modified":"2026-04-29T00:15:36","modified_gmt":"2026-04-29T00:15:36","slug":"perfect-health-vegan-psyllium-husk-fibres-90-probiotic-fiber-capsules-1500mg-inulin-for-digestion-intestinal-transit-and-gut-health","status":"publish","type":"product","link":"https:\/\/www.zolattitude.com\/index.php\/product\/perfect-health-vegan-psyllium-husk-fibres-90-probiotic-fiber-capsules-1500mg-inulin-for-digestion-intestinal-transit-and-gut-health\/","title":{"rendered":"Perfect Health &#8211; Vegan Psyllium Husk Fibres &#8211; 90 Probiotic Fiber Capsules 1500mg &#8211; &#038; Inulin &#8211; For Digestion, Intestinal Transit and Gut Health"},"content":{"rendered":"<p>Price: <span style=\"color:#b12704\">\u20ac25.95<\/span><br \/><i><small>(as of Apr 29, 2026 00:15:27 UTC &#8211; <span class=\"wp_automatic_amazon_disclaimer\" title=\"Product prices and availability are accurate as of the date\/time indicated and are subject to change. Any price and availability information displayed on [relevant Amazon Site(s), as applicable] at the time of purchase will apply to the purchase of this product.\">Details<\/span>)<\/small><\/i><br \/><a href=\"https:\/\/amazon.fr\/dp\/B0BPRHPVHC?tag=onamzmoukoubl-21\"><img decoding=\"async\" src=\"https:\/\/valvepress.s3.amazonaws.com\/imgs\/buy_now.png\"><\/a><br \/>\n<\/p>\n<p>                                                 Product Description   <\/p>\n<p>                                                         <img decoding=\"async\" alt=\"Perfect Health \" src=\"https:\/\/images-na.ssl-images-amazon.com\/images\/G\/01\/x-locale\/common\/grey-pixel.gif\" class=\"a-lazy-loaded\" data-src=\"https:\/\/m.media-amazon.com\/images\/S\/aplus-media-library-service-media\/59b9b890-f204-43b7-b4e3-2edae772d1a8.__CR0,0,600,180_PT0_SX600_V1___.png\"><img decoding=\"async\" alt=\"Perfect Health \" src=\"https:\/\/m.media-amazon.com\/images\/S\/aplus-media-library-service-media\/59b9b890-f204-43b7-b4e3-2edae772d1a8.__CR0,0,600,180_PT0_SX600_V1___.png\">      <\/p>\n<h3 class=\"a-spacing-mini\"> Alaska Omega 3 Forte <\/h3>\n<p>                                          <img decoding=\"async\" alt=\"Fiber Complex\" src=\"https:\/\/images-na.ssl-images-amazon.com\/images\/G\/01\/x-locale\/common\/grey-pixel.gif\" class=\"a-spacing-base a-lazy-loaded\" data-src=\"https:\/\/m.media-amazon.com\/images\/S\/aplus-media-library-service-media\/b7154e07-5e38-4031-a1d6-831e7191a645.__CR0,0,970,600_PT0_SX970_V1___.png\"><img decoding=\"async\" alt=\"Fiber Complex\" src=\"https:\/\/m.media-amazon.com\/images\/S\/aplus-media-library-service-media\/b7154e07-5e38-4031-a1d6-831e7191a645.__CR0,0,970,600_PT0_SX970_V1___.png\">                                         <\/p>\n<h3 class=\"a-spacing-mini\"> \u00c0 propos du complexe de fibres <\/h3>\n<p class=\"a-spacing-base\"> Les fibres sont importantes pour votre sant\u00e9. Ils favorisent vos selles, votre fonction intestinale et votre digestion. Ils donnent une sensation de sati\u00e9t\u00e9 apr\u00e8s avoir mang\u00e9, ce qui aide au contr\u00f4le du poids et sont bons pour votre taux de cholest\u00e9rol. Un apport quotidien suffisant en fibres r\u00e9duit le risque de probl\u00e8mes de sant\u00e9. <\/p>\n<h3 class=\"a-spacing-mini\"> Pourquoi un complexe de fibres ? <\/h3>\n<p class=\"a-spacing-base\"> Les fibres sont importantes pour votre sant\u00e9 ! Ils favorisent vos selles, votre fonction intestinale et votre digestion. Ils rassasient, contribuent \u00e0 la gestion du poids, sont bons pour le cholest\u00e9rol et r\u00e9duisent le risque de probl\u00e8mes de sant\u00e9. <\/p>\n<p class=\"a-spacing-base\"> Il est conseill\u00e9 de consommer 30 \u00e0 40 grammes de fibres par jour. Environ 90 % des N\u00e9erlandais ne consomment pas suffisamment de fibres. \u00c0 partir d\u2019au moins 6 grammes de fibres par jour, les fibres ont un effet b\u00e9n\u00e9fique sur vos selles, vos intestins et votre digestion. Plus c&#8217;est mieux ! <\/p>\n<p class=\"a-spacing-base\"> Fiber Complex est un ajout simple \u00e0 vos besoins quotidiens en fibres. Il contient des fibres de psyllium et d&#8217;inuline. Ce sont les deux fibres les plus puissantes et les plus int\u00e9ressantes ! Transform\u00e9 dans une capsule facile \u00e0 prendre. <\/p>\n<p class=\"apm-text-center\">\n                                                      <img decoding=\"async\" alt=\"Complexe de Fibres\" src=\"https:\/\/images-na.ssl-images-amazon.com\/images\/G\/01\/x-locale\/common\/grey-pixel.gif\" class=\"a-lazy-loaded\" data-src=\"https:\/\/m.media-amazon.com\/images\/S\/aplus-media-library-service-media\/638ef51c-8d3b-4c8d-8b77-1cc0243b3b0d.__CR0,0,220,220_PT0_SX220_V1___.jpg\"><\/p>\n<p><img decoding=\"async\" alt=\"Complexe de Fibres\" src=\"https:\/\/m.media-amazon.com\/images\/S\/aplus-media-library-service-media\/638ef51c-8d3b-4c8d-8b77-1cc0243b3b0d.__CR0,0,220,220_PT0_SX220_V1___.jpg\"><br \/>\n                                                    Le produit en un coup d&#8217;\u0153il                                     <\/p>\n<p class=\"a-size-small\">\n<p>Aide aux selles, aux intestins et \u00e0 la digestionBon pour le cholest\u00e9rol et le contr\u00f4le du poidsFibres d&#8217;enveloppe de psyllium et d&#8217;inuline     <\/p>\n<p class=\"apm-text-center\">\n                                                      <img decoding=\"async\" alt=\"Fibres\" src=\"https:\/\/images-na.ssl-images-amazon.com\/images\/G\/01\/x-locale\/common\/grey-pixel.gif\" class=\"a-lazy-loaded\" data-src=\"https:\/\/m.media-amazon.com\/images\/S\/aplus-media-library-service-media\/706f4fba-c67a-409c-99a2-161832a839f4.__CR0,0,300,300_PT0_SX220_V1___.jpg\"><\/p>\n<p><img decoding=\"async\" alt=\"Fibres\" src=\"https:\/\/m.media-amazon.com\/images\/S\/aplus-media-library-service-media\/706f4fba-c67a-409c-99a2-161832a839f4.__CR0,0,300,300_PT0_SX220_V1___.jpg\"><br \/>\n                                                    30\/90 g\u00e9lules                                     <\/p>\n<p class=\"a-size-small\">\n<p>1 \u00e0 2 comprim\u00e9s par jour, sauf indication contraire d&#8217;un professionnel de la sant\u00e9. Ne d\u00e9passez pas la dose quotidienne recommand\u00e9e.     <\/p>\n<p class=\"apm-text-center\">\n                                                      <img decoding=\"async\" alt=\"Vega\" src=\"https:\/\/images-na.ssl-images-amazon.com\/images\/G\/01\/x-locale\/common\/grey-pixel.gif\" class=\"a-lazy-loaded\" data-src=\"https:\/\/m.media-amazon.com\/images\/S\/aplus-media-library-service-media\/965062b7-360f-496c-9172-6566a50e29cd.__CR0,0,2481,2481_PT0_SX220_V1___.png\"><\/p>\n<p><img decoding=\"async\" alt=\"Vega\" src=\"https:\/\/m.media-amazon.com\/images\/S\/aplus-media-library-service-media\/965062b7-360f-496c-9172-6566a50e29cd.__CR0,0,2481,2481_PT0_SX220_V1___.png\"><br \/>\n                                                     Vega                                     <\/p>\n<p class=\"a-size-small\">\n<p>100% Vega     <\/p>\n<p class=\"apm-text-center\">\n                                                      <img decoding=\"async\" alt=\"Crit\u00e8res de qualit\u00e9 les plus \u00e9lev\u00e9s\" src=\"https:\/\/images-na.ssl-images-amazon.com\/images\/G\/01\/x-locale\/common\/grey-pixel.gif\" class=\"a-lazy-loaded\" data-src=\"https:\/\/m.media-amazon.com\/images\/S\/aplus-media-library-service-media\/8981b5b1-a112-4910-9e03-2f214356173f.__CR215,0,2129,2129_PT0_SX220_V1___.jpg\"><\/p>\n<p><img decoding=\"async\" alt=\"Crit\u00e8res de qualit\u00e9 les plus \u00e9lev\u00e9s\" src=\"https:\/\/m.media-amazon.com\/images\/S\/aplus-media-library-service-media\/8981b5b1-a112-4910-9e03-2f214356173f.__CR215,0,2129,2129_PT0_SX220_V1___.jpg\"><br \/>\n                                                    Crit\u00e8res de qualit\u00e9 les plus \u00e9lev\u00e9s                                     <\/p>\n<p class=\"a-size-small\"> Les compl\u00e9ments nutritionnels Perfect Health r\u00e9pondent aux crit\u00e8res de qualit\u00e9 les plus \u00e9lev\u00e9s: <\/p>\n<p class=\"a-size-small\">\n<p>Dosages scientifiques (optimaux)     <\/p>\n<p>                         Add To Basket  <\/p>\n<p>                         Add To Basket  <\/p>\n<p>                         Add To Basket  <\/p>\n<p>                             Customer Reviews  <\/p>\n<p>                \u2014                                     <\/p>\n<p>                    3.1 out of 5 stars     6    <\/p>\n<p>                \u2014                  <\/p>\n<p>                             Price  <\/p>\n<p>                                    \u20ac13.95\u20ac13.95                  \u20ac11.95\u20ac11.95                  \u20ac19.95\u20ac19.95                 <\/p>\n<p>                             Contenu<br \/>\n                                30\/90 g\u00e9lules               30\/90 g\u00e9lules               30\/90 g\u00e9lules                 <\/p>\n<p>                             action<br \/>\n                                30\/90 jours               30\/90 jours               30\/90 jours                 <\/p>\n<p>                             Ingr\u00e9dients<br \/>\n                                Extrait d&#8217;huile de poisson durable, EPA, DHA et vitamine E naturelle.                Vitamine D3 contenue dans l&#8217;huile d&#8217;olive.               Fibre de psyllium, inuline, capsule (hypromellose), acide st\u00e9arique v\u00e9g\u00e9tal.                 <\/p>\n<p>                             Caract\u00e9ristiques du produit<br \/>\n                                Bon pour les selles, la digestion, les intestins et le cholest\u00e9rol.               Bon pour les selles, la digestion, les intestins et le cholest\u00e9rol.               Bon pour les selles, la digestion, les intestins et le cholest\u00e9rol.                 <\/p>\n<p>                             V\u00e9g\u00e9talien  <\/p>\n<p>                                              \u2713<\/p>\n<p>                                              \u2713<\/p>\n<p>                                              \u2713<\/p>\n<p>                             Tr\u00e8s dos\u00e9  <\/p>\n<p>                                              \u2713<\/p>\n<p>                                              \u2713<\/p>\n<p>                                              \u2713<\/p>\n<p> Product Dimensions                                            \u200f                                            :                                            \u200e                                            12 x 17 x 1.5 cm; 100 g   <br \/> Manufacturer                                            \u200f                                            :                                            \u200e                                            Perfect Health   <br \/> ASIN                                            \u200f                                            :                                            \u200e                                            B0BPRHPVHC   <br \/> Manufacturer reference                                            \u200f                                            :                                            \u200e                                            KV10125   <br \/>Gut Health Enhanced with Probiotic Fibers: Soluble fiber acts like prebiotics, nourishing the gut flora and supporting digestive health and the absorption of essential nutrients.<br \/>Improvement of intestinal transit with Perfect Health: Formulated with 80% psyllium and 20% inulin, this supplement promotes regular transit and healthy digestion thanks to natural and powerful fibers.<br \/>Cholesterol and natural satiety management: This supplement helps reduce cholesterol while providing a prolonged feeling of fullness, ideal for maintaining a balanced weight and a healthy lifestyle.<br \/>High-quality vegan fibres in practical capsules: A clean label formula, 100% vegan, without unnecessary additives. A simple and effective way to increase your daily fiber intake.<br \/>Easy to integrate into your daily routine: The capsules are easy to swallow and perfectly suitable for regular use. Remember to drink enough water for optimal efficiency.<br \/>\n<button id=\"nav-assist-product-summary\" role=\"button\" tabindex=\"-1\" class=\"nav-assistant-menu-item nav-assistant-link-item nav-assistant-keyboard-shortcut-item keyboard-shortcut-menu-container a-color-base a-color-link nav-assistant-link-button\" data-nav-assist-menu-item-index=\"13\" data-behavior=\"activate\" data-actuators='[{\"eventKey\":\"\u00ce\",\"eventCode\":\"KeyD\",\"isShiftRequired\":true},{\"eventKey\":\"\u2122\",\"eventCode\":\"KeyD\",\"isShiftRequired\":true},{\"eventKey\":\"\u2206\",\"eventCode\":\"KeyD\",\"isShiftRequired\":true},{\"eventKey\":\"D\",\"isShiftRequired\":true}]' data-target=\"#pqv-trigger\" data-modal-ignore='[data-cel-widget=\"pqv-dpx-widget-desktop\"]' aria-label=\"Product summary, shift, ALT, d\" aria-describedby=\"nav-assist-shortcut-help\"><\/p>\n<div class=\"keyboard-shortcut-container\" aria-hidden=\"true\">\n          <span class=\"shortcut-name nav-assistant-card-font\">Product summary<\/span><\/p>\n<div class=\"shortcut-keys-container\" dir=\"ltr\">\n              <span class=\"shortcut-key nav-assistant-card-font font-color\">shift<\/span><br \/>\n              <span class=\"plus-sign-color\">+<\/span><br \/>\n              <span class=\"shortcut-key nav-assistant-card-font font-color\">ALT<\/span><br \/>\n              <span class=\"plus-sign-color\">+<\/span><br \/>\n              <span class=\"shortcut-key nav-assistant-card-font font-color\">D<\/span><\/p><\/div>\n<\/p><\/div>\n<p>      <\/button><br \/>\n<br \/><\/p>\n","protected":false},"excerpt":{"rendered":"<p> Product Description Alaska Omega 3 Forte \u00c0 propos du complexe de fibres Les fibres sont importantes pour votre sant\u00e9. Ils favorisent vos selles, votre fonction intestinale et votre digestion. Ils donnent une sensation de sati\u00e9t\u00e9 apr\u00e8s avoir mang\u00e9, ce qui aide au contr\u00f4le du poids et sont bons pour votre [&hellip;]<\/p>\n","protected":false},"featured_media":29227,"comment_status":"open","ping_status":"closed","template":"","meta":{"_gspb_post_css":"","om_disable_all_campaigns":false,"_monsterinsights_skip_tracking":false,"_monsterinsights_sitenote_active":false,"_monsterinsights_sitenote_note":"","_monsterinsights_sitenote_category":0},"store":[],"product_brand":[],"product_cat":[154],"product_tag":[2933,198,437,1492,547,1429,245,5864,434,1003,1969,433,3839,548,261],"class_list":{"0":"post-29226","1":"product","2":"type-product","3":"status-publish","4":"has-post-thumbnail","6":"product_cat-sante-intestinale","7":"product_tag-1500mg","8":"product_tag-capsules","9":"product_tag-digestion","10":"product_tag-fiber","11":"product_tag-fibres","12":"product_tag-gut","13":"product_tag-health","14":"product_tag-husk","15":"product_tag-intestinal","16":"product_tag-inulin","17":"product_tag-perfect","18":"product_tag-probiotic","19":"product_tag-psyllium","20":"product_tag-transit","21":"product_tag-vegan","23":"first","24":"instock","25":"shipping-taxable","26":"product-type-external"},"aioseo_notices":[],"jetpack_sharing_enabled":true,"_links":{"self":[{"href":"https:\/\/www.zolattitude.com\/index.php\/wp-json\/wp\/v2\/product\/29226","targetHints":{"allow":["GET"]}}],"collection":[{"href":"https:\/\/www.zolattitude.com\/index.php\/wp-json\/wp\/v2\/product"}],"about":[{"href":"https:\/\/www.zolattitude.com\/index.php\/wp-json\/wp\/v2\/types\/product"}],"replies":[{"embeddable":true,"href":"https:\/\/www.zolattitude.com\/index.php\/wp-json\/wp\/v2\/comments?post=29226"}],"wp:featuredmedia":[{"embeddable":true,"href":"https:\/\/www.zolattitude.com\/index.php\/wp-json\/wp\/v2\/media\/29227"}],"wp:attachment":[{"href":"https:\/\/www.zolattitude.com\/index.php\/wp-json\/wp\/v2\/media?parent=29226"}],"wp:term":[{"taxonomy":"store","embeddable":true,"href":"https:\/\/www.zolattitude.com\/index.php\/wp-json\/wp\/v2\/store?post=29226"},{"taxonomy":"product_brand","embeddable":true,"href":"https:\/\/www.zolattitude.com\/index.php\/wp-json\/wp\/v2\/product_brand?post=29226"},{"taxonomy":"product_cat","embeddable":true,"href":"https:\/\/www.zolattitude.com\/index.php\/wp-json\/wp\/v2\/product_cat?post=29226"},{"taxonomy":"product_tag","embeddable":true,"href":"https:\/\/www.zolattitude.com\/index.php\/wp-json\/wp\/v2\/product_tag?post=29226"}],"curies":[{"name":"wp","href":"https:\/\/api.w.org\/{rel}","templated":true}]}}